-- Table structure for table `crypto_currencies`
--

CREATE TABLE `crypto_currencies` (
  `id` bigint UNSIGNED NOT NULL,
  `name` varchar(191) COLLATE utf8mb4_unicode_ci NOT NULL,
  `symbol` varchar(191) COLLATE utf8mb4_unicode_ci DEFAULT NULL,
  `price_in_usd` varchar(191) COLLATE utf8mb4_unicode_ci DEFAULT NULL,
  `price_in_token` varchar(191) COLLATE utf8mb4_unicode_ci DEFAULT NULL,
  `status` varchar(191) COLLATE utf8mb4_unicode_ci NOT NULL DEFAULT 'active',
  `is_default` tinyint(1) NOT NULL DEFAULT '0',
  `created_at` timestamp NULL DEFAULT NULL,
  `updated_at` timestamp NULL DEFAULT NULL,
  `logo_url` varchar(255) COLLATE utf8mb4_unicode_ci DEFAULT NULL,
  `logo_size` bigint DEFAULT NULL
) ENGINE=InnoDB DEFAULT CHARSET=utf8mb4 COLLATE=utf8mb4_unicode_ci;

--
-- Dumping data for table `crypto_currencies`
--

INSERT INTO `crypto_currencies` (`id`, `name`, `symbol`, `price_in_usd`, `price_in_token`, `status`, `is_default`, `created_at`, `updated_at`, `logo_url`, `logo_size`) VALUES
(1, 'Stellar', 'XLM', '0.24702', NULL, 'active', 1, '2024-02-21 02:11:07', '2025-04-13 01:35:53', 'https://img.icons8.com/ios/50/000000/stellar.png', 30),
(2, 'Ripple', 'XRP', '2.16173', NULL, 'active', 1, '2024-02-21 02:10:55', '2025-04-13 01:35:13', 'https://img.icons8.com/fluency/48/000000/ripple.png', 30),
(3, 'Ada', 'ADA', '0.65084', NULL, 'active', 1, '2024-02-21 02:11:15', '2025-04-13 01:35:17', 'https://s2.coinmarketcap.com/static/img/coins/64x64/2010.png', 30),
(4, 'Binance Coin', 'BNB', '592.74', NULL, 'active', 1, '2024-02-21 02:10:18', '2025-04-13 01:35:21', 'https://s2.coinmarketcap.com/static/img/coins/64x64/1839.png', 27),
(5, 'Bitcoin Cash', 'BCH', '340.49', NULL, 'active', 1, '2024-02-21 02:10:44', '2025-04-13 01:36:15', 'https://img.icons8.com/material-sharp/24/000000/bitcoin.png', 30),
(6, 'USDT (Tether)', 'USDT', '1', NULL, 'active', 1, '2024-02-21 02:10:31', '2024-03-16 00:15:37', 'https://img.icons8.com/color/48/000000/tether--v2.png', 30),
(7, 'Litecoin', 'LTC', '78.71', NULL, 'active', 1, '2024-02-21 02:10:06', '2025-04-13 01:36:26', 'https://img.icons8.com/fluency/48/000000/litecoin.png', 30),
(8, 'Ethereum', 'ETH', '1642.1', NULL, 'active', 1, '2024-02-21 02:09:57', '2025-04-13 01:36:31', 'https://img.icons8.com/fluency/48/000000/ethereum.png', 30),
(9, 'Bitcoin', 'BTC', '85693', NULL, 'active', 1, '2024-02-21 02:09:29', '2025-04-13 01:36:36', 'https://img.icons8.com/color/48/000000/bitcoin--v1.png', 30);

-- --------------------------------------------------------

--
-- Table structure for table `crypto_records`
--

CREATE TABLE `crypto_records` (
  `id` bigint UNSIGNED NOT NULL,
  `user_id` bigint UNSIGNED NOT NULL,
  `source` varchar(255) COLLATE utf8mb4_unicode_ci DEFAULT NULL,
  `dest` varchar(255) COLLATE utf8mb4_unicode_ci DEFAULT NULL,
  `amount` varchar(255) COLLATE utf8mb4_unicode_ci DEFAULT NULL,
  `quantity` varchar(255) COLLATE utf8mb4_unicode_ci DEFAULT NULL,
  `created_at` timestamp NULL DEFAULT NULL,
  `updated_at` timestamp NULL DEFAULT NULL
) ENGINE=InnoDB DEFAULT CHARSET=utf8mb4 COLLATE=utf8mb4_unicode_ci;

-- --------------------------------------------------------

--
-- Table structure for table `deposits`
--

CREATE TABLE `deposits` (
  `id` bigint UNSIGNED NOT NULL,
  `transaction_id` varchar(255) COLLATE utf8mb4_unicode_ci DEFAULT NULL,
  `user_id` bigint UNSIGNED NOT NULL,
  `amount` varchar(255) COLLATE utf8mb4_unicode_ci NOT NULL,
  `payment_mode` varchar(255) COLLATE utf8mb4_unicode_ci DEFAULT NULL,
  `proof` varchar(255) COLLATE utf8mb4_unicode_ci DEFAULT NULL,
  `status` varchar(255) COLLATE utf8mb4_unicode_ci DEFAULT NULL,
  `created_at` timestamp NULL DEFAULT NULL,
  `updated_at` timestamp NULL DEFAULT NULL
) ENGINE=InnoDB DEFAULT CHARSET=utf8mb4 COLLATE=utf8mb4_unicode_ci;

--
-- Dumping data for table `deposits`
--

INSERT INTO `deposits` (`id`, `transaction_id`, `user_id`, `amount`, `payment_mode`, `proof`, `status`, `created_at`, `updated_at`) VALUES
(59, NULL, 121, '300', 'Bitcoin', 'assets/proofs/1761681378_69011fe280019.jpeg', 'Processed', '2025-10-28 16:56:18', '2025-10-28 16:57:08');

-- --------------------------------------------------------

--
-- Table structure for table `email_templates`
--

CREATE TABLE `email_templates` (
  `id` bigint UNSIGNED NOT NULL,
  `name` varchar(191) COLLATE utf8mb4_unicode_ci NOT NULL,
  `subject` varchar(191) COLLATE utf8mb4_unicode_ci NOT NULL,
  `inapp_notification_content` varchar(191) COLLATE utf8mb4_unicode_ci DEFAULT NULL,
  `content` text COLLATE utf8mb4_unicode_ci NOT NULL,
  `status` varchar(10) COLLATE utf8mb4_unicode_ci NOT NULL DEFAULT 'active',
  `created_at` timestamp NULL DEFAULT NULL,
  `updated_at` timestamp NULL DEFAULT NULL
) ENGINE=InnoDB DEFAULT CHARSET=utf8mb4 COLLATE=utf8mb4_unicode_ci;

--
-- Dumping data for table `email_templates`
--

INSERT INTO `email_templates` (`id`, `name`, `subject`, `inapp_notification_content`, `content`, `status`, `created_at`, `updated_at`) VALUES
(1, 'copytrade_success', 'he', NULL, 'f', 'active', '2024-02-26 01:47:41', '2024-02-26 01:47:41'),
(2, 'course', 'You just purchase a course', NULL, 'ff', 'active', '2024-02-26 01:48:07', '2024-03-01 03:57:07'),
(3, 'signal', 'Your have successfully subscribe to our signal', NULL, 'rr', 'active', '2024-02-26 01:48:26', '2024-03-03 02:33:54'),
(4, 'kyc_failed', 'Your KYC could not been approved', NULL, '<p><strong>Dear {{$name}},</strong></p>\n\n<p>We regret to inform you that your Know Your Customer (KYC) process has been reviewed, and unfortunately, it has not met our verification requirements.</p>\n\n<p>Reason for Rejection: {{$reason}}</p>\n\n<p>To rectify this issue, please review and resubmit the required documentation through your account dashboard.</p>\n\n<p>If you have any specific questions or need guidance on the KYC process, feel free to contact our support team. We appreciate your understanding and cooperation.</p>\n\n<p>&nbsp;</p>\n\n<p>Best regards,</p>\n\n<p><strong>Trade Horizonx</strong></p>\n', 'active', '2024-02-26 01:49:21', '2025-03-05 12:15:44'),
(5, 'kyc_approved', 'Your KYC is Approved', NULL, '<p><strong>Dear {{$name}},</strong></p>\n\n<p>We are pleased to inform you that your Know Your Customer (KYC) process has been successfully reviewed and approved. Thank you for providing the necessary information and documentation.</p>\n\n<p>Your account is now fully verified, and you can enjoy all the features and benefits of our platform without any restrictions.</p>\n\n<p>If you have any questions or require further assistance, please feel free to reach out to our support team. Thank you for choosing <strong>Trade Horizonx</strong>!</p>\n\n<p>&nbsp;</p>\n\n<p>Best regards,</p>\n\n<h3><strong>Trade Horizonx&nbsp;</strong></h3>\n', 'active', '2024-02-26 01:49:21', '2025-03-05 12:17:23'),
(6, 'withdraw_processed', '✅ Successful Withdrawal', 'Your withdrawal request has been successfully processed, Amount: {{$amount}}.', '<p>&nbsp;</p>\n\n<p><strong>Congratulations Dear {{$name}},&nbsp;</strong></p>\n\n<p>We want to inform you that your withdrawal request has been successfully processed.</p>\n\n<p>Transaction Details:</p>\n\n<p><em>- <strong>Amount:</strong>&nbsp;{{$currency}}{{$amount}}</em></p>\n\n<p><em>- <strong>Withdrawal Method:</strong> {{$payment_mode}}</em></p>\n\n<p><em>- <strong>Date and Time: </strong>{{$created_at}}</em></p>\n\n<p>The funds should now be reflected in your designated account (Wallet). If you have any questions or concerns, please feel free to contact our support team.</p>\n\n<p>Thank you for choosing <strong>Trade Horizonx</strong>!</p>\n\n<p>&nbsp;</p>\n\n<p>Best regards,</p>\n\n<p><strong>Trade Horizonx</strong></p>\n\n<p>&nbsp;</p>\n', 'active', '2024-02-26 01:49:53', '2025-03-09 22:57:24'),
(7, 'withdraw_failed', 'Your Withdrawal could not be processed ', NULL, '<p><strong>Dear {{$name}},</strong></p>\n\n<p>We regret to inform you that your withdrawal request has been rejected due to [Error 2316573AC97].</p>\n\n<p>Withdrawal Details:</p>\n\n<p><em>- <strong>Amount:</strong>&nbsp;{{$currency}}</em><em>{{$amount}}</em></p>\n\n<p><em>- <strong>Withdrawal Method:</strong> {{$payment_mode}}</em></p>\n\n<p><em>- <strong>Date and Time: </strong>{{$created_at}}</em></p>\n\n<p>Reason for Rejection: [Error 2316573AC97]</p>\n\n<p>If you have any questions or need further clarification, please reach out to our support team. We apologize for any inconvenience this may have caused.</p>\n\n<p>Thank you for your understanding.</p>\n\n<p>&nbsp;</p>\n\n<p>Best regards,</p>\n\n<p><strong>Trade Horizonx</strong></p>\n', 'active', '2024-02-26 01:50:09', '2025-03-05 12:08:29'),
(8, 'roi_received', 'New ROI', NULL, '<p><strong>Hello {{$name}},</strong></p>\n\n<p>This is a notification of a new return on investment (ROI) on your investment account.</p>\n\n<p><strong>Plan:</strong> {{$plan_name}}</p>\n\n<p><strong>Amount:</strong>&nbsp;{{$currency}}{{$amount}}</p>\n\n<p><strong>Date:</strong> {{$created_at}}</p>\n\n<p>If you have any issues, please contact us.</p>\n\n<p>&nbsp;</p>\n\n<p>Thanks,</p>\n\n<p><strong>Trade Horizonx</strong></p>\n', 'active', '2024-02-26 01:50:38', '2025-03-05 12:02:06'),
(9, 'kyc_received', 'We have received your KYC application', NULL, '<p><strong>Hello {{$name}},</strong></p>\n\n<p>We are informing you that your kyc application have been received, you will be notified via email regarding the status of your application.</p>\n\n<p>&nbsp;</p>\n\n<p>Best Regards,</p>\n\n<p><strong>Trade Horizonx</strong></p>\n', 'active', '2024-02-26 01:51:12', '2025-03-05 11:57:30'),
(10, 'plan_started', 'You just purchase a plan', NULL, '<p>Hello {{$name}},</p>\n\n<p>You just purchase an invesment plan.&nbsp;</p>\n\n<p><strong>Plan</strong>: {{$plan_name}}</p>\n\n<p><strong>Amount</strong>: {{$currency}}{{$amount}}</p>\n\n<p><strong>Date</strong>: {{$created_at}}</p>\n\n<p><strong>Expiration Date</strong>: {{$expire_date}}</p>\n\n<p>&nbsp;</p>\n\n<p>Best Regards,</p>\n\n<p><strong>Trade Horizonx</strong></p>\n', 'active', '2024-02-26 01:51:40', '2025-03-05 11:56:04'),
(11, 'plan_ended', 'Investment Plan Expiry Notification', NULL, '<p><strong>Dear {{$name}},</strong></p>\n\n<p>We want to inform you that your investment plan has expired.</p>\n\n<p>Investment Plan Details:</p>\n\n<p>- Plan Name:&nbsp;{{$plan_name}}&nbsp;</p>\n\n<p>- Initial Investment: {{$currency}}{{$amount}},</p>\n\n<p>- Expiry Date: {{$expire_date}},</p>\n\n<p>- Current Value: {{$currency}}{{$profit_earned}},</p>\n\n<p>If you wish to renew your investment plan or explore other investment opportunities, please log in to your account on our platform and review the available options.</p>\n\n<p>If you have any questions or need assistance, our support team is ready to help. You can reach us at <strong>support@tradehorizonx.com</strong>. Thank you for choosing us. We appreciate your trust in our services.</p>\n\n<p>&nbsp;</p>\n\n<p>Best regards,</p>\n\n<p><strong>Trade Horizonx</strong></p>\n', 'active', '2024-02-26 01:51:58', '2025-03-05 11:54:07'),
(12, 'deposit_sucess', 'You just made a Deposit', NULL, '<p><strong>Hello {{$name}},&nbsp;</strong></p>\n\n<p>Your Deposit of {{$currency}}{{$amount}} via {{$payment_mode}} have been received, please wait while we process this deposit. You will be notified if your deposit is confirmed.</p>\n\n<p>Regards,</p>\n\n<p><strong>Trade Horizonx.</strong></p>\n', 'active', '2024-02-26 01:52:20', '2025-03-05 11:47:37'),
(13, 'deposit_confirmed', 'Your Deposit Have been confirmed.', NULL, '<p><strong>Hello {{$name}},</strong></p>\n\n<p>Your Deposit of {{$currency}}{{$amount}} via {{$payment_mode}} have been confirmed and your account balance have been updated accordingly.</p>\n\n<p>Thanks,</p>\n\n<p><strong>Trade Horizonx.</strong></p>\n', 'active', '2024-02-26 01:52:39', '2025-03-05 11:45:37'),
(15, 'welcome_email', 'Welcome to Trade Horizonx.', NULL, '<p><strong>Welcome&nbsp;{{$name}},</strong></p>\n\n<p>We are really excited to welcome you to <strong>Trade Horizonx</strong> community.</p>\n\n<p>This is just the beginning of greater things to come.</p>\n\n<p>Here is how you can get the most out of our system.</p>\n\n<p>Make a Deposit, Buy an Investment Plan and sit back to enjoy while we make your money work for you</p>\n\n<p>We look forward to seeing you gain your financial desires.</p>\n\n<p>&nbsp;</p>\n\n<p>Your experience is going to be nice and smooth.&nbsp;</p>\n\n<p>No frustrations, no trouble.</p>\n\n<p>Thanks,</p>\n', 'active', '2024-03-01 13:10:54', '2025-03-05 11:42:17'),
(16, 'email_verification', 'Verify Email Address', NULL, '<p><strong>Hello {{ $name }},</strong></p>\n\n<p>Click the link below to verify your email address.</p>\n\n<p>{{ $url }}</p>\n\n<p>Thanks,</p>\n\n<p><strong>Onlinetrader</strong></p>\n', 'inactive', '2024-03-02 21:17:08', '2025-03-05 12:19:26'),
(17, 'withdraw_success', 'Withdrawal Request Submitted', NULL, '<p><strong>Dear {{$name}},</strong></p>\n\n<p>We want to inform you that your withdrawal request has been successfully submitted, please wait while we process your withdrawal. You will be notified on the status of your request.</p>\n\n<p>Transaction Details:</p>\n\n<p><em>- <strong>Amount: </strong>{{$currency}}{{$amount}}</em></p>\n\n<p><em>- <strong>Withdrawal Method:</strong> {{$payment_mode}}</em></p>\n\n<p><em>- <strong>Date and Time: </strong>{{$created_at}}</em></p>\n\n<p>&nbsp;</p>\n\n<p>Thank you for choosing <strong>Trade Horizonx</strong>!</p>\n\n<p>&nbsp;</p>\n\n<p>Best regards,</p>\n\n<p><strong>Trade Horizonx.</strong></p>\n', 'active', '2024-03-13 18:47:02', '2025-03-09 22:49:54'),
(18, 'transfer', 'Transfer is Successful', NULL, '<p><strong>Hello {{$receiver}},</strong></p>\n\n<p>You just received {{$currency}}{{$amount}} from {{$sender}} and your account balance have been updated accordingly.</p>\n\n<p>If you have any issues, please contact us.</p>\n\n<p>&nbsp;</p>\n\n<p>Best Regards,</p>\n\n<h3><strong>Trade Horizonx.</strong></h3>\n', 'active', '2024-03-14 01:54:42', '2025-03-05 11:39:45');

-- --------------------------------------------------------

--
-- Table structure for table `failed_jobs`
--

CREATE TABLE `failed_jobs` (
  `id` bigint UNSIGNED NOT NULL,
  `uuid` varchar(255) COLLATE utf8mb4_unicode_ci NOT NULL,
  `connection` text COLLATE utf8mb4_unicode_ci NOT NULL,
  `queue` text COLLATE utf8mb4_unicode_ci NOT NULL,
  `payload` longtext COLLATE utf8mb4_unicode_ci NOT NULL,
  `exception` longtext COLLATE utf8mb4_unicode_ci NOT NULL,
  `failed_at` timestamp NOT NULL DEFAULT CURRENT_TIMESTAMP
) ENGINE=InnoDB DEFAULT CHARSET=utf8mb4 COLLATE=utf8mb4_unicode_ci;

--
-- Dumping data for table `failed_jobs`
--

INSERT INTO `failed_jobs` (`id`, `uuid`, `connection`, `queue`, `payload`, `exception`, `failed_at`) VALUES
(72, 'a7d692a5-0b60-4c85-9aa0-1c4fc3322304', 'database', 'default', '{\"uuid\":\"a7d692a5-0b60-4c85-9aa0-1c4fc3322304\",\"displayName\":\"App\\\\Events\\\\UserTyping\",\"job\":\"Illuminate\\\\Queue\\\\CallQueuedHandler@call\",\"maxTries\":null,\"maxExceptions\":null,\"failOnTimeout\":false,\"backoff\":null,\"timeout\":null,\"retryUntil\":null,\"data\":{\"commandName\":\"Illuminate\\\\Broadcasting\\\\BroadcastEvent\",\"command\":\"O:38:\\\"Illuminate\\\\Broadcasting\\\\BroadcastEvent\\\":14:{s:5:\\\"event\\\";O:21:\\\"App\\\\Events\\\\UserTyping\\\":1:{s:7:\\\"user_id\\\";i:111;}s:5:\\\"tries\\\";N;s:7:\\\"timeout\\\";N;s:7:\\\"backoff\\\";N;s:13:\\\"maxExceptions\\\";N;s:10:\\\"connection\\\";N;s:5:\\\"queue\\\";N;s:15:\\\"chainConnection\\\";N;s:10:\\\"chainQueue\\\";N;s:19:\\\"chainCatchCallbacks\\\";N;s:5:\\\"delay\\\";N;s:11:\\\"afterCommit\\\";N;s:10:\\\"middleware\\\";a:0:{}s:7:\\\"chained\\\";a:0:{}}\"}}', 'Illuminate\\Queue\\MaxAttemptsExceededException: App\\Events\\UserTyping has been attempted too many times. in C:\\xampp\\htdocs\\6figstrade\\vendor\\laravel\\framework\\src\\Illuminate\\Queue\\MaxAttemptsExceededException.php:24\nStack trace:\n#0 C:\\xampp\\htdocs\\6figstrade\\vendor\\laravel\\framework\\src\\Illuminate\\Queue\\Worker.php(785): Illuminate\\Queue\\MaxAttemptsExceededException::forJob(Object(Illuminate\\Queue\\Jobs\\DatabaseJob))\n#1 C:\\xampp\\htdocs\\6figstrade\\vendor\\laravel\\framework\\src\\Illuminate\\Queue\\Worker.php(519): Illuminate\\Queue\\Worker->maxAttemptsExceededException(Object(Illuminate\\Queue\\Jobs\\DatabaseJob))\n#2 C:\\xampp\\htdocs\\6figstrade\\vendor\\laravel\\framework\\src\\Illuminate\\Queue\\Worker.php(428): Illuminate\\Queue\\Worker->markJobAsFailedIfAlreadyExceedsMaxAttempts(\'database\', Object(Illuminate\\Queue\\Jobs\\DatabaseJob), 1)\n#3 C:\\xampp\\htdocs\\6figstrade\\vendor\\laravel\\framework\\src\\Illuminate\\Queue\\Worker.php(389): Illuminate\\Queue\\Worker->process(\'database\', Object(Illuminate\\Queue\\Jobs\\DatabaseJob), Object(Illuminate\\Queue\\WorkerOptions))\n#4 C:\\xampp\\htdocs\\6figstrade\\vendor\\laravel\\framework\\src\\Illuminate\\Queue\\Worker.php(176): Illuminate\\Queue\\Worker->runJob(Object(Illuminate\\Queue\\Jobs\\DatabaseJob), \'database\', Object(Illuminate\\Queue\\WorkerOptions))\n#5 C:\\xampp\\htdocs\\6figstrade\\vendor\\laravel\\framework\\src\\Illuminate\\Queue\\Console\\WorkCommand.php(137): Illuminate\\Queue\\Worker->daemon(\'database\', \'default\', Object(Illuminate\\Queue\\WorkerOptions))\n#6 C:\\xampp\\htdocs\\6figstrade\\vendor\\laravel\\framework\\src\\Illuminate\\Queue\\Console\\WorkCommand.php(120): Illuminate\\Queue\\Console\\WorkCommand->runWorker(\'database\', \'default\')\n#7 C:\\xampp\\htdocs\\6figstrade\\vendor\\laravel\\framework\\src\\Illuminate\\Container\\BoundMethod.php(36): Illuminate\\Queue\\Console\\WorkCommand->handle()\n#8 C:\\xampp\\htdocs\\6figstrade\\vendor\\laravel\\framework\\src\\Illuminate\\Container\\Util.php(41): Illuminate\\Container\\BoundMethod::Illuminate\\Container\\{closure}()\n#9 C:\\xampp\\htdocs\\6figstrade\\vendor\\laravel\\framework\\src\\Illuminate\\Container\\BoundMethod.php(93): Illuminate\\Container\\Util::unwrapIfClosure(Object(Closure))\n#10 C:\\xampp\\htdocs\\6figstrade\\vendor\\laravel\\framework\\src\\Illuminate\\Container\\BoundMethod.php(35): Illuminate\\Container\\BoundMethod::callBoundMethod(Object(Illuminate\\Foundation\\Application), Array, Object(Closure))\n#11 C:\\xampp\\htdocs\\6figstrade\\vendor\\laravel\\framework\\src\\Illuminate\\Container\\Container.php(662): Illuminate\\Container\\BoundMethod::call(Object(Illuminate\\Foundation\\Application), Array, Array, NULL)\n#12 C:\\xampp\\htdocs\\6figstrade\\vendor\\laravel\\framework\\src\\Illuminate\\Console\\Command.php(211): Illuminate\\Container\\Container->call(Array)\n#13 C:\\xampp\\htdocs\\6figstrade\\vendor\\symfony\\console\\Command\\Command.php(326): Illuminate\\Console\\Command->execute(Object(Symfony\\Component\\Console\\Input\\ArgvInput), Object(Illuminate\\Console\\OutputStyle))\n#14 C:\\xampp\\htdocs\\6figstrade\\vendor\\laravel\\framework\\src\\Illuminate\\Console\\Command.php(180): Symfony\\Component\\Console\\Command\\Command->run(Object(Symfony\\Component\\Console\\Input\\ArgvInput), Object(Illuminate\\Console\\OutputStyle))\n#15 C:\\xampp\\htdocs\\6figstrade\\vendor\\symfony\\console\\Application.php(1096): Illuminate\\Console\\Command->run(Object(Symfony\\Component\\Console\\Input\\ArgvInput), Object(Symfony\\Component\\Console\\Output\\ConsoleOutput))\n#16 C:\\xampp\\htdocs\\6figstrade\\vendor\\symfony\\console\\Application.php(324): Symfony\\Component\\Console\\Application->doRunCommand(Object(Illuminate\\Queue\\Console\\WorkCommand), Object(Symfony\\Component\\Console\\Input\\ArgvInput), Object(Symfony\\Component\\Console\\Output\\ConsoleOutput))\n#17 C:\\xampp\\htdocs\\6figstrade\\vendor\\symfony\\console\\Application.php(175): Symfony\\Component\\Console\\Application->doRun(Object(Symfony\\Component\\Console\\Input\\ArgvInput), Object(Symfony\\Component\\Console\\Output\\ConsoleOutput))\n#18 C:\\xampp\\htdocs\\6figstrade\\vendor\\laravel\\framework\\src\\Illuminate\\Foundation\\Console\\Kernel.php(201): Symfony\\Component\\Console\\Application->run(Object(Symfony\\Component\\Console\\Input\\ArgvInput), Object(Symfony\\Component\\Console\\Output\\ConsoleOutput))\n#19 C:\\xampp\\htdocs\\6figstrade\\artisan(35): Illuminate\\Foundation\\Console\\Kernel->handle(Object(Symfony\\Component\\Console\\Input\\ArgvInput), Object(Symfony\\Component\\Console\\Output\\ConsoleOutput))\n#20 {main}', '2025-10-10 20:11:32'),
(73, '23e27507-ec93-4714-aa35-8f63468658d8', 'database', 'default', '{\"uuid\":\"23e27507-ec93-4714-aa35-8f63468658d8\",\"displayName\":\"App\\\\Events\\\\UserTyping\",\"job\":\"Illuminate\\\\Queue\\\\CallQueuedHandler@call\",\"maxTries\":null,\"maxExceptions\":null,\"failOnTimeout\":false,\"backoff\":null,\"timeout\":null,\"retryUntil\":null,\"data\":{\"commandName\":\"Illuminate\\\\Broadcasting\\\\BroadcastEvent\",\"command\":\"O:38:\\\"Illuminate\\\\Broadcasting\\\\BroadcastEvent\\\":14:{s:5:\\\"event\\\";O:21:\\\"App\\\\Events\\\\UserTyping\\\":1:{s:7:\\\"user_id\\\";i:111;}s:5:\\\"tries\\\";N;s:7:\\\"timeout\\\";N;s:7:\\\"backoff\\\";N;s:13:\\\"maxExceptions\\\";N;s:10:\\\"connection\\\";N;s:5:\\\"queue\\\";N;s:15:\\\"chainConnection\\\";N;s:10:\\\"chainQueue\\\";N;s:19:\\\"chainCatchCallbacks\\\";N;s:5:\\\"delay\\\";N;s:11:\\\"afterCommit\\\";N;s:10:\\\"middleware\\\";a:0:{}s:7:\\\"chained\\\";a:0:{}}\"}}', 'Illuminate\\Broadcasting\\BroadcastException: Pusher error: App key e10972754f11b36a3ddd not in this cluster. Did you forget to specify the cluster?\n. in C:\\xampp\\htdocs\\6figstrade\\vendor\\laravel\\framework\\src\\Illuminate\\Broadcasting\\Broadcasters\\PusherBroadcaster.php:164\nStack trace:\n#0 C:\\xampp\\htdocs\\6figstrade\\vendor\\laravel\\framework\\src\\Illuminate\\Broadcasting\\BroadcastEvent.php(92): Illuminate\\Broadcasting\\Broadcasters\\PusherBroadcaster->broadcast(Object(Illuminate\\Support\\Collection), \'App\\\\Events\\\\User...\', Array)\n#1 C:\\xampp\\htdocs\\6figstrade\\vendor\\laravel\\framework\\src\\Illuminate\\Container\\BoundMethod.php(36): Illuminate\\Broadcasting\\BroadcastEvent->handle(Object(Illuminate\\Broadcasting\\BroadcastManager))\n#2 C:\\xampp\\htdocs\\6figstrade\\vendor\\laravel\\framework\\src\\Illuminate\\Container\\Util.php(41): Illuminate\\Container\\BoundMethod::Illuminate\\Container\\{closure}()\n#3 C:\\xampp\\htdocs\\6figstrade\\vendor\\laravel\\framework\\src\\Illuminate\\Container\\BoundMethod.php(93): Illuminate\\Container\\Util::unwrapIfClosure(Object(Closure))\n#4 C:\\xampp\\htdocs\\6figstrade\\vendor\\laravel\\framework\\src\\Illuminate\\Container\\BoundMethod.php(35): Illuminate\\Container\\BoundMethod::callBoundMethod(Object(Illuminate\\Foundation\\Application), Array, Object(Closure))\n#5 C:\\xampp\\htdocs\\6figstrade\\vendor\\laravel\\framework\\src\\Illuminate\\Container\\Container.php(662): Illuminate\\Container\\BoundMethod::call(Object(Illuminate\\Foundation\\Application), Array, Array, NULL)\n#6 C:\\xampp\\htdocs\\6figstrade\\vendor\\laravel\\framework\\src\\Illuminate\\Bus\\Dispatcher.php(128): Illuminate\\Container\\Container->call(Array)\n#7 C:\\xampp\\htdocs\\6figstrade\\vendor\\laravel\\framework\\src\\Illuminate\\Pipeline\\Pipeline.php(144): Illuminate\\Bus\\Dispatcher->Illuminate\\Bus\\{closure}(Object(Illuminate\\Broadcasting\\BroadcastEvent))\n#8 C:\\xampp\\htdocs\\6figstrade\\vendor\\laravel\\framework\\src\\Illuminate\\Pipeline\\Pipeline.php(119): Illuminate\\Pipeline\\Pipeline->Illuminate\\Pipeline\\{closure}(Object(Illuminate\\Broadcasting\\BroadcastEvent))\n#9 C:\\xampp\\htdocs\\6figstrade\\vendor\\laravel\\framework\\src\\Illuminate\\Bus\\Dispatcher.php(132): Illuminate\\Pipeline\\Pipeline->then(Object(Closure))\n#10 C:\\xampp\\htdocs\\6figstrade\\vendor\\laravel\\framework\\src\\Illuminate\\Queue\\CallQueuedHandler.php(123): Illuminate\\Bus\\Dispatcher->dispatchNow(Object(Illuminate\\Broadcasting\\BroadcastEvent), false)\n#11 C:\\xampp\\htdocs\\6figstrade\\vendor\\laravel\\framework\\src\\Illuminate\\Pipeline\\Pipeline.php(144): Illuminate\\Queue\\CallQueuedHandler->Illuminate\\Queue\\{closure}(Object(Illuminate\\Broadcasting\\BroadcastEvent))\n#12 C:\\xampp\\htdocs\\6figstrade\\vendor\\laravel\\framework\\src\\Illuminate\\Pipeline\\Pipeline.php(119): Illuminate\\Pipeline\\Pipeline->Illuminate\\Pipeline\\{closure}(Object(Illuminate\\Broadcasting\\BroadcastEvent))\n#13 C:\\xampp\\htdocs\\6figstrade\\vendor\\laravel\\framework\\src\\Illuminate\\Queue\\CallQueuedHandler.php(122): Illuminate\\Pipeline\\Pipeline->then(Object(Closure))\n#14 C:\\xampp\\htdocs\\6figstrade\\vendor\\laravel\\framework\\src\\Illuminate\\Queue\\CallQueuedHandler.php(70): Illuminate\\Queue\\CallQueuedHandler->dispatchThroughMiddleware(Object(Illuminate\\Queue\\Jobs\\DatabaseJob), Object(Illuminate\\Broadcasting\\BroadcastEvent))\n#15 C:\\xampp\\htdocs\\6figstrade\\vendor\\laravel\\framework\\src\\Illuminate\\Queue\\Jobs\\Job.php(102): Illuminate\\Queue\\CallQueuedHandler->call(Object(Illuminate\\Queue\\Jobs\\DatabaseJob), Array)\n#16 C:\\xampp\\htdocs\\6figstrade\\vendor\\laravel\\framework\\src\\Illuminate\\Queue\\Worker.php(439): Illuminate\\Queue\\Jobs\\Job->fire()\n#17 C:\\xampp\\htdocs\\6figstrade\\vendor\\laravel\\framework\\src\\Illuminate\\Queue\\Worker.php(389): Illuminate\\Queue\\Worker->process(\'database\', Object(Illuminate\\Queue\\Jobs\\DatabaseJob), Object(Illuminate\\Queue\\WorkerOptions))\n#18 C:\\xampp\\htdocs\\6figstrade\\vendor\\laravel\\framework\\src\\Illuminate\\Queue\\Worker.php(176): Illuminate\\Queue\\Worker->runJob(Object(Illuminate\\Queue\\Jobs\\DatabaseJob), \'database\', Object(Illuminate\\Queue\\WorkerOptions))\n#19 C:\\xampp\\htdocs\\6figstrade\\vendor\\laravel\\framework\\src\\Illuminate\\Queue\\Console\\WorkCommand.php(137): Illuminate\\Queue\\Worker->daemon(\'database\', \'default\', Object(Illuminate\\Queue\\WorkerOptions))\n#20 C:\\xampp\\htdocs\\6figstrade\\vendor\\laravel\\framework\\src\\Illuminate\\Queue\\Console\\WorkCommand.php(120): Illuminate\\Queue\\Console\\WorkCommand->runWorker(\'database\', \'default\')\n#21 C:\\xampp\\htdocs\\6figstrade\\vendor\\laravel\\framework\\src\\Illuminate\\Container\\BoundMethod.php(36): Illuminate\\Queue\\Console\\WorkCommand->handle()\n#22 C:\\xampp\\htdocs\\6figstrade\\vendor\\laravel\\framework\\src\\Illuminate\\Container\\Util.php(41): Illuminate\\Container\\BoundMethod::Illuminate\\Container\\{closure}()\n#23 C:\\xampp\\htdocs\\6figstrade\\vendor\\laravel\\framework\\src\\Illuminate\\Container\\BoundMethod.php(93): Illuminate\\Container\\Util::unwrapIfClosure(Object(Closure))\n#24 C:\\xampp\\htdocs\\6figstrade\\vendor\\laravel\\framework\\src\\Illuminate\\Container\\BoundMethod.php(35): Illuminate\\Container\\BoundMethod::callBoundMethod(Object(Illuminate\\Foundation\\Application), Array, Object(Closure))\n#25 C:\\xampp\\htdocs\\6figstrade\\vendor\\laravel\\framework\\src\\Illuminate\\Container\\Container.php(662): Illuminate\\Container\\BoundMethod::call(Object(Illuminate\\Foundation\\Application), Array, Array, NULL)\n#26 C:\\xampp\\htdocs\\6figstrade\\vendor\\laravel\\framework\\src\\Illuminate\\Console\\Command.php(211): Illuminate\\Container\\Container->call(Array)\n#27 C:\\xampp\\htdocs\\6figstrade\\vendor\\symfony\\console\\Command\\Command.php(326): Illuminate\\Console\\Command->execute(Object(Symfony\\Component\\Console\\Input\\ArgvInput), Object(Illuminate\\Console\\OutputStyle))\n#28 C:\\xampp\\htdocs\\6figstrade\\vendor\\laravel\\framework\\src\\Illuminate\\Console\\Command.php(180): Symfony\\Component\\Console\\Command\\Command->run(Object(Symfony\\Component\\Console\\Input\\ArgvInput), Object(Illuminate\\Console\\OutputStyle))\n#29 C:\\xampp\\htdocs\\6figstrade\\vendor\\symfony\\console\\Application.php(1096): Illuminate\\Console\\Command->run(Object(Symfony\\Component\\Console\\Input\\ArgvInput), Object(Symfony\\Component\\Console\\Output\\ConsoleOutput))\n#30 C:\\xampp\\htdocs\\6figstrade\\vendor\\symfony\\console\\Application.php(324): Symfony\\Component\\Console\\Application->doRunCommand(Object(Illuminate\\Queue\\Console\\WorkCommand), Object(Symfony\\Component\\Console\\Input\\ArgvInput), Object(Symfony\\Component\\Console\\Output\\ConsoleOutput))\n#31 C:\\xampp\\htdocs\\6figstrade\\vendor\\symfony\\console\\Application.php(175): Symfony\\Component\\Console\\Application->doRun(Object(Symfony\\Component\\Console\\Input\\ArgvInput), Object(Symfony\\Component\\Console\\Output\\ConsoleOutput))\n#32 C:\\xampp\\htdocs\\6figstrade\\vendor\\laravel\\framework\\src\\Illuminate\\Foundation\\Console\\Kernel.php(201): Symfony\\Component\\Console\\Application->run(Object(Symfony\\Component\\Console\\Input\\ArgvInput), Object(Symfony\\Component\\Console\\Output\\ConsoleOutput))\n#33 C:\\xampp\\htdocs\\6figstrade\\artisan(35): Illuminate\\Foundation\\Console\\Kernel->handle(Object(Symfony\\Component\\Console\\Input\\ArgvInput), Object(Symfony\\Component\\Console\\Output\\ConsoleOutput))\n#34 {main}', '2025-10-10 20:11:34'),
(74, '2fe50449-535c-4935-84ab-063d928e31ef', 'database', 'default', '{\"uuid\":\"2fe50449-535c-4935-84ab-063d928e31ef\",\"displayName\":\"App\\\\Events\\\\UserTyping\",\"job\":\"Illuminate\\\\Queue\\\\CallQueuedHandler@call\",\"maxTries\":null,\"maxExceptions\":null,\"failOnTimeout\":false,\"backoff\":null,\"timeout\":null,\"retryUntil\":null,\"data\":{\"commandName\":\"Illuminate\\\\Broadcasting\\\\BroadcastEvent\",\"command\":\"O:38:\\\"Illuminate\\\\Broadcasting\\\\BroadcastEvent\\\":14:{s:5:\\\"event\\\";O:21:\\\"App\\\\Events\\\\UserTyping\\\":1:{s:7:\\\"user_id\\\";i:111;}s:5:\\\"tries\\\";N;s:7:\\\"timeout\\\";N;s:7:\\\"backoff\\\";N;s:13:\\\"maxExceptions\\\";N;s:10:\\\"connection\\\";N;s:5:\\\"queue\\\";N;s:15:\\\"chainConnection\\\";N;s:10:\\\"chainQueue\\\";N;s:19:\\\"chainCatchCallbacks\\\";N;s:5:\\\"delay\\\";N;s:11:\\\"afterCommit\\\";N;s:10:\\\"middleware\\\";a:0:{}s:7:\\\"chained\\\";a:0:{}}\"}}', 'Illuminate\\Broadcasting\\BroadcastException: Pusher error: App key e10972754f11b36a3ddd not in this cluster. Did you forget to specify the cluster?\n. in C:\\xampp\\htdocs\\6figstrade\\vendor\\laravel\\framework\\src\\Illuminate\\Broadcasting\\Broadcasters\\PusherBroadcaster.php:164\nStack trace:\n#0 C:\\xampp\\htdocs\\6figstrade\\vendor\\laravel\\framework\\src\\Illuminate\\Broadcasting\\BroadcastEvent.php(92): Illuminate\\Broadcasting\\Broadcasters\\PusherBroadcaster->broadcast(Object(Illuminate\\Support\\Collection), \'App\\\\Events\\\\User...\', Array)\n#1 C:\\xampp\\htdocs\\6figstrade\\vendor\\laravel\\framework\\src\\Illuminate\\Container\\BoundMethod.php(36): Illuminate\\Broadcasting\\BroadcastEvent->handle(Object(Illuminate\\Broadcasting\\BroadcastManager))\n#2 C:\\xampp\\htdocs\\6figstrade\\vendor\\laravel\\framework\\src\\Illuminate\\Container\\Util.php(41): Illuminate\\Container\\BoundMethod::Illuminate\\Container\\{closure}()\n#3 C:\\xampp\\htdocs\\6figstrade\\vendor\\laravel\\framework\\src\\Illuminate\\Container\\BoundMethod.php(93): Illuminate\\Container\\Util::unwrapIfClosure(Object(Closure))\n#4 C:\\xampp\\htdocs\\6figstrade\\vendor\\laravel\\framework\\src\\Illuminate\\Container\\BoundMethod.php(35): Illuminate\\Container\\BoundMethod::callBoundMethod(Object(Illuminate\\Foundation\\Application), Array, Object(Closure))\n#5 C:\\xampp\\htdocs\\6figstrade\\vendor\\laravel\\framework\\src\\Illuminate\\Container\\Container.php(662): Illuminate\\Container\\BoundMethod::call(Object(Illuminate\\Foundation\\Application), Array, Array, NULL)\n#6 C:\\xampp\\htdocs\\6figstrade\\vendor\\laravel\\framework\\src\\Illuminate\\Bus\\Dispatcher.php(128): Illuminate\\Container\\Container->call(Array)\n#7 C:\\xampp\\htdocs\\6figstrade\\vendor\\laravel\\framework\\src\\Illuminate\\Pipeline\\Pipeline.php(144): Illuminate\\Bus\\Dispatcher->Illuminate\\Bus\\{closure}(Object(Illuminate\\Broadcasting\\BroadcastEvent))\n#8 C:\\xampp\\htdocs\\6figstrade\\vendor\\laravel\\framework\\src\\Illuminate\\Pipeline\\Pipeline.php(119): Illuminate\\Pipeline\\Pipeline->Illuminate\\Pipeline\\{closure}(Object(Illuminate\\Broadcasting\\BroadcastEvent))\n#9 C:\\xampp\\htdocs\\6figstrade\\vendor\\laravel\\framework\\src\\Illuminate\\Bus\\Dispatcher.php(132): Illuminate\\Pipeline\\Pipeline->then(Object(Closure))\n#10 C:\\xampp\\htdocs\\6figstrade\\vendor\\laravel\\framework\\src\\Illuminate\\Queue\\CallQueuedHandler.php(123): Illuminate\\Bus\\Dispatcher->dispatchNow(Object(Illuminate\\Broadcasting\\BroadcastEvent), false)\n#11 C:\\xampp\\htdocs\\6figstrade\\vendor\\laravel\\framework\\src\\Illuminate\\Pipeline\\Pipeline.php(144): Illuminate\\Queue\\CallQueuedHandler->Illuminate\\Queue\\{closure}(Object(Illuminate\\Broadcasting\\BroadcastEvent))\n#12 C:\\xampp\\htdocs\\6figstrade\\vendor\\laravel\\framework\\src\\Illuminate\\Pipeline\\Pipeline.php(119): Illuminate\\Pipeline\\Pipeline->Illuminate\\Pipeline\\{closure}(Object(Illuminate\\Broadcasting\\BroadcastEvent))\n#13 C:\\xampp\\htdocs\\6figstrade\\vendor\\laravel\\framework\\src\\Illuminate\\Queue\\CallQueuedHandler.php(122): Illuminate\\Pipeline\\Pipeline->then(Object(Closure))\n#14 C:\\xampp\\htdocs\\6figstrade\\vendor\\laravel\\framework\\src\\Illuminate\\Queue\\CallQueuedHandler.php(70): Illuminate\\Queue\\CallQueuedHandler->dispatchThroughMiddleware(Object(Illuminate\\Queue\\Jobs\\DatabaseJob), Object(Illuminate\\Broadcasting\\BroadcastEvent))\n#15 C:\\xampp\\htdocs\\6figstrade\\vendor\\laravel\\framework\\src\\Illuminate\\Queue\\Jobs\\Job.php(102): Illuminate\\Queue\\CallQueuedHandler->call(Object(Illuminate\\Queue\\Jobs\\DatabaseJob), Array)\n#16 C:\\xampp\\htdocs\\6figstrade\\vendor\\laravel\\framework\\src\\Illuminate\\Queue\\Worker.php(439): Illuminate\\Queue\\Jobs\\Job->fire()\n#17 C:\\xampp\\htdocs\\6figstrade\\vendor\\laravel\\framework\\src\\Illuminate\\Queue\\Worker.php(389): Illuminate\\Queue\\Worker->process(\'database\', Object(Illuminate\\Queue\\Jobs\\DatabaseJob), Object(Illuminate\\Queue\\WorkerOptions))\n#18 C:\\xampp\\htdocs\\6figstrade\\vendor\\laravel\\framework\\src\\Illuminate\\Queue\\Worker.php(176): Illuminate\\Queue\\Worker->runJob(Object(Illuminate\\Queue\\Jobs\\DatabaseJob), \'database\', Object(Illuminate\\Queue\\WorkerOptions))\n#19 C:\\xampp\\htdocs\\6figstrade\\vendor\\laravel\\framework\\src\\Illuminate\\Queue\\Console\\WorkCommand.php(137): Illuminate\\Queue\\Worker->daemon(\'database\', \'default\', Object(Illuminate\\Queue\\WorkerOptions))\n#20 C:\\xampp\\htdocs\\6figstrade\\vendor\\laravel\\framework\\src\\Illuminate\\Queue\\Console\\WorkCommand.php(120): Illuminate\\Queue\\Console\\WorkCommand->runWorker(\'database\', \'default\')\n#21 C:\\xampp\\htdocs\\6figstrade\\vendor\\laravel\\framework\\src\\Illuminate\\Container\\BoundMethod.php(36): Illuminate\\Queue\\Console\\WorkCommand->handle()\n#22 C:\\xampp\\htdocs\\6figstrade\\vendor\\laravel\\framework\\src\\Illuminate\\Container\\Util.php(41): Illuminate\\Container\\BoundMethod::Illuminate\\Container\\{closure}()\n#23 C:\\xampp\\htdocs\\6figstrade\\vendor\\laravel\\framework\\src\\Illuminate\\Container\\BoundMethod.php(93): Illuminate\\Container\\Util::unwrapIfClosure(Object(Closure))\n#24 C:\\xampp\\htdocs\\6figstrade\\vendor\\laravel\\framework\\src\\Illuminate\\Container\\BoundMethod.php(35): Illuminate\\Container\\BoundMethod::callBoundMethod(Object(Illuminate\\Foundation\\Application), Array, Object(Closure))\n#25 C:\\xampp\\htdocs\\6figstrade\\vendor\\laravel\\framework\\src\\Illuminate\\Container\\Container.php(662): Illuminate\\Container\\BoundMethod::call(Object(Illuminate\\Foundation\\Application), Array, Array, NULL)\n#26 C:\\xampp\\htdocs\\6figstrade\\vendor\\laravel\\framework\\src\\Illuminate\\Console\\Command.php(211): Illuminate\\Container\\Container->call(Array)\n#27 C:\\xampp\\htdocs\\6figstrade\\vendor\\symfony\\console\\Command\\Command.php(326): Illuminate\\Console\\Command->execute(Object(Symfony\\Component\\Console\\Input\\ArgvInput), Object(Illuminate\\Console\\OutputStyle))\n#28 C:\\xampp\\htdocs\\6figstrade\\vendor\\laravel\\framework\\src\\Illuminate\\Console\\Command.php(180): Symfony\\Component\\Console\\Command\\Command->run(Object(Symfony\\Component\\Console\\Input\\ArgvInput), Object(Illuminate\\Console\\OutputStyle))\n#29 C:\\xampp\\htdocs\\6figstrade\\vendor\\symfony\\console\\Application.php(1096): Illuminate\\Console\\Command->run(Object(Symfony\\Component\\Console\\Input\\ArgvInput), Object(Symfony\\Component\\Console\\Output\\ConsoleOutput))\n#30 C:\\xampp\\htdocs\\6figstrade\\vendor\\symfony\\console\\Application.php(324): Symfony\\Component\\Console\\Application->doRunCommand(Object(Illuminate\\Queue\\Console\\WorkCommand), Object(Symfony\\Component\\Console\\Input\\ArgvInput), Object(Symfony\\Component\\Console\\Output\\ConsoleOutput))\n#31 C:\\xampp\\htdocs\\6figstrade\\vendor\\symfony\\console\\Application.php(175): Symfony\\Component\\Console\\Application->doRun(Object(Symfony\\Component\\Console\\Input\\ArgvInput), Object(Symfony\\Component\\Console\\Output\\ConsoleOutput))\n#32 C:\\xampp\\htdocs\\6figstrade\\vendor\\laravel\\framework\\src\\Illuminate\\Foundation\\Console\\Kernel.php(201): Symfony\\Component\\Console\\Application->run(Object(Symfony\\Component\\Console\\Input\\ArgvInput), Object(Symfony\\Component\\Console\\Output\\ConsoleOutput))\n#33 C:\\xampp\\htdocs\\6figstrade\\artisan(35): Illuminate\\Foundation\\Console\\Kernel->handle(Object(Symfony\\Component\\Console\\Input\\ArgvInput), Object(Symfony\\Component\\Console\\Output\\ConsoleOutput))\n#34 {main}', '2025-10-10 20:11:35'),
(75, 'e03295fc-a292-41bd-9a0a-a69ddf3caf15', 'database', 'default', '{\"uuid\":\"e03295fc-a292-41bd-9a0a-a69ddf3caf15\",\"displayName\":\"App\\\\Events\\\\UserTyping\",\"job\":\"Illuminate\\\\Queue\\\\CallQueuedHandler@call\",\"maxTries\":null,\"maxExceptions\":null,\"failOnTimeout\":false,\"backoff\":null,\"timeout\":null,\"retryUntil\":null,\"data\":{\"commandName\":\"Illuminate\\\\Broadcasting\\\\BroadcastEvent\",\"command\":\"O:38:\\\"Illuminate\\\\Broadcasting\\\\BroadcastEvent\\\":14:{s:5:\\\"event\\\";O:21:\\\"App\\\\Events\\\\UserTyping\\\":1:{s:7:\\\"user_id\\\";i:111;}s:5:\\\"tries\\\";N;s:7:\\\"timeout\\\";N;s:7:\\\"backoff\\\";N;s:13:\\\"maxExceptions\\\";N;s:10:\\\"connection\\\";N;s:5:\\\"queue\\\";N;s:15:\\\"chainConnection\\\";N;s:10:\\\"chainQueue\\\";N;s:19:\\\"chainCatchCallbacks\\\";N;s:5:\\\"delay\\\";N;s:11:\\\"afterCommit\\\";N;s:10:\\\"middleware\\\";a:0:{}s:7:\\\"chained\\\";a:0:{}}\"}}', 'Illuminate\\Broadcasting\\BroadcastException: Pusher error: App key e10972754f11b36a3ddd not in this cluster. Did you forget to specify the cluster?\n. in C:\\xampp\\htdocs\\6figstrade\\vendor\\laravel\\framework\\src\\Illuminate\\Broadcasting\\Broadcasters\\PusherBroadcaster.php:164\nStack trace:\n#0 C:\\xampp\\htdocs\\6figstrade\\vendor\\laravel\\framework\\src\\Illuminate\\Broadcasting\\BroadcastEvent.php(92): Illuminate\\Broadcasting\\Broadcasters\\PusherBroadcaster->broadcast(Object(Illuminate\\Support\\Collection), \'App\\\\Events\\\\User...\', Array)\n#1 C:\\xampp\\htdocs\\6figstrade\\vendor\\laravel\\framework\\src\\Illuminate\\Container\\BoundMethod.php(36): Illuminate\\Broadcasting\\BroadcastEvent->handle(Object(Illuminate\\Broadcasting\\BroadcastManager))\n#2 C:\\xampp\\htdocs\\6figstrade\\vendor\\laravel\\framework\\src\\Illuminate\\Container\\Util.php(41): Illuminate\\Container\\BoundMethod::Illuminate\\Container\\{closure}()\n#3 C:\\xampp\\htdocs\\6figstrade\\vendor\\laravel\\framework\\src\\Illuminate\\Container\\BoundMethod.php(93): Illuminate\\Container\\Util::unwrapIfClosure(Object(Closure))\n#4 C:\\xampp\\htdocs\\6figstrade\\vendor\\laravel\\framework\\src\\Illuminate\\Container\\BoundMethod.php(35): Illuminate\\Container\\BoundMethod::callBoundMethod(Object(Illuminate\\Foundation\\Application), Array, Object(Closure))\n#5 C:\\xampp\\htdocs\\6figstrade\\vendor\\laravel\\framework\\src\\Illuminate\\Container\\Container.php(662): Illuminate\\Container\\BoundMethod::call(Object(Illuminate\\Foundation\\Application), Array, Array, NULL)\n#6 C:\\xampp\\htdocs\\6figstrade\\vendor\\laravel\\framework\\src\\Illuminate\\Bus\\Dispatcher.php(128): Illuminate\\Container\\Container->call(Array)\n#7 C:\\xampp\\htdocs\\6figstrade\\vendor\\laravel\\framework\\src\\Illuminate\\Pipeline\\Pipeline.php(144): Illuminate\\Bus\\Dispatcher->Illuminate\\Bus\\{closure}(Object(Illuminate\\Broadcasting\\BroadcastEvent))\n#8 C:\\xampp\\htdocs\\6figstrade\\vendor\\laravel\\framework\\src\\Illuminate\\Pipeline\\Pipeline.php(119): Illuminate\\Pipeline\\Pipeline->Illuminate\\Pipeline\\{closure}(Object(Illuminate\\Broadcasting\\BroadcastEvent))\n#9 C:\\xampp\\htdocs\\6figstrade\\vendor\\laravel\\framework\\src\\Illuminate\\Bus\\Dispatcher.php(132): Illuminate\\Pipeline\\Pipeline->then(Object(Closure))\n#10 C:\\xampp\\htdocs\\6figstrade\\vendor\\laravel\\framework\\src\\Illuminate\\Queue\\CallQueuedHandler.php(123): Illuminate\\Bus\\Dispatcher->dispatchNow(Object(Illuminate\\Broadcasting\\BroadcastEvent), false)\n#11 C:\\xampp\\htdocs\\6figstrade\\vendor\\laravel\\framework\\src\\Illuminate\\Pipeline\\Pipeline.php(144): Illuminate\\Queue\\CallQueuedHandler->Illuminate\\Queue\\{closure}(Object(Illuminate\\Broadcasting\\BroadcastEvent))\n#12 C:\\xampp\\htdocs\\6figstrade\\vendor\\laravel\\framework\\src\\Illuminate\\Pipeline\\Pipeline.php(119): Illuminate\\Pipeline\\Pipeline->Illuminate\\Pipeline\\{closure}(Object(Illuminate\\Broadcasting\\BroadcastEvent))\n#13 C:\\xampp\\htdocs\\6figstrade\\vendor\\laravel\\framework\\src\\Illuminate\\Queue\\CallQueuedHandler.php(122): Illuminate\\Pipeline\\Pipeline->then(Object(Closure))\n#14 C:\\xampp\\htdocs\\6figstrade\\vendor\\laravel\\framework\\src\\Illuminate\\Queue\\CallQueuedHandler.php(70): Illuminate\\Queue\\CallQueuedHandler->dispatchThroughMiddleware(Object(Illuminate\\Queue\\Jobs\\DatabaseJob), Object(Illuminate\\Broadcasting\\BroadcastEvent))\n#15 C:\\xampp\\htdocs\\6figstrade\\vendor\\laravel\\framework\\src\\Illuminate\\Queue\\Jobs\\Job.php(102): Illuminate\\Queue\\CallQueuedHandler->call(Object(Illuminate\\Queue\\Jobs\\DatabaseJob), Array)\n#16 C:\\xampp\\htdocs\\6figstrade\\vendor\\laravel\\framework\\src\\Illuminate\\Queue\\Worker.php(439): Illuminate\\Queue\\Jobs\\Job->fire()\n#17 C:\\xampp\\htdocs\\6figstrade\\vendor\\laravel\\framework\\src\\Illuminate\\Queue\\Worker.php(389): Illuminate\\Queue\\Worker->process(\'database\', Object(Illuminate\\Queue\\Jobs\\DatabaseJob), Object(Illuminate\\Queue\\WorkerOptions))\n#18 C:\\xampp\\htdocs\\6figstrade\\vendor\\laravel\\framework\\src\\Illuminate\\Queue\\Worker.php(176): Illuminate\\Queue\\Worker->runJob(Object(Illuminate\\Queue\\Jobs\\DatabaseJob), \'database\', Object(Illuminate\\Queue\\WorkerOptions))\n#19 C:\\xampp\\htdocs\\6figstrade\\vendor\\laravel\\framework\\src\\Illuminate\\Queue\\Console\\WorkCommand.php(137): Illuminate\\Queue\\Worker->daemon(\'database\', \'default\', Object(Illuminate\\Queue\\WorkerOptions))\n#20 C:\\xampp\\htdocs\\6figstrade\\vendor\\laravel\\framework\\src\\Illuminate\\Queue\\Console\\WorkCommand.php(120): Illuminate\\Queue\\Console\\WorkCommand->runWorker(\'database\', \'default\')\n#21 C:\\xampp\\htdocs\\6figstrade\\vendor\\laravel\\framework\\src\\Illuminate\\Container\\BoundMethod.php(36): Illuminate\\Queue\\Console\\WorkCommand->handle()\n#22 C:\\xampp\\htdocs\\6figstrade\\vendor\\laravel\\framework\\src\\Illuminate\\Container\\Util.php(41): Illuminate\\Container\\BoundMethod::Illuminate\\Container\\{closure}()\n#23 C:\\xampp\\htdocs\\6figstrade\\vendor\\laravel\\framework\\src\\Illuminate\\Container\\BoundMethod.php(93): Illuminate\\Container\\Util::unwrapIfClosure(Object(Closure))\n#24 C:\\xampp\\htdocs\\6figstrade\\vendor\\laravel\\framework\\src\\Illuminate\\Container\\BoundMethod.php(35): Illuminate\\Container\\BoundMethod::callBoundMethod(Object(Illuminate\\Foundation\\Application), Array, Object(Closure))\n#25 C:\\xampp\\htdocs\\6figstrade\\vendor\\laravel\\framework\\src\\Illuminate\\Container\\Container.php(662): Illuminate\\Container\\BoundMethod::call(Object(Illuminate\\Foundation\\Application), Array, Array, NULL)\n#26 C:\\xampp\\htdocs\\6figstrade\\vendor\\laravel\\framework\\src\\Illuminate\\Console\\Command.php(211): Illuminate\\Container\\Container->call(Array)\n#27 C:\\xampp\\htdocs\\6figstrade\\vendor\\symfony\\console\\Command\\Command.php(326): Illuminate\\Console\\Command->execute(Object(Symfony\\Component\\Console\\Input\\ArgvInput), Object(Illuminate\\Console\\OutputStyle))\n#28 C:\\xampp\\htdocs\\6figstrade\\vendor\\laravel\\framework\\src\\Illuminate\\Console\\Command.php(180): Symfony\\Component\\Console\\Command\\Command->run(Object(Symfony\\Component\\Console\\Input\\ArgvInput), Object(Illuminate\\Console\\OutputStyle))\n#29 C:\\xampp\\htdocs\\6figstrade\\vendor\\symfony\\console\\Application.php(1096): Illuminate\\Console\\Command->run(Object(Symfony\\Component\\Console\\Input\\ArgvInput), Object(Symfony\\Component\\Console\\Output\\ConsoleOutput))\n#30 C:\\xampp\\htdocs\\6figstrade\\vendor\\symfony\\console\\Application.php(324): Symfony\\Component\\Console\\Application->doRunCommand(Object(Illuminate\\Queue\\Console\\WorkCommand), Object(Symfony\\Component\\Console\\Input\\ArgvInput), Object(Symfony\\Component\\Console\\Output\\ConsoleOutput))\n#31 C:\\xampp\\htdocs\\6figstrade\\vendor\\symfony\\console\\Application.php(175): Symfony\\Component\\Console\\Application->doRun(Object(Symfony\\Component\\Console\\Input\\ArgvInput), Object(Symfony\\Component\\Console\\Output\\ConsoleOutput))\n#32 C:\\xampp\\htdocs\\6figstrade\\vendor\\laravel\\framework\\src\\Illuminate\\Foundation\\Console\\Kernel.php(201): Symfony\\Component\\Console\\Application->run(Object(Symfony\\Component\\Console\\Input\\ArgvInput), Object(Symfony\\Component\\Console\\Output\\ConsoleOutput))\n#33 C:\\xampp\\htdocs\\6figstrade\\artisan(35): Illuminate\\Foundation\\Console\\Kernel->handle(Object(Symfony\\Component\\Console\\Input\\ArgvInput), Object(Symfony\\Component\\Console\\Output\\ConsoleOutput))\n#34 {main}', '2025-10-10 20:11:36'),
(76, '9fab6570-d39f-425e-9c7b-34bc585db569', 'database', 'default', '{\"uuid\":\"9fab6570-d39f-425e-9c7b-34bc585db569\",\"displayName\":\"App\\\\Events\\\\UserTyping\",\"job\":\"Illuminate\\\\Queue\\\\CallQueuedHandler@call\",\"maxTries\":null,\"maxExceptions\":null,\"failOnTimeout\":false,\"backoff\":null,\"timeout\":null,\"retryUntil\":null,\"data\":{\"commandName\":\"Illuminate\\\\Broadcasting\\\\BroadcastEvent\",\"command\":\"O:38:\\\"Illuminate\\\\Broadcasting\\\\BroadcastEvent\\\":14:{s:5:\\\"event\\\";O:21:\\\"App\\\\Events\\\\UserTyping\\\":1:{s:7:\\\"user_id\\\";i:111;}s:5:\\\"tries\\\";N;s:7:\\\"timeout\\\";N;s:7:\\\"backoff\\\";N;s:13:\\\"maxExceptions\\\";N;s:10:\\\"connection\\\";N;s:5:\\\"queue\\\";N;s:15:\\\"chainConnection\\\";N;s:10:\\\"chainQueue\\\";N;s:19:\\\"chainCatchCallbacks\\\";N;s:5:\\\"delay\\\";N;s:11:\\\"afterCommit\\\";N;s:10:\\\"middleware\\\";a:0:{}s:7:\\\"chained\\\";a:0:{}}\"}}', 'Illuminate\\Broadcasting\\BroadcastException: Pusher error: App key e10972754f11b36a3ddd not in this cluster. Did you forget to specify the cluster?\n. in C:\\xampp\\htdocs\\6figstrade\\vendor\\laravel\\framework\\src\\Illuminate\\Broadcasting\\Broadcasters\\PusherBroadcaster.php:164\nStack trace:\n#0 C:\\xampp\\htdocs\\6figstrade\\vendor\\laravel\\framework\\src\\Illuminate\\Broadcasting\\BroadcastEvent.php(92): Illuminate\\Broadcasting\\Broadcasters\\PusherBroadcaster->broadcast(Object(Illuminate\\Support\\Collection), \'App\\\\Events\\\\User...\', Array)\n#1 C:\\xampp\\htdocs\\6figstrade\\vendor\\laravel\\framework\\src\\Illuminate\\Container\\BoundMethod.php(36): Illuminate\\Broadcasting\\BroadcastEvent->handle(Object(Illuminate\\Broadcasting\\BroadcastManager))\n#2 C:\\xampp\\htdocs\\6figstrade\\vendor\\laravel\\framework\\src\\Illuminate\\Container\\Util.php(41): Illuminate\\Container\\BoundMethod::Illuminate\\Container\\{closure}()\n#3 C:\\xampp\\htdocs\\6figstrade\\vendor\\laravel\\framework\\src\\Illuminate\\Container\\BoundMethod.php(93): Illuminate\\Container\\Util::unwrapIfClosure(Object(Closure))\n#4 C:\\xampp\\htdocs\\6figstrade\\vendor\\laravel\\framework\\src\\Illuminate\\Container\\BoundMethod.php(35): Illuminate\\Container\\BoundMethod::callBoundMethod(Object(Illuminate\\Foundation\\Application), Array, Object(Closure))\n#5 C:\\xampp\\htdocs\\6figstrade\\vendor\\laravel\\framework\\src\\Illuminate\\Container\\Container.php(662): Illuminate\\Container\\BoundMethod::call(Object(Illuminate\\Foundation\\Application), Array, Array, NULL)\n#6 C:\\xampp\\htdocs\\6figstrade\\vendor\\laravel\\framework\\src\\Illuminate\\Bus\\Dispatcher.php(128): Illuminate\\Container\\Container->call(Array)\n#7 C:\\xampp\\htdocs\\6figstrade\\vendor\\laravel\\framework\\src\\Illuminate\\Pipeline\\Pipeline.php(144): Illuminate\\Bus\\Dispatcher->Illuminate\\Bus\\{closure}(Object(Illuminate\\Broadcasting\\BroadcastEvent))\n#8 C:\\xampp\\htdocs\\6figstrade\\vendor\\laravel\\framework\\src\\Illuminate\\Pipeline\\Pipeline.php(119): Illuminate\\Pipeline\\Pipeline->Illuminate\\Pipeline\\{closure}(Object(Illuminate\\Broadcasting\\BroadcastEvent))\n#9 C:\\xampp\\htdocs\\6figstrade\\vendor\\laravel\\framework\\src\\Illuminate\\Bus\\Dispatcher.php(132): Illuminate\\Pipeline\\Pipeline->then(Object(Closure))\n#10 C:\\xampp\\htdocs\\6figstrade\\vendor\\laravel\\framework\\src\\Illuminate\\Queue\\CallQueuedHandler.php(123): Illuminate\\Bus\\Dispatcher->dispatchNow(Object(Illuminate\\Broadcasting\\BroadcastEvent), false)\n#11 C:\\xampp\\htdocs\\6figstrade\\vendor\\laravel\\framework\\src\\Illuminate\\Pipeline\\Pipeline.php(144): Illuminate\\Queue\\CallQueuedHandler->Illuminate\\Queue\\{closure}(Object(Illuminate\\Broadcasting\\BroadcastEvent))\n#12 C:\\xampp\\htdocs\\6figstrade\\vendor\\laravel\\framework\\src\\Illuminate\\Pipeline\\Pipeline.php(119): Illuminate\\Pipeline\\Pipeline->Illuminate\\Pipeline\\{closure}(Object(Illuminate\\Broadcasting\\BroadcastEvent))\n#13 C:\\xampp\\htdocs\\6figstrade\\vendor\\laravel\\framework\\src\\Illuminate\\Queue\\CallQueuedHandler.php(122): Illuminate\\Pipeline\\Pipeline->then(Object(Closure))\n#14 C:\\xampp\\htdocs\\6figstrade\\vendor\\laravel\\framework\\src\\Illuminate\\Queue\\CallQueuedHandler.php(70): Illuminate\\Queue\\CallQueuedHandler->dispatchThroughMiddleware(Object(Illuminate\\Queue\\Jobs\\DatabaseJob), Object(Illuminate\\Broadcasting\\BroadcastEvent))\n#15 C:\\xampp\\htdocs\\6figstrade\\vendor\\laravel\\framework\\src\\Illuminate\\Queue\\Jobs\\Job.php(102): Illuminate\\Queue\\CallQueuedHandler->call(Object(Illuminate\\Queue\\Jobs\\DatabaseJob), Array)\n#16 C:\\xampp\\htdocs\\6figstrade\\vendor\\laravel\\framework\\src\\Illuminate\\Queue\\Worker.php(439): Illuminate\\Queue\\Jobs\\Job->fire()\n#17 C:\\xampp\\htdocs\\6figstrade\\vendor\\laravel\\framework\\src\\Illuminate\\Queue\\Worker.php(389): Illuminate\\Queue\\Worker->process(\'database\', Object(Illuminate\\Queue\\Jobs\\DatabaseJob), Object(Illuminate\\Queue\\WorkerOptions))\n#18 C:\\xampp\\htdocs\\6figstrade\\vendor\\laravel\\framework\\src\\Illuminate\\Queue\\Worker.php(176): Illuminate\\Queue\\Worker->runJob(Object(Illuminate\\Queue\\Jobs\\DatabaseJob), \'database\', Object(Illuminate\\Queue\\WorkerOptions))\n#19 C:\\xampp\\htdocs\\6figstrade\\vendor\\laravel\\framework\\src\\Illuminate\\Queue\\Console\\WorkCommand.php(137): Illuminate\\Queue\\Worker->daemon(\'database\', \'default\', Object(Illuminate\\Queue\\WorkerOptions))\n#20 C:\\xampp\\htdocs\\6figstrade\\vendor\\laravel\\framework\\src\\Illuminate\\Queue\\Console\\WorkCommand.php(120): Illuminate\\Queue\\Console\\WorkCommand->runWorker(\'database\', \'default\')\n#21 C:\\xampp\\htdocs\\6figstrade\\vendor\\laravel\\framework\\src\\Illuminate\\Container\\BoundMethod.php(36): Illuminate\\Queue\\Console\\WorkCommand->handle()\n#22 C:\\xampp\\htdocs\\6figstrade\\vendor\\laravel\\framework\\src\\Illuminate\\Container\\Util.php(41): Illuminate\\Container\\BoundMethod::Illuminate\\Container\\{closure}()\n#23 C:\\xampp\\htdocs\\6figstrade\\vendor\\laravel\\framework\\src\\Illuminate\\Container\\BoundMethod.php(93): Illuminate\\Container\\Util::unwrapIfClosure(Object(Closure))\n#24 C:\\xampp\\htdocs\\6figstrade\\vendor\\laravel\\framework\\src\\Illuminate\\Container\\BoundMethod.php(35): Illuminate\\Container\\BoundMethod::callBoundMethod(Object(Illuminate\\Foundation\\Application), Array, Object(Closure))\n#25 C:\\xampp\\htdocs\\6figstrade\\vendor\\laravel\\framework\\src\\Illuminate\\Container\\Container.php(662): Illuminate\\Container\\BoundMethod::call(Object(Illuminate\\Foundation\\Application), Array, Array, NULL)\n#26 C:\\xampp\\htdocs\\6figstrade\\vendor\\laravel\\framework\\src\\Illuminate\\Console\\Command.php(211): Illuminate\\Container\\Container->call(Array)\n#27 C:\\xampp\\htdocs\\6figstrade\\vendor\\symfony\\console\\Command\\Command.php(326): Illuminate\\Console\\Command->execute(Object(Symfony\\Component\\Console\\Input\\ArgvInput), Object(Illuminate\\Console\\OutputStyle))\n#28 C:\\xampp\\htdocs\\6figstrade\\vendor\\laravel\\framework\\src\\Illuminate\\Console\\Command.php(180): Symfony\\Component\\Console\\Command\\Command->run(Object(Symfony\\Component\\Console\\Input\\ArgvInput), Object(Illuminate\\Console\\OutputStyle))\n#29 C:\\xampp\\htdocs\\6figstrade\\vendor\\symfony\\console\\Application.php(1096): Illuminate\\Console\\Command->run(Object(Symfony\\Component\\Console\\Input\\ArgvInput), Object(Symfony\\Component\\Console\\Output\\ConsoleOutput))\n#30 C:\\xampp\\htdocs\\6figstrade\\vendor\\symfony\\console\\Application.php(324): Symfony\\Component\\Console\\Application->doRunCommand(Object(Illuminate\\Queue\\Console\\WorkCommand), Object(Symfony\\Component\\Console\\Input\\ArgvInput), Object(Symfony\\Component\\Console\\Output\\ConsoleOutput))\n#31 C:\\xampp\\htdocs\\6figstrade\\vendor\\symfony\\console\\Application.php(175): Symfony\\Component\\Console\\Application->doRun(Object(Symfony\\Component\\Console\\Input\\ArgvInput), Object(Symfony\\Component\\Console\\Output\\ConsoleOutput))\n#32 C:\\xampp\\htdocs\\6figstrade\\vendor\\laravel\\framework\\src\\Illuminate\\Foundation\\Console\\Kernel.php(201): Symfony\\Component\\Console\\Application->run(Object(Symfony\\Component\\Console\\Input\\ArgvInput), Object(Symfony\\Component\\Console\\Output\\ConsoleOutput))\n#33 C:\\xampp\\htdocs\\6figstrade\\artisan(35): Illuminate\\Foundation\\Console\\Kernel->handle(Object(Symfony\\Component\\Console\\Input\\ArgvInput), Object(Symfony\\Component\\Console\\Output\\ConsoleOutput))\n#34 {main}', '2025-10-10 20:11:36'),
(77, 'bfb30e72-755d-467c-84cb-4f59a3adb699', 'database', 'default', '{\"uuid\":\"bfb30e72-755d-467c-84cb-4f59a3adb699\",\"displayName\":\"App\\\\Events\\\\UserTyping\",\"job\":\"Illuminate\\\\Queue\\\\CallQueuedHandler@call\",\"maxTries\":null,\"maxExceptions\":null,\"failOnTimeout\":false,\"backoff\":null,\"timeout\":null,\"retryUntil\":null,\"data\":{\"commandName\":\"Illuminate\\\\Broadcasting\\\\BroadcastEvent\",\"command\":\"O:38:\\\"Illuminate\\\\Broadcasting\\\\BroadcastEvent\\\":14:{s:5:\\\"event\\\";O:21:\\\"App\\\\Events\\\\UserTyping\\\":1:{s:7:\\\"user_id\\\";i:111;}s:5:\\\"tries\\\";N;s:7:\\\"timeout\\\";N;s:7:\\\"backoff\\\";N;s:13:\\\"maxExceptions\\\";N;s:10:\\\"connection\\\";N;s:5:\\\"queue\\\";N;s:15:\\\"chainConnection\\\";N;s:10:\\\"chainQueue\\\";N;s:19:\\\"chainCatchCallbacks\\\";N;s:5:\\\"delay\\\";N;s:11:\\\"afterCommit\\\";N;s:10:\\\"middleware\\\";a:0:{}s:7:\\\"chained\\\";a:0:{}}\"}}', 'Illuminate\\Broadcasting\\BroadcastException: Pusher error: App key e10972754f11b36a3ddd not in this cluster. Did you forget to specify the cluster?\n. in C:\\xampp\\htdocs\\6figstrade\\vendor\\laravel\\framework\\src\\Illuminate\\Broadcasting\\Broadcasters\\PusherBroadcaster.php:164\nStack trace:\n#0 C:\\xampp\\htdocs\\6figstrade\\vendor\\laravel\\framework\\src\\Illuminate\\Broadcasting\\BroadcastEvent.php(92): Illuminate\\Broadcasting\\Broadcasters\\PusherBroadcaster->broadcast(Object(Illuminate\\Support\\Collection), \'App\\\\Events\\\\User...\', Array)\n#1 C:\\xampp\\htdocs\\6figstrade\\vendor\\laravel\\framework\\src\\Illuminate\\Container\\BoundMethod.php(36): Illuminate\\Broadcasting\\BroadcastEvent->handle(Object(Illuminate\\Broadcasting\\BroadcastManager))\n#2 C:\\xampp\\htdocs\\6figstrade\\vendor\\laravel\\framework\\src\\Illuminate\\Container\\Util.php(41): Illuminate\\Container\\BoundMethod::Illuminate\\Container\\{closure}()\n#3 C:\\xampp\\htdocs\\6figstrade\\vendor\\laravel\\framework\\src\\Illuminate\\Container\\BoundMethod.php(93): Illuminate\\Container\\Util::unwrapIfClosure(Object(Closure))\n#4 C:\\xampp\\htdocs\\6figstrade\\vendor\\laravel\\framework\\src\\Illuminate\\Container\\BoundMethod.php(35): Illuminate\\Container\\BoundMethod::callBoundMethod(Object(Illuminate\\Foundation\\Application), Array, Object(Closure))\n#5 C:\\xampp\\htdocs\\6figstrade\\vendor\\laravel\\framework\\src\\Illuminate\\Container\\Container.php(662): Illuminate\\Container\\BoundMethod::call(Object(Illuminate\\Foundation\\Application), Array, Array, NULL)\n#6 C:\\xampp\\htdocs\\6figstrade\\vendor\\laravel\\framework\\src\\Illuminate\\Bus\\Dispatcher.php(128): Illuminate\\Container\\Container->call(Array)\n#7 C:\\xampp\\htdocs\\6figstrade\\vendor\\laravel\\framework\\src\\Illuminate\\Pipeline\\Pipeline.php(144): Illuminate\\Bus\\Dispatcher->Illuminate\\Bus\\{closure}(Object(Illuminate\\Broadcasting\\BroadcastEvent))\n#8 C:\\xampp\\htdocs\\6figstrade\\vendor\\laravel\\framework\\src\\Illuminate\\Pipeline\\Pipeline.php(119): Illuminate\\Pipeline\\Pipeline->Illuminate\\Pipeline\\{closure}(Object(Illuminate\\Broadcasting\\BroadcastEvent))\n#9 C:\\xampp\\htdocs\\6figstrade\\vendor\\laravel\\framework\\src\\Illuminate\\Bus\\Dispatcher.php(132): Illuminate\\Pipeline\\Pipeline->then(Object(Closure))\n#10 C:\\xampp\\htdocs\\6figstrade\\vendor\\laravel\\framework\\src\\Illuminate\\Queue\\CallQueuedHandler.php(123): Illuminate\\Bus\\Dispatcher->dispatchNow(Object(Illuminate\\Broadcasting\\BroadcastEvent), false)\n#11 C:\\xampp\\htdocs\\6figstrade\\vendor\\laravel\\framework\\src\\Illuminate\\Pipeline\\Pipeline.php(144): Illuminate\\Queue\\CallQueuedHandler->Illuminate\\Queue\\{closure}(Object(Illuminate\\Broadcasting\\BroadcastEvent))\n#12 C:\\xampp\\htdocs\\6figstrade\\vendor\\laravel\\framework\\src\\Illuminate\\Pipeline\\Pipeline.php(119): Illuminate\\Pipeline\\Pipeline->Illuminate\\Pipeline\\{closure}(Object(Illuminate\\Broadcasting\\BroadcastEvent))\n#13 C:\\xampp\\htdocs\\6figstrade\\vendor\\laravel\\framework\\src\\Illuminate\\Queue\\CallQueuedHandler.php(122): Illuminate\\Pipeline\\Pipeline->then(Object(Closure))\n#14 C:\\xampp\\htdocs\\6figstrade\\vendor\\laravel\\framework\\src\\Illuminate\\Queue\\CallQueuedHandler.php(70): Illuminate\\Queue\\CallQueuedHandler->dispatchThroughMiddleware(Object(Illuminate\\Queue\\Jobs\\DatabaseJob), Object(Illuminate\\Broadcasting\\BroadcastEvent))\n#15 C:\\xampp\\htdocs\\6figstrade\\vendor\\laravel\\framework\\src\\Illuminate\\Queue\\Jobs\\Job.php(102): Illuminate\\Queue\\CallQueuedHandler->call(Object(Illuminate\\Queue\\Jobs\\DatabaseJob), Array)\n#16 C:\\xampp\\htdocs\\6figstrade\\vendor\\laravel\\framework\\src\\Illuminate\\Queue\\Worker.php(439): Illuminate\\Queue\\Jobs\\Job->fire()\n#17 C:\\xampp\\htdocs\\6figstrade\\vendor\\laravel\\framework\\src\\Illuminate\\Queue\\Worker.php(389): Illuminate\\Queue\\Worker->process(\'database\', Object(Illuminate\\Queue\\Jobs\\DatabaseJob), Object(Illuminate\\Queue\\WorkerOptions))\n#18 C:\\xampp\\htdocs\\6figstrade\\vendor\\laravel\\framework\\src\\Illuminate\\Queue\\Worker.php(176): Illuminate\\Queue\\Worker->runJob(Object(Illuminate\\Queue\\Jobs\\DatabaseJob), \'database\', Object(Illuminate\\Queue\\WorkerOptions))\n#19 C:\\xampp\\htdocs\\6figstrade\\vendor\\laravel\\framework\\src\\Illuminate\\Queue\\Console\\WorkCommand.php(137): Illuminate\\Queue\\Worker->daemon(\'database\', \'default\', Object(Illuminate\\Queue\\WorkerOptions))\n#20 C:\\xampp\\htdocs\\6figstrade\\vendor\\laravel\\framework\\src\\Illuminate\\Queue\\Console\\WorkCommand.php(120): Illuminate\\Queue\\Console\\WorkCommand->runWorker(\'database\', \'default\')\n#21 C:\\xampp\\htdocs\\6figstrade\\vendor\\laravel\\framework\\src\\Illuminate\\Container\\BoundMethod.php(36): Illuminate\\Queue\\Console\\WorkCommand->handle()\n#22 C:\\xampp\\htdocs\\6figstrade\\vendor\\laravel\\framework\\src\\Illuminate\\Container\\Util.php(41): Illuminate\\Container\\BoundMethod::Illuminate\\Container\\{closure}()\n#23 C:\\xampp\\htdocs\\6figstrade\\vendor\\laravel\\framework\\src\\Illuminate\\Container\\BoundMethod.php(93): Illuminate\\Container\\Util::unwrapIfClosure(Object(Closure))\n#24 C:\\xampp\\htdocs\\6figstrade\\vendor\\laravel\\framework\\src\\Illuminate\\Container\\BoundMethod.php(35): Illuminate\\Container\\BoundMethod::callBoundMethod(Object(Illuminate\\Foundation\\Application), Array, Object(Closure))\n#25 C:\\xampp\\htdocs\\6figstrade\\vendor\\laravel\\framework\\src\\Illuminate\\Container\\Container.php(662): Illuminate\\Container\\BoundMethod::call(Object(Illuminate\\Foundation\\Application), Array, Array, NULL)\n#26 C:\\xampp\\htdocs\\6figstrade\\vendor\\laravel\\framework\\src\\Illuminate\\Console\\Command.php(211): Illuminate\\Container\\Container->call(Array)\n#27 C:\\xampp\\htdocs\\6figstrade\\vendor\\symfony\\console\\Command\\Command.php(326): Illuminate\\Console\\Command->execute(Object(Symfony\\Component\\Console\\Input\\ArgvInput), Object(Illuminate\\Console\\OutputStyle))\n#28 C:\\xampp\\htdocs\\6figstrade\\vendor\\laravel\\framework\\src\\Illuminate\\Console\\Command.php(180): Symfony\\Component\\Console\\Command\\Command->run(Object(Symfony\\Component\\Console\\Input\\ArgvInput), Object(Illuminate\\Console\\OutputStyle))\n#29 C:\\xampp\\htdocs\\6figstrade\\vendor\\symfony\\console\\Application.php(1096): Illuminate\\Console\\Command->run(Object(Symfony\\Component\\Console\\Input\\ArgvInput), Object(Symfony\\Component\\Console\\Output\\ConsoleOutput))\n#30 C:\\xampp\\htdocs\\6figstrade\\vendor\\symfony\\console\\Application.php(324): Symfony\\Component\\Console\\Application->doRunCommand(Object(Illuminate\\Queue\\Console\\WorkCommand), Object(Symfony\\Component\\Console\\Input\\ArgvInput), Object(Symfony\\Component\\Console\\Output\\ConsoleOutput))\n#31 C:\\xampp\\htdocs\\6figstrade\\vendor\\symfony\\console\\Application.php(175): Symfony\\Component\\Console\\Application->doRun(Object(Symfony\\Component\\Console\\Input\\ArgvInput), Object(Symfony\\Component\\Console\\Output\\ConsoleOutput))\n#32 C:\\xampp\\htdocs\\6figstrade\\vendor\\laravel\\framework\\src\\Illuminate\\Foundation\\Console\\Kernel.php(201): Symfony\\Component\\Console\\Application->run(Object(Symfony\\Component\\Console\\Input\\ArgvInput), Object(Symfony\\Component\\Console\\Output\\ConsoleOutput))\n#33 C:\\xampp\\htdocs\\6figstrade\\artisan(35): Illuminate\\Foundation\\Console\\Kernel->handle(Object(Symfony\\Component\\Console\\Input\\ArgvInput), Object(Symfony\\Component\\Console\\Output\\ConsoleOutput))\n#34 {main}', '2025-10-10 20:11:37');
INSERT INTO `failed_jobs` (`id`, `uuid`, `connection`, `queue`, `payload`, `exception`, `failed_at`) VALUES
(78, 'fca18b81-73d1-41a8-9508-148bfe97a7f6', 'database', 'default', '{\"uuid\":\"fca18b81-73d1-41a8-9508-148bfe97a7f6\",\"displayName\":\"App\\\\Events\\\\UserTyping\",\"job\":\"Illuminate\\\\Queue\\\\CallQueuedHandler@call\",\"maxTries\":null,\"maxExceptions\":null,\"failOnTimeout\":false,\"backoff\":null,\"timeout\":null,\"retryUntil\":null,\"data\":{\"commandName\":\"Illuminate\\\\Broadcasting\\\\BroadcastEvent\",\"command\":\"O:38:\\\"Illuminate\\\\Broadcasting\\\\BroadcastEvent\\\":14:{s:5:\\\"event\\\";O:21:\\\"App\\\\Events\\\\UserTyping\\\":1:{s:7:\\\"user_id\\\";i:111;}s:5:\\\"tries\\\";N;s:7:\\\"timeout\\\";N;s:7:\\\"backoff\\\";N;s:13:\\\"maxExceptions\\\";N;s:10:\\\"connection\\\";N;s:5:\\\"queue\\\";N;s:15:\\\"chainConnection\\\";N;s:10:\\\"chainQueue\\\";N;s:19:\\\"chainCatchCallbacks\\\";N;s:5:\\\"delay\\\";N;s:11:\\\"afterCommit\\\";N;s:10:\\\"middleware\\\";a:0:{}s:7:\\\"chained\\\";a:0:{}}\"}}', 'Illuminate\\Broadcasting\\BroadcastException: Pusher error: App key e10972754f11b36a3ddd not in this cluster. Did you forget to specify the cluster?\n. in C:\\xampp\\htdocs\\6figstrade\\vendor\\laravel\\framework\\src\\Illuminate\\Broadcasting\\Broadcasters\\PusherBroadcaster.php:164\nStack trace:\n#0 C:\\xampp\\htdocs\\6figstrade\\vendor\\laravel\\framework\\src\\Illuminate\\Broadcasting\\BroadcastEvent.php(92): Illuminate\\Broadcasting\\Broadcasters\\PusherBroadcaster->broadcast(Object(Illuminate\\Support\\Collection), \'App\\\\Events\\\\User...\', Array)\n#1 C:\\xampp\\htdocs\\6figstrade\\vendor\\laravel\\framework\\src\\Illuminate\\Container\\BoundMethod.php(36): Illuminate\\Broadcasting\\BroadcastEvent->handle(Object(Illuminate\\Broadcasting\\BroadcastManager))\n#2 C:\\xampp\\htdocs\\6figstrade\\vendor\\laravel\\framework\\src\\Illuminate\\Container\\Util.php(41): Illuminate\\Container\\BoundMethod::Illuminate\\Container\\{closure}()\n#3 C:\\xampp\\htdocs\\6figstrade\\vendor\\laravel\\framework\\src\\Illuminate\\Container\\BoundMethod.php(93): Illuminate\\Container\\Util::unwrapIfClosure(Object(Closure))\n#4 C:\\xampp\\htdocs\\6figstrade\\vendor\\laravel\\framework\\src\\Illuminate\\Container\\BoundMethod.php(35): Illuminate\\Container\\BoundMethod::callBoundMethod(Object(Illuminate\\Foundation\\Application), Array, Object(Closure))\n#5 C:\\xampp\\htdocs\\6figstrade\\vendor\\laravel\\framework\\src\\Illuminate\\Container\\Container.php(662): Illuminate\\Container\\BoundMethod::call(Object(Illuminate\\Foundation\\Application), Array, Array, NULL)\n#6 C:\\xampp\\htdocs\\6figstrade\\vendor\\laravel\\framework\\src\\Illuminate\\Bus\\Dispatcher.php(128): Illuminate\\Container\\Container->call(Array)\n#7 C:\\xampp\\htdocs\\6figstrade\\vendor\\laravel\\framework\\src\\Illuminate\\Pipeline\\Pipeline.php(144): Illuminate\\Bus\\Dispatcher->Illuminate\\Bus\\{closure}(Object(Illuminate\\Broadcasting\\BroadcastEvent))\n#8 C:\\xampp\\htdocs\\6figstrade\\vendor\\laravel\\framework\\src\\Illuminate\\Pipeline\\Pipeline.php(119): Illuminate\\Pipeline\\Pipeline->Illuminate\\Pipeline\\{closure}(Object(Illuminate\\Broadcasting\\BroadcastEvent))\n#9 C:\\xampp\\htdocs\\6figstrade\\vendor\\laravel\\framework\\src\\Illuminate\\Bus\\Dispatcher.php(132): Illuminate\\Pipeline\\Pipeline->then(Object(Closure))\n#10 C:\\xampp\\htdocs\\6figstrade\\vendor\\laravel\\framework\\src\\Illuminate\\Queue\\CallQueuedHandler.php(123): Illuminate\\Bus\\Dispatcher->dispatchNow(Object(Illuminate\\Broadcasting\\BroadcastEvent), false)\n#11 C:\\xampp\\htdocs\\6figstrade\\vendor\\laravel\\framework\\src\\Illuminate\\Pipeline\\Pipeline.php(144): Illuminate\\Queue\\CallQueuedHandler->Illuminate\\Queue\\{closure}(Object(Illuminate\\Broadcasting\\BroadcastEvent))\n#12 C:\\xampp\\htdocs\\6figstrade\\vendor\\laravel\\framework\\src\\Illuminate\\Pipeline\\Pipeline.php(119): Illuminate\\Pipeline\\Pipeline->Illuminate\\Pipeline\\{closure}(Object(Illuminate\\Broadcasting\\BroadcastEvent))\n#13 C:\\xampp\\htdocs\\6figstrade\\vendor\\laravel\\framework\\src\\Illuminate\\Queue\\CallQueuedHandler.php(122): Illuminate\\Pipeline\\Pipeline->then(Object(Closure))\n#14 C:\\xampp\\htdocs\\6figstrade\\vendor\\laravel\\framework\\src\\Illuminate\\Queue\\CallQueuedHandler.php(70): Illuminate\\Queue\\CallQueuedHandler->dispatchThroughMiddleware(Object(Illuminate\\Queue\\Jobs\\DatabaseJob), Object(Illuminate\\Broadcasting\\BroadcastEvent))\n#15 C:\\xampp\\htdocs\\6figstrade\\vendor\\laravel\\framework\\src\\Illuminate\\Queue\\Jobs\\Job.php(102): Illuminate\\Queue\\CallQueuedHandler->call(Object(Illuminate\\Queue\\Jobs\\DatabaseJob), Array)\n#16 C:\\xampp\\htdocs\\6figstrade\\vendor\\laravel\\framework\\src\\Illuminate\\Queue\\Worker.php(439): Illuminate\\Queue\\Jobs\\Job->fire()\n#17 C:\\xampp\\htdocs\\6figstrade\\vendor\\laravel\\framework\\src\\Illuminate\\Queue\\Worker.php(389): Illuminate\\Queue\\Worker->process(\'database\', Object(Illuminate\\Queue\\Jobs\\DatabaseJob), Object(Illuminate\\Queue\\WorkerOptions))\n#18 C:\\xampp\\htdocs\\6figstrade\\vendor\\laravel\\framework\\src\\Illuminate\\Queue\\Worker.php(176): Illuminate\\Queue\\Worker->runJob(Object(Illuminate\\Queue\\Jobs\\DatabaseJob), \'database\', Object(Illuminate\\Queue\\WorkerOptions))\n#19 C:\\xampp\\htdocs\\6figstrade\\vendor\\laravel\\framework\\src\\Illuminate\\Queue\\Console\\WorkCommand.php(137): Illuminate\\Queue\\Worker->daemon(\'database\', \'default\', Object(Illuminate\\Queue\\WorkerOptions))\n#20 C:\\xampp\\htdocs\\6figstrade\\vendor\\laravel\\framework\\src\\Illuminate\\Queue\\Console\\WorkCommand.php(120): Illuminate\\Queue\\Console\\WorkCommand->runWorker(\'database\', \'default\')\n#21 C:\\xampp\\htdocs\\6figstrade\\vendor\\laravel\\framework\\src\\Illuminate\\Container\\BoundMethod.php(36): Illuminate\\Queue\\Console\\WorkCommand->handle()\n#22 C:\\xampp\\htdocs\\6figstrade\\vendor\\laravel\\framework\\src\\Illuminate\\Container\\Util.php(41): Illuminate\\Container\\BoundMethod::Illuminate\\Container\\{closure}()\n#23 C:\\xampp\\htdocs\\6figstrade\\vendor\\laravel\\framework\\src\\Illuminate\\Container\\BoundMethod.php(93): Illuminate\\Container\\Util::unwrapIfClosure(Object(Closure))\n#24 C:\\xampp\\htdocs\\6figstrade\\vendor\\laravel\\framework\\src\\Illuminate\\Container\\BoundMethod.php(35): Illuminate\\Container\\BoundMethod::callBoundMethod(Object(Illuminate\\Foundation\\Application), Array, Object(Closure))\n#25 C:\\xampp\\htdocs\\6figstrade\\vendor\\laravel\\framework\\src\\Illuminate\\Container\\Container.php(662): Illuminate\\Container\\BoundMethod::call(Object(Illuminate\\Foundation\\Application), Array, Array, NULL)\n#26 C:\\xampp\\htdocs\\6figstrade\\vendor\\laravel\\framework\\src\\Illuminate\\Console\\Command.php(211): Illuminate\\Container\\Container->call(Array)\n#27 C:\\xampp\\htdocs\\6figstrade\\vendor\\symfony\\console\\Command\\Command.php(326): Illuminate\\Console\\Command->execute(Object(Symfony\\Component\\Console\\Input\\ArgvInput), Object(Illuminate\\Console\\OutputStyle))\n#28 C:\\xampp\\htdocs\\6figstrade\\vendor\\laravel\\framework\\src\\Illuminate\\Console\\Command.php(180): Symfony\\Component\\Console\\Command\\Command->run(Object(Symfony\\Component\\Console\\Input\\ArgvInput), Object(Illuminate\\Console\\OutputStyle))\n#29 C:\\xampp\\htdocs\\6figstrade\\vendor\\symfony\\console\\Application.php(1096): Illuminate\\Console\\Command->run(Object(Symfony\\Component\\Console\\Input\\ArgvInput), Object(Symfony\\Component\\Console\\Output\\ConsoleOutput))\n#30 C:\\xampp\\htdocs\\6figstrade\\vendor\\symfony\\console\\Application.php(324): Symfony\\Component\\Console\\Application->doRunCommand(Object(Illuminate\\Queue\\Console\\WorkCommand), Object(Symfony\\Component\\Console\\Input\\ArgvInput), Object(Symfony\\Component\\Console\\Output\\ConsoleOutput))\n#31 C:\\xampp\\htdocs\\6figstrade\\vendor\\symfony\\console\\Application.php(175): Symfony\\Component\\Console\\Application->doRun(Object(Symfony\\Component\\Console\\Input\\ArgvInput), Object(Symfony\\Component\\Console\\Output\\ConsoleOutput))\n#32 C:\\xampp\\htdocs\\6figstrade\\vendor\\laravel\\framework\\src\\Illuminate\\Foundation\\Console\\Kernel.php(201): Symfony\\Component\\Console\\Application->run(Object(Symfony\\Component\\Console\\Input\\ArgvInput), Object(Symfony\\Component\\Console\\Output\\ConsoleOutput))\n#33 C:\\xampp\\htdocs\\6figstrade\\artisan(35): Illuminate\\Foundation\\Console\\Kernel->handle(Object(Symfony\\Component\\Console\\Input\\ArgvInput), Object(Symfony\\Component\\Console\\Output\\ConsoleOutput))\n#34 {main}', '2025-10-10 20:11:38'),
(79, '8a9b4bf9-9e6b-4c18-8ae2-46ec92e70453', 'database', 'default', '{\"uuid\":\"8a9b4bf9-9e6b-4c18-8ae2-46ec92e70453\",\"displayName\":\"App\\\\Events\\\\UserTyping\",\"job\":\"Illuminate\\\\Queue\\\\CallQueuedHandler@call\",\"maxTries\":null,\"maxExceptions\":null,\"failOnTimeout\":false,\"backoff\":null,\"timeout\":null,\"retryUntil\":null,\"data\":{\"commandName\":\"Illuminate\\\\Broadcasting\\\\BroadcastEvent\",\"command\":\"O:38:\\\"Illuminate\\\\Broadcasting\\\\BroadcastEvent\\\":14:{s:5:\\\"event\\\";O:21:\\\"App\\\\Events\\\\UserTyping\\\":1:{s:7:\\\"user_id\\\";i:111;}s:5:\\\"tries\\\";N;s:7:\\\"timeout\\\";N;s:7:\\\"backoff\\\";N;s:13:\\\"maxExceptions\\\";N;s:10:\\\"connection\\\";N;s:5:\\\"queue\\\";N;s:15:\\\"chainConnection\\\";N;s:10:\\\"chainQueue\\\";N;s:19:\\\"chainCatchCallbacks\\\";N;s:5:\\\"delay\\\";N;s:11:\\\"afterCommit\\\";N;s:10:\\\"middleware\\\";a:0:{}s:7:\\\"chained\\\";a:0:{}}\"}}', 'Illuminate\\Broadcasting\\BroadcastException: Pusher error: App key e10972754f11b36a3ddd not in this cluster. Did you forget to specify the cluster?\n. in C:\\xampp\\htdocs\\6figstrade\\vendor\\laravel\\framework\\src\\Illuminate\\Broadcasting\\Broadcasters\\PusherBroadcaster.php:164\nStack trace:\n#0 C:\\xampp\\htdocs\\6figstrade\\vendor\\laravel\\framework\\src\\Illuminate\\Broadcasting\\BroadcastEvent.php(92): Illuminate\\Broadcasting\\Broadcasters\\PusherBroadcaster->broadcast(Object(Illuminate\\Support\\Collection), \'App\\\\Events\\\\User...\', Array)\n#1 C:\\xampp\\htdocs\\6figstrade\\vendor\\laravel\\framework\\src\\Illuminate\\Container\\BoundMethod.php(36): Illuminate\\Broadcasting\\BroadcastEvent->handle(Object(Illuminate\\Broadcasting\\BroadcastManager))\n#2 C:\\xampp\\htdocs\\6figstrade\\vendor\\laravel\\framework\\src\\Illuminate\\Container\\Util.php(41): Illuminate\\Container\\BoundMethod::Illuminate\\Container\\{closure}()\n#3 C:\\xampp\\htdocs\\6figstrade\\vendor\\laravel\\framework\\src\\Illuminate\\Container\\BoundMethod.php(93): Illuminate\\Container\\Util::unwrapIfClosure(Object(Closure))\n#4 C:\\xampp\\htdocs\\6figstrade\\vendor\\laravel\\framework\\src\\Illuminate\\Container\\BoundMethod.php(35): Illuminate\\Container\\BoundMethod::callBoundMethod(Object(Illuminate\\Foundation\\Application), Array, Object(Closure))\n#5 C:\\xampp\\htdocs\\6figstrade\\vendor\\laravel\\framework\\src\\Illuminate\\Container\\Container.php(662): Illuminate\\Container\\BoundMethod::call(Object(Illuminate\\Foundation\\Application), Array, Array, NULL)\n#6 C:\\xampp\\htdocs\\6figstrade\\vendor\\laravel\\framework\\src\\Illuminate\\Bus\\Dispatcher.php(128): Illuminate\\Container\\Container->call(Array)\n#7 C:\\xampp\\htdocs\\6figstrade\\vendor\\laravel\\framework\\src\\Illuminate\\Pipeline\\Pipeline.php(144): Illuminate\\Bus\\Dispatcher->Illuminate\\Bus\\{closure}(Object(Illuminate\\Broadcasting\\BroadcastEvent))\n#8 C:\\xampp\\htdocs\\6figstrade\\vendor\\laravel\\framework\\src\\Illuminate\\Pipeline\\Pipeline.php(119): Illuminate\\Pipeline\\Pipeline->Illuminate\\Pipeline\\{closure}(Object(Illuminate\\Broadcasting\\BroadcastEvent))\n#9 C:\\xampp\\htdocs\\6figstrade\\vendor\\laravel\\framework\\src\\Illuminate\\Bus\\Dispatcher.php(132): Illuminate\\Pipeline\\Pipeline->then(Object(Closure))\n#10 C:\\xampp\\htdocs\\6figstrade\\vendor\\laravel\\framework\\src\\Illuminate\\Queue\\CallQueuedHandler.php(123): Illuminate\\Bus\\Dispatcher->dispatchNow(Object(Illuminate\\Broadcasting\\BroadcastEvent), false)\n#11 C:\\xampp\\htdocs\\6figstrade\\vendor\\laravel\\framework\\src\\Illuminate\\Pipeline\\Pipeline.php(144): Illuminate\\Queue\\CallQueuedHandler->Illuminate\\Queue\\{closure}(Object(Illuminate\\Broadcasting\\BroadcastEvent))\n#12 C:\\xampp\\htdocs\\6figstrade\\vendor\\laravel\\framework\\src\\Illuminate\\Pipeline\\Pipeline.php(119): Illuminate\\Pipeline\\Pipeline->Illuminate\\Pipeline\\{closure}(Object(Illuminate\\Broadcasting\\BroadcastEvent))\n#13 C:\\xampp\\htdocs\\6figstrade\\vendor\\laravel\\framework\\src\\Illuminate\\Queue\\CallQueuedHandler.php(122): Illuminate\\Pipeline\\Pipeline->then(Object(Closure))\n#14 C:\\xampp\\htdocs\\6figstrade\\vendor\\laravel\\framework\\src\\Illuminate\\Queue\\CallQueuedHandler.php(70): Illuminate\\Queue\\CallQueuedHandler->dispatchThroughMiddleware(Object(Illuminate\\Queue\\Jobs\\DatabaseJob), Object(Illuminate\\Broadcasting\\BroadcastEvent))\n#15 C:\\xampp\\htdocs\\6figstrade\\vendor\\laravel\\framework\\src\\Illuminate\\Queue\\Jobs\\Job.php(102): Illuminate\\Queue\\CallQueuedHandler->call(Object(Illuminate\\Queue\\Jobs\\DatabaseJob), Array)\n#16 C:\\xampp\\htdocs\\6figstrade\\vendor\\laravel\\framework\\src\\Illuminate\\Queue\\Worker.php(439): Illuminate\\Queue\\Jobs\\Job->fire()\n#17 C:\\xampp\\htdocs\\6figstrade\\vendor\\laravel\\framework\\src\\Illuminate\\Queue\\Worker.php(389): Illuminate\\Queue\\Worker->process(\'database\', Object(Illuminate\\Queue\\Jobs\\DatabaseJob), Object(Illuminate\\Queue\\WorkerOptions))\n#18 C:\\xampp\\htdocs\\6figstrade\\vendor\\laravel\\framework\\src\\Illuminate\\Queue\\Worker.php(176): Illuminate\\Queue\\Worker->runJob(Object(Illuminate\\Queue\\Jobs\\DatabaseJob), \'database\', Object(Illuminate\\Queue\\WorkerOptions))\n#19 C:\\xampp\\htdocs\\6figstrade\\vendor\\laravel\\framework\\src\\Illuminate\\Queue\\Console\\WorkCommand.php(137): Illuminate\\Queue\\Worker->daemon(\'database\', \'default\', Object(Illuminate\\Queue\\WorkerOptions))\n#20 C:\\xampp\\htdocs\\6figstrade\\vendor\\laravel\\framework\\src\\Illuminate\\Queue\\Console\\WorkCommand.php(120): Illuminate\\Queue\\Console\\WorkCommand->runWorker(\'database\', \'default\')\n#21 C:\\xampp\\htdocs\\6figstrade\\vendor\\laravel\\framework\\src\\Illuminate\\Container\\BoundMethod.php(36): Illuminate\\Queue\\Console\\WorkCommand->handle()\n#22 C:\\xampp\\htdocs\\6figstrade\\vendor\\laravel\\framework\\src\\Illuminate\\Container\\Util.php(41): Illuminate\\Container\\BoundMethod::Illuminate\\Container\\{closure}()\n#23 C:\\xampp\\htdocs\\6figstrade\\vendor\\laravel\\framework\\src\\Illuminate\\Container\\BoundMethod.php(93): Illuminate\\Container\\Util::unwrapIfClosure(Object(Closure))\n#24 C:\\xampp\\htdocs\\6figstrade\\vendor\\laravel\\framework\\src\\Illuminate\\Container\\BoundMethod.php(35): Illuminate\\Container\\BoundMethod::callBoundMethod(Object(Illuminate\\Foundation\\Application), Array, Object(Closure))\n#25 C:\\xampp\\htdocs\\6figstrade\\vendor\\laravel\\framework\\src\\Illuminate\\Container\\Container.php(662): Illuminate\\Container\\BoundMethod::call(Object(Illuminate\\Foundation\\Application), Array, Array, NULL)\n#26 C:\\xampp\\htdocs\\6figstrade\\vendor\\laravel\\framework\\src\\Illuminate\\Console\\Command.php(211): Illuminate\\Container\\Container->call(Array)\n#27 C:\\xampp\\htdocs\\6figstrade\\vendor\\symfony\\console\\Command\\Command.php(326): Illuminate\\Console\\Command->execute(Object(Symfony\\Component\\Console\\Input\\ArgvInput), Object(Illuminate\\Console\\OutputStyle))\n#28 C:\\xampp\\htdocs\\6figstrade\\vendor\\laravel\\framework\\src\\Illuminate\\Console\\Command.php(180): Symfony\\Component\\Console\\Command\\Command->run(Object(Symfony\\Component\\Console\\Input\\ArgvInput), Object(Illuminate\\Console\\OutputStyle))\n#29 C:\\xampp\\htdocs\\6figstrade\\vendor\\symfony\\console\\Application.php(1096): Illuminate\\Console\\Command->run(Object(Symfony\\Component\\Console\\Input\\ArgvInput), Object(Symfony\\Component\\Console\\Output\\ConsoleOutput))\n#30 C:\\xampp\\htdocs\\6figstrade\\vendor\\symfony\\console\\Application.php(324): Symfony\\Component\\Console\\Application->doRunCommand(Object(Illuminate\\Queue\\Console\\WorkCommand), Object(Symfony\\Component\\Console\\Input\\ArgvInput), Object(Symfony\\Component\\Console\\Output\\ConsoleOutput))\n#31 C:\\xampp\\htdocs\\6figstrade\\vendor\\symfony\\console\\Application.php(175): Symfony\\Component\\Console\\Application->doRun(Object(Symfony\\Component\\Console\\Input\\ArgvInput), Object(Symfony\\Component\\Console\\Output\\ConsoleOutput))\n#32 C:\\xampp\\htdocs\\6figstrade\\vendor\\laravel\\framework\\src\\Illuminate\\Foundation\\Console\\Kernel.php(201): Symfony\\Component\\Console\\Application->run(Object(Symfony\\Component\\Console\\Input\\ArgvInput), Object(Symfony\\Component\\Console\\Output\\ConsoleOutput))\n#33 C:\\xampp\\htdocs\\6figstrade\\artisan(35): Illuminate\\Foundation\\Console\\Kernel->handle(Object(Symfony\\Component\\Console\\Input\\ArgvInput), Object(Symfony\\Component\\Console\\Output\\ConsoleOutput))\n#34 {main}', '2025-10-10 20:11:39'),
(80, '87ceeb4a-272a-4170-81c6-44dea02fc5e6', 'database', 'default', '{\"uuid\":\"87ceeb4a-272a-4170-81c6-44dea02fc5e6\",\"displayName\":\"App\\\\Events\\\\UserTyping\",\"job\":\"Illuminate\\\\Queue\\\\CallQueuedHandler@call\",\"maxTries\":null,\"maxExceptions\":null,\"failOnTimeout\":false,\"backoff\":null,\"timeout\":null,\"retryUntil\":null,\"data\":{\"commandName\":\"Illuminate\\\\Broadcasting\\\\BroadcastEvent\",\"command\":\"O:38:\\\"Illuminate\\\\Broadcasting\\\\BroadcastEvent\\\":14:{s:5:\\\"event\\\";O:21:\\\"App\\\\Events\\\\UserTyping\\\":1:{s:7:\\\"user_id\\\";i:111;}s:5:\\\"tries\\\";N;s:7:\\\"timeout\\\";N;s:7:\\\"backoff\\\";N;s:13:\\\"maxExceptions\\\";N;s:10:\\\"connection\\\";N;s:5:\\\"queue\\\";N;s:15:\\\"chainConnection\\\";N;s:10:\\\"chainQueue\\\";N;s:19:\\\"chainCatchCallbacks\\\";N;s:5:\\\"delay\\\";N;s:11:\\\"afterCommit\\\";N;s:10:\\\"middleware\\\";a:0:{}s:7:\\\"chained\\\";a:0:{}}\"}}', 'Illuminate\\Broadcasting\\BroadcastException: Pusher error: App key e10972754f11b36a3ddd not in this cluster. Did you forget to specify the cluster?\n. in C:\\xampp\\htdocs\\6figstrade\\vendor\\laravel\\framework\\src\\Illuminate\\Broadcasting\\Broadcasters\\PusherBroadcaster.php:164\nStack trace:\n#0 C:\\xampp\\htdocs\\6figstrade\\vendor\\laravel\\framework\\src\\Illuminate\\Broadcasting\\BroadcastEvent.php(92): Illuminate\\Broadcasting\\Broadcasters\\PusherBroadcaster->broadcast(Object(Illuminate\\Support\\Collection), \'App\\\\Events\\\\User...\', Array)\n#1 C:\\xampp\\htdocs\\6figstrade\\vendor\\laravel\\framework\\src\\Illuminate\\Container\\BoundMethod.php(36): Illuminate\\Broadcasting\\BroadcastEvent->handle(Object(Illuminate\\Broadcasting\\BroadcastManager))\n#2 C:\\xampp\\htdocs\\6figstrade\\vendor\\laravel\\framework\\src\\Illuminate\\Container\\Util.php(41): Illuminate\\Container\\BoundMethod::Illuminate\\Container\\{closure}()\n#3 C:\\xampp\\htdocs\\6figstrade\\vendor\\laravel\\framework\\src\\Illuminate\\Container\\BoundMethod.php(93): Illuminate\\Container\\Util::unwrapIfClosure(Object(Closure))\n#4 C:\\xampp\\htdocs\\6figstrade\\vendor\\laravel\\framework\\src\\Illuminate\\Container\\BoundMethod.php(35): Illuminate\\Container\\BoundMethod::callBoundMethod(Object(Illuminate\\Foundation\\Application), Array, Object(Closure))\n#5 C:\\xampp\\htdocs\\6figstrade\\vendor\\laravel\\framework\\src\\Illuminate\\Container\\Container.php(662): Illuminate\\Container\\BoundMethod::call(Object(Illuminate\\Foundation\\Application), Array, Array, NULL)\n#6 C:\\xampp\\htdocs\\6figstrade\\vendor\\laravel\\framework\\src\\Illuminate\\Bus\\Dispatcher.php(128): Illuminate\\Container\\Container->call(Array)\n#7 C:\\xampp\\htdocs\\6figstrade\\vendor\\laravel\\framework\\src\\Illuminate\\Pipeline\\Pipeline.php(144): Illuminate\\Bus\\Dispatcher->Illuminate\\Bus\\{closure}(Object(Illuminate\\Broadcasting\\BroadcastEvent))\n#8 C:\\xampp\\htdocs\\6figstrade\\vendor\\laravel\\framework\\src\\Illuminate\\Pipeline\\Pipeline.php(119): Illuminate\\Pipeline\\Pipeline->Illuminate\\Pipeline\\{closure}(Object(Illuminate\\Broadcasting\\BroadcastEvent))\n#9 C:\\xampp\\htdocs\\6figstrade\\vendor\\laravel\\framework\\src\\Illuminate\\Bus\\Dispatcher.php(132): Illuminate\\Pipeline\\Pipeline->then(Object(Closure))\n#10 C:\\xampp\\htdocs\\6figstrade\\vendor\\laravel\\framework\\src\\Illuminate\\Queue\\CallQueuedHandler.php(123): Illuminate\\Bus\\Dispatcher->dispatchNow(Object(Illuminate\\Broadcasting\\BroadcastEvent), false)\n#11 C:\\xampp\\htdocs\\6figstrade\\vendor\\laravel\\framework\\src\\Illuminate\\Pipeline\\Pipeline.php(144): Illuminate\\Queue\\CallQueuedHandler->Illuminate\\Queue\\{closure}(Object(Illuminate\\Broadcasting\\BroadcastEvent))\n#12 C:\\xampp\\htdocs\\6figstrade\\vendor\\laravel\\framework\\src\\Illuminate\\Pipeline\\Pipeline.php(119): Illuminate\\Pipeline\\Pipeline->Illuminate\\Pipeline\\{closure}(Object(Illuminate\\Broadcasting\\BroadcastEvent))\n#13 C:\\xampp\\htdocs\\6figstrade\\vendor\\laravel\\framework\\src\\Illuminate\\Queue\\CallQueuedHandler.php(122): Illuminate\\Pipeline\\Pipeline->then(Object(Closure))\n#14 C:\\xampp\\htdocs\\6figstrade\\vendor\\laravel\\framework\\src\\Illuminate\\Queue\\CallQueuedHandler.php(70): Illuminate\\Queue\\CallQueuedHandler->dispatchThroughMiddleware(Object(Illuminate\\Queue\\Jobs\\DatabaseJob), Object(Illuminate\\Broadcasting\\BroadcastEvent))\n#15 C:\\xampp\\htdocs\\6figstrade\\vendor\\laravel\\framework\\src\\Illuminate\\Queue\\Jobs\\Job.php(102): Illuminate\\Queue\\CallQueuedHandler->call(Object(Illuminate\\Queue\\Jobs\\DatabaseJob), Array)\n#16 C:\\xampp\\htdocs\\6figstrade\\vendor\\laravel\\framework\\src\\Illuminate\\Queue\\Worker.php(439): Illuminate\\Queue\\Jobs\\Job->fire()\n#17 C:\\xampp\\htdocs\\6figstrade\\vendor\\laravel\\framework\\src\\Illuminate\\Queue\\Worker.php(389): Illuminate\\Queue\\Worker->process(\'database\', Object(Illuminate\\Queue\\Jobs\\DatabaseJob), Object(Illuminate\\Queue\\WorkerOptions))\n#18 C:\\xampp\\htdocs\\6figstrade\\vendor\\laravel\\framework\\src\\Illuminate\\Queue\\Worker.php(176): Illuminate\\Queue\\Worker->runJob(Object(Illuminate\\Queue\\Jobs\\DatabaseJob), \'database\', Object(Illuminate\\Queue\\WorkerOptions))\n#19 C:\\xampp\\htdocs\\6figstrade\\vendor\\laravel\\framework\\src\\Illuminate\\Queue\\Console\\WorkCommand.php(137): Illuminate\\Queue\\Worker->daemon(\'database\', \'default\', Object(Illuminate\\Queue\\WorkerOptions))\n#20 C:\\xampp\\htdocs\\6figstrade\\vendor\\laravel\\framework\\src\\Illuminate\\Queue\\Console\\WorkCommand.php(120): Illuminate\\Queue\\Console\\WorkCommand->runWorker(\'database\', \'default\')\n#21 C:\\xampp\\htdocs\\6figstrade\\vendor\\laravel\\framework\\src\\Illuminate\\Container\\BoundMethod.php(36): Illuminate\\Queue\\Console\\WorkCommand->handle()\n#22 C:\\xampp\\htdocs\\6figstrade\\vendor\\laravel\\framework\\src\\Illuminate\\Container\\Util.php(41): Illuminate\\Container\\BoundMethod::Illuminate\\Container\\{closure}()\n#23 C:\\xampp\\htdocs\\6figstrade\\vendor\\laravel\\framework\\src\\Illuminate\\Container\\BoundMethod.php(93): Illuminate\\Container\\Util::unwrapIfClosure(Object(Closure))\n#24 C:\\xampp\\htdocs\\6figstrade\\vendor\\laravel\\framework\\src\\Illuminate\\Container\\BoundMethod.php(35): Illuminate\\Container\\BoundMethod::callBoundMethod(Object(Illuminate\\Foundation\\Application), Array, Object(Closure))\n#25 C:\\xampp\\htdocs\\6figstrade\\vendor\\laravel\\framework\\src\\Illuminate\\Container\\Container.php(662): Illuminate\\Container\\BoundMethod::call(Object(Illuminate\\Foundation\\Application), Array, Array, NULL)\n#26 C:\\xampp\\htdocs\\6figstrade\\vendor\\laravel\\framework\\src\\Illuminate\\Console\\Command.php(211): Illuminate\\Container\\Container->call(Array)\n#27 C:\\xampp\\htdocs\\6figstrade\\vendor\\symfony\\console\\Command\\Command.php(326): Illuminate\\Console\\Command->execute(Object(Symfony\\Component\\Console\\Input\\ArgvInput), Object(Illuminate\\Console\\OutputStyle))\n#28 C:\\xampp\\htdocs\\6figstrade\\vendor\\laravel\\framework\\src\\Illuminate\\Console\\Command.php(180): Symfony\\Component\\Console\\Command\\Command->run(Object(Symfony\\Component\\Console\\Input\\ArgvInput), Object(Illuminate\\Console\\OutputStyle))\n#29 C:\\xampp\\htdocs\\6figstrade\\vendor\\symfony\\console\\Application.php(1096): Illuminate\\Console\\Command->run(Object(Symfony\\Component\\Console\\Input\\ArgvInput), Object(Symfony\\Component\\Console\\Output\\ConsoleOutput))\n#30 C:\\xampp\\htdocs\\6figstrade\\vendor\\symfony\\console\\Application.php(324): Symfony\\Component\\Console\\Application->doRunCommand(Object(Illuminate\\Queue\\Console\\WorkCommand), Object(Symfony\\Component\\Console\\Input\\ArgvInput), Object(Symfony\\Component\\Console\\Output\\ConsoleOutput))\n#31 C:\\xampp\\htdocs\\6figstrade\\vendor\\symfony\\console\\Application.php(175): Symfony\\Component\\Console\\Application->doRun(Object(Symfony\\Component\\Console\\Input\\ArgvInput), Object(Symfony\\Component\\Console\\Output\\ConsoleOutput))\n#32 C:\\xampp\\htdocs\\6figstrade\\vendor\\laravel\\framework\\src\\Illuminate\\Foundation\\Console\\Kernel.php(201): Symfony\\Component\\Console\\Application->run(Object(Symfony\\Component\\Console\\Input\\ArgvInput), Object(Symfony\\Component\\Console\\Output\\ConsoleOutput))\n#33 C:\\xampp\\htdocs\\6figstrade\\artisan(35): Illuminate\\Foundation\\Console\\Kernel->handle(Object(Symfony\\Component\\Console\\Input\\ArgvInput), Object(Symfony\\Component\\Console\\Output\\ConsoleOutput))\n#34 {main}', '2025-10-10 20:11:40'),
(81, '8dd06a78-4782-43b7-af7b-e9de40a37149', 'database', 'default', '{\"uuid\":\"8dd06a78-4782-43b7-af7b-e9de40a37149\",\"displayName\":\"App\\\\Events\\\\UserTyping\",\"job\":\"Illuminate\\\\Queue\\\\CallQueuedHandler@call\",\"maxTries\":null,\"maxExceptions\":null,\"failOnTimeout\":false,\"backoff\":null,\"timeout\":null,\"retryUntil\":null,\"data\":{\"commandName\":\"Illuminate\\\\Broadcasting\\\\BroadcastEvent\",\"command\":\"O:38:\\\"Illuminate\\\\Broadcasting\\\\BroadcastEvent\\\":14:{s:5:\\\"event\\\";O:21:\\\"App\\\\Events\\\\UserTyping\\\":1:{s:7:\\\"user_id\\\";i:111;}s:5:\\\"tries\\\";N;s:7:\\\"timeout\\\";N;s:7:\\\"backoff\\\";N;s:13:\\\"maxExceptions\\\";N;s:10:\\\"connection\\\";N;s:5:\\\"queue\\\";N;s:15:\\\"chainConnection\\\";N;s:10:\\\"chainQueue\\\";N;s:19:\\\"chainCatchCallbacks\\\";N;s:5:\\\"delay\\\";N;s:11:\\\"afterCommit\\\";N;s:10:\\\"middleware\\\";a:0:{}s:7:\\\"chained\\\";a:0:{}}\"}}', 'Illuminate\\Broadcasting\\BroadcastException: Pusher error: App key e10972754f11b36a3ddd not in this cluster. Did you forget to specify the cluster?\n. in C:\\xampp\\htdocs\\6figstrade\\vendor\\laravel\\framework\\src\\Illuminate\\Broadcasting\\Broadcasters\\PusherBroadcaster.php:164\nStack trace:\n#0 C:\\xampp\\htdocs\\6figstrade\\vendor\\laravel\\framework\\src\\Illuminate\\Broadcasting\\BroadcastEvent.php(92): Illuminate\\Broadcasting\\Broadcasters\\PusherBroadcaster->broadcast(Object(Illuminate\\Support\\Collection), \'App\\\\Events\\\\User...\', Array)\n#1 C:\\xampp\\htdocs\\6figstrade\\vendor\\laravel\\framework\\src\\Illuminate\\Container\\BoundMethod.php(36): Illuminate\\Broadcasting\\BroadcastEvent->handle(Object(Illuminate\\Broadcasting\\BroadcastManager))\n#2 C:\\xampp\\htdocs\\6figstrade\\vendor\\laravel\\framework\\src\\Illuminate\\Container\\Util.php(41): Illuminate\\Container\\BoundMethod::Illuminate\\Container\\{closure}()\n#3 C:\\xampp\\htdocs\\6figstrade\\vendor\\laravel\\framework\\src\\Illuminate\\Container\\BoundMethod.php(93): Illuminate\\Container\\Util::unwrapIfClosure(Object(Closure))\n#4 C:\\xampp\\htdocs\\6figstrade\\vendor\\laravel\\framework\\src\\Illuminate\\Container\\BoundMethod.php(35): Illuminate\\Container\\BoundMethod::callBoundMethod(Object(Illuminate\\Foundation\\Application), Array, Object(Closure))\n#5 C:\\xampp\\htdocs\\6figstrade\\vendor\\laravel\\framework\\src\\Illuminate\\Container\\Container.php(662): Illuminate\\Container\\BoundMethod::call(Object(Illuminate\\Foundation\\Application), Array, Array, NULL)\n#6 C:\\xampp\\htdocs\\6figstrade\\vendor\\laravel\\framework\\src\\Illuminate\\Bus\\Dispatcher.php(128): Illuminate\\Container\\Container->call(Array)\n#7 C:\\xampp\\htdocs\\6figstrade\\vendor\\laravel\\framework\\src\\Illuminate\\Pipeline\\Pipeline.php(144): Illuminate\\Bus\\Dispatcher->Illuminate\\Bus\\{closure}(Object(Illuminate\\Broadcasting\\BroadcastEvent))\n#8 C:\\xampp\\htdocs\\6figstrade\\vendor\\laravel\\framework\\src\\Illuminate\\Pipeline\\Pipeline.php(119): Illuminate\\Pipeline\\Pipeline->Illuminate\\Pipeline\\{closure}(Object(Illuminate\\Broadcasting\\BroadcastEvent))\n#9 C:\\xampp\\htdocs\\6figstrade\\vendor\\laravel\\framework\\src\\Illuminate\\Bus\\Dispatcher.php(132): Illuminate\\Pipeline\\Pipeline->then(Object(Closure))\n#10 C:\\xampp\\htdocs\\6figstrade\\vendor\\laravel\\framework\\src\\Illuminate\\Queue\\CallQueuedHandler.php(123): Illuminate\\Bus\\Dispatcher->dispatchNow(Object(Illuminate\\Broadcasting\\BroadcastEvent), false)\n#11 C:\\xampp\\htdocs\\6figstrade\\vendor\\laravel\\framework\\src\\Illuminate\\Pipeline\\Pipeline.php(144): Illuminate\\Queue\\CallQueuedHandler->Illuminate\\Queue\\{closure}(Object(Illuminate\\Broadcasting\\BroadcastEvent))\n#12 C:\\xampp\\htdocs\\6figstrade\\vendor\\laravel\\framework\\src\\Illuminate\\Pipeline\\Pipeline.php(119): Illuminate\\Pipeline\\Pipeline->Illuminate\\Pipeline\\{closure}(Object(Illuminate\\Broadcasting\\BroadcastEvent))\n#13 C:\\xampp\\htdocs\\6figstrade\\vendor\\laravel\\framework\\src\\Illuminate\\Queue\\CallQueuedHandler.php(122): Illuminate\\Pipeline\\Pipeline->then(Object(Closure))\n#14 C:\\xampp\\htdocs\\6figstrade\\vendor\\laravel\\framework\\src\\Illuminate\\Queue\\CallQueuedHandler.php(70): Illuminate\\Queue\\CallQueuedHandler->dispatchThroughMiddleware(Object(Illuminate\\Queue\\Jobs\\DatabaseJob), Object(Illuminate\\Broadcasting\\BroadcastEvent))\n#15 C:\\xampp\\htdocs\\6figstrade\\vendor\\laravel\\framework\\src\\Illuminate\\Queue\\Jobs\\Job.php(102): Illuminate\\Queue\\CallQueuedHandler->call(Object(Illuminate\\Queue\\Jobs\\DatabaseJob), Array)\n#16 C:\\xampp\\htdocs\\6figstrade\\vendor\\laravel\\framework\\src\\Illuminate\\Queue\\Worker.php(439): Illuminate\\Queue\\Jobs\\Job->fire()\n#17 C:\\xampp\\htdocs\\6figstrade\\vendor\\laravel\\framework\\src\\Illuminate\\Queue\\Worker.php(389): Illuminate\\Queue\\Worker->process(\'database\', Object(Illuminate\\Queue\\Jobs\\DatabaseJob), Object(Illuminate\\Queue\\WorkerOptions))\n#18 C:\\xampp\\htdocs\\6figstrade\\vendor\\laravel\\framework\\src\\Illuminate\\Queue\\Worker.php(176): Illuminate\\Queue\\Worker->runJob(Object(Illuminate\\Queue\\Jobs\\DatabaseJob), \'database\', Object(Illuminate\\Queue\\WorkerOptions))\n#19 C:\\xampp\\htdocs\\6figstrade\\vendor\\laravel\\framework\\src\\Illuminate\\Queue\\Console\\WorkCommand.php(137): Illuminate\\Queue\\Worker->daemon(\'database\', \'default\', Object(Illuminate\\Queue\\WorkerOptions))\n#20 C:\\xampp\\htdocs\\6figstrade\\vendor\\laravel\\framework\\src\\Illuminate\\Queue\\Console\\WorkCommand.php(120): Illuminate\\Queue\\Console\\WorkCommand->runWorker(\'database\', \'default\')\n#21 C:\\xampp\\htdocs\\6figstrade\\vendor\\laravel\\framework\\src\\Illuminate\\Container\\BoundMethod.php(36): Illuminate\\Queue\\Console\\WorkCommand->handle()\n#22 C:\\xampp\\htdocs\\6figstrade\\vendor\\laravel\\framework\\src\\Illuminate\\Container\\Util.php(41): Illuminate\\Container\\BoundMethod::Illuminate\\Container\\{closure}()\n#23 C:\\xampp\\htdocs\\6figstrade\\vendor\\laravel\\framework\\src\\Illuminate\\Container\\BoundMethod.php(93): Illuminate\\Container\\Util::unwrapIfClosure(Object(Closure))\n#24 C:\\xampp\\htdocs\\6figstrade\\vendor\\laravel\\framework\\src\\Illuminate\\Container\\BoundMethod.php(35): Illuminate\\Container\\BoundMethod::callBoundMethod(Object(Illuminate\\Foundation\\Application), Array, Object(Closure))\n#25 C:\\xampp\\htdocs\\6figstrade\\vendor\\laravel\\framework\\src\\Illuminate\\Container\\Container.php(662): Illuminate\\Container\\BoundMethod::call(Object(Illuminate\\Foundation\\Application), Array, Array, NULL)\n#26 C:\\xampp\\htdocs\\6figstrade\\vendor\\laravel\\framework\\src\\Illuminate\\Console\\Command.php(211): Illuminate\\Container\\Container->call(Array)\n#27 C:\\xampp\\htdocs\\6figstrade\\vendor\\symfony\\console\\Command\\Command.php(326): Illuminate\\Console\\Command->execute(Object(Symfony\\Component\\Console\\Input\\ArgvInput), Object(Illuminate\\Console\\OutputStyle))\n#28 C:\\xampp\\htdocs\\6figstrade\\vendor\\laravel\\framework\\src\\Illuminate\\Console\\Command.php(180): Symfony\\Component\\Console\\Command\\Command->run(Object(Symfony\\Component\\Console\\Input\\ArgvInput), Object(Illuminate\\Console\\OutputStyle))\n#29 C:\\xampp\\htdocs\\6figstrade\\vendor\\symfony\\console\\Application.php(1096): Illuminate\\Console\\Command->run(Object(Symfony\\Component\\Console\\Input\\ArgvInput), Object(Symfony\\Component\\Console\\Output\\ConsoleOutput))\n#30 C:\\xampp\\htdocs\\6figstrade\\vendor\\symfony\\console\\Application.php(324): Symfony\\Component\\Console\\Application->doRunCommand(Object(Illuminate\\Queue\\Console\\WorkCommand), Object(Symfony\\Component\\Console\\Input\\ArgvInput), Object(Symfony\\Component\\Console\\Output\\ConsoleOutput))\n#31 C:\\xampp\\htdocs\\6figstrade\\vendor\\symfony\\console\\Application.php(175): Symfony\\Component\\Console\\Application->doRun(Object(Symfony\\Component\\Console\\Input\\ArgvInput), Object(Symfony\\Component\\Console\\Output\\ConsoleOutput))\n#32 C:\\xampp\\htdocs\\6figstrade\\vendor\\laravel\\framework\\src\\Illuminate\\Foundation\\Console\\Kernel.php(201): Symfony\\Component\\Console\\Application->run(Object(Symfony\\Component\\Console\\Input\\ArgvInput), Object(Symfony\\Component\\Console\\Output\\ConsoleOutput))\n#33 C:\\xampp\\htdocs\\6figstrade\\artisan(35): Illuminate\\Foundation\\Console\\Kernel->handle(Object(Symfony\\Component\\Console\\Input\\ArgvInput), Object(Symfony\\Component\\Console\\Output\\ConsoleOutput))\n#34 {main}', '2025-10-10 20:11:41'),
(82, '43be7608-2609-422f-b1c2-f81c8b927ec2', 'database', 'default', '{\"uuid\":\"43be7608-2609-422f-b1c2-f81c8b927ec2\",\"displayName\":\"App\\\\Events\\\\UserTyping\",\"job\":\"Illuminate\\\\Queue\\\\CallQueuedHandler@call\",\"maxTries\":null,\"maxExceptions\":null,\"failOnTimeout\":false,\"backoff\":null,\"timeout\":null,\"retryUntil\":null,\"data\":{\"commandName\":\"Illuminate\\\\Broadcasting\\\\BroadcastEvent\",\"command\":\"O:38:\\\"Illuminate\\\\Broadcasting\\\\BroadcastEvent\\\":14:{s:5:\\\"event\\\";O:21:\\\"App\\\\Events\\\\UserTyping\\\":1:{s:7:\\\"user_id\\\";i:111;}s:5:\\\"tries\\\";N;s:7:\\\"timeout\\\";N;s:7:\\\"backoff\\\";N;s:13:\\\"maxExceptions\\\";N;s:10:\\\"connection\\\";N;s:5:\\\"queue\\\";N;s:15:\\\"chainConnection\\\";N;s:10:\\\"chainQueue\\\";N;s:19:\\\"chainCatchCallbacks\\\";N;s:5:\\\"delay\\\";N;s:11:\\\"afterCommit\\\";N;s:10:\\\"middleware\\\";a:0:{}s:7:\\\"chained\\\";a:0:{}}\"}}', 'Illuminate\\Broadcasting\\BroadcastException: Pusher error: App key e10972754f11b36a3ddd not in this cluster. Did you forget to specify the cluster?\n. in C:\\xampp\\htdocs\\6figstrade\\vendor\\laravel\\framework\\src\\Illuminate\\Broadcasting\\Broadcasters\\PusherBroadcaster.php:164\nStack trace:\n#0 C:\\xampp\\htdocs\\6figstrade\\vendor\\laravel\\framework\\src\\Illuminate\\Broadcasting\\BroadcastEvent.php(92): Illuminate\\Broadcasting\\Broadcasters\\PusherBroadcaster->broadcast(Object(Illuminate\\Support\\Collection), \'App\\\\Events\\\\User...\', Array)\n#1 C:\\xampp\\htdocs\\6figstrade\\vendor\\laravel\\framework\\src\\Illuminate\\Container\\BoundMethod.php(36): Illuminate\\Broadcasting\\BroadcastEvent->handle(Object(Illuminate\\Broadcasting\\BroadcastManager))\n#2 C:\\xampp\\htdocs\\6figstrade\\vendor\\laravel\\framework\\src\\Illuminate\\Container\\Util.php(41): Illuminate\\Container\\BoundMethod::Illuminate\\Container\\{closure}()\n#3 C:\\xampp\\htdocs\\6figstrade\\vendor\\laravel\\framework\\src\\Illuminate\\Container\\BoundMethod.php(93): Illuminate\\Container\\Util::unwrapIfClosure(Object(Closure))\n#4 C:\\xampp\\htdocs\\6figstrade\\vendor\\laravel\\framework\\src\\Illuminate\\Container\\BoundMethod.php(35): Illuminate\\Container\\BoundMethod::callBoundMethod(Object(Illuminate\\Foundation\\Application), Array, Object(Closure))\n#5 C:\\xampp\\htdocs\\6figstrade\\vendor\\laravel\\framework\\src\\Illuminate\\Container\\Container.php(662): Illuminate\\Container\\BoundMethod::call(Object(Illuminate\\Foundation\\Application), Array, Array, NULL)\n#6 C:\\xampp\\htdocs\\6figstrade\\vendor\\laravel\\framework\\src\\Illuminate\\Bus\\Dispatcher.php(128): Illuminate\\Container\\Container->call(Array)\n#7 C:\\xampp\\htdocs\\6figstrade\\vendor\\laravel\\framework\\src\\Illuminate\\Pipeline\\Pipeline.php(144): Illuminate\\Bus\\Dispatcher->Illuminate\\Bus\\{closure}(Object(Illuminate\\Broadcasting\\BroadcastEvent))\n#8 C:\\xampp\\htdocs\\6figstrade\\vendor\\laravel\\framework\\src\\Illuminate\\Pipeline\\Pipeline.php(119): Illuminate\\Pipeline\\Pipeline->Illuminate\\Pipeline\\{closure}(Object(Illuminate\\Broadcasting\\BroadcastEvent))\n#9 C:\\xampp\\htdocs\\6figstrade\\vendor\\laravel\\framework\\src\\Illuminate\\Bus\\Dispatcher.php(132): Illuminate\\Pipeline\\Pipeline->then(Object(Closure))\n#10 C:\\xampp\\htdocs\\6figstrade\\vendor\\laravel\\framework\\src\\Illuminate\\Queue\\CallQueuedHandler.php(123): Illuminate\\Bus\\Dispatcher->dispatchNow(Object(Illuminate\\Broadcasting\\BroadcastEvent), false)\n#11 C:\\xampp\\htdocs\\6figstrade\\vendor\\laravel\\framework\\src\\Illuminate\\Pipeline\\Pipeline.php(144): Illuminate\\Queue\\CallQueuedHandler->Illuminate\\Queue\\{closure}(Object(Illuminate\\Broadcasting\\BroadcastEvent))\n#12 C:\\xampp\\htdocs\\6figstrade\\vendor\\laravel\\framework\\src\\Illuminate\\Pipeline\\Pipeline.php(119): Illuminate\\Pipeline\\Pipeline->Illuminate\\Pipeline\\{closure}(Object(Illuminate\\Broadcasting\\BroadcastEvent))\n#13 C:\\xampp\\htdocs\\6figstrade\\vendor\\laravel\\framework\\src\\Illuminate\\Queue\\CallQueuedHandler.php(122): Illuminate\\Pipeline\\Pipeline->then(Object(Closure))\n#14 C:\\xampp\\htdocs\\6figstrade\\vendor\\laravel\\framework\\src\\Illuminate\\Queue\\CallQueuedHandler.php(70): Illuminate\\Queue\\CallQueuedHandler->dispatchThroughMiddleware(Object(Illuminate\\Queue\\Jobs\\DatabaseJob), Object(Illuminate\\Broadcasting\\BroadcastEvent))\n#15 C:\\xampp\\htdocs\\6figstrade\\vendor\\laravel\\framework\\src\\Illuminate\\Queue\\Jobs\\Job.php(102): Illuminate\\Queue\\CallQueuedHandler->call(Object(Illuminate\\Queue\\Jobs\\DatabaseJob), Array)\n#16 C:\\xampp\\htdocs\\6figstrade\\vendor\\laravel\\framework\\src\\Illuminate\\Queue\\Worker.php(439): Illuminate\\Queue\\Jobs\\Job->fire()\n#17 C:\\xampp\\htdocs\\6figstrade\\vendor\\laravel\\framework\\src\\Illuminate\\Queue\\Worker.php(389): Illuminate\\Queue\\Worker->process(\'database\', Object(Illuminate\\Queue\\Jobs\\DatabaseJob), Object(Illuminate\\Queue\\WorkerOptions))\n#18 C:\\xampp\\htdocs\\6figstrade\\vendor\\laravel\\framework\\src\\Illuminate\\Queue\\Worker.php(176): Illuminate\\Queue\\Worker->runJob(Object(Illuminate\\Queue\\Jobs\\DatabaseJob), \'database\', Object(Illuminate\\Queue\\WorkerOptions))\n#19 C:\\xampp\\htdocs\\6figstrade\\vendor\\laravel\\framework\\src\\Illuminate\\Queue\\Console\\WorkCommand.php(137): Illuminate\\Queue\\Worker->daemon(\'database\', \'default\', Object(Illuminate\\Queue\\WorkerOptions))\n#20 C:\\xampp\\htdocs\\6figstrade\\vendor\\laravel\\framework\\src\\Illuminate\\Queue\\Console\\WorkCommand.php(120): Illuminate\\Queue\\Console\\WorkCommand->runWorker(\'database\', \'default\')\n#21 C:\\xampp\\htdocs\\6figstrade\\vendor\\laravel\\framework\\src\\Illuminate\\Container\\BoundMethod.php(36): Illuminate\\Queue\\Console\\WorkCommand->handle()\n#22 C:\\xampp\\htdocs\\6figstrade\\vendor\\laravel\\framework\\src\\Illuminate\\Container\\Util.php(41): Illuminate\\Container\\BoundMethod::Illuminate\\Container\\{closure}()\n#23 C:\\xampp\\htdocs\\6figstrade\\vendor\\laravel\\framework\\src\\Illuminate\\Container\\BoundMethod.php(93): Illuminate\\Container\\Util::unwrapIfClosure(Object(Closure))\n#24 C:\\xampp\\htdocs\\6figstrade\\vendor\\laravel\\framework\\src\\Illuminate\\Container\\BoundMethod.php(35): Illuminate\\Container\\BoundMethod::callBoundMethod(Object(Illuminate\\Foundation\\Application), Array, Object(Closure))\n#25 C:\\xampp\\htdocs\\6figstrade\\vendor\\laravel\\framework\\src\\Illuminate\\Container\\Container.php(662): Illuminate\\Container\\BoundMethod::call(Object(Illuminate\\Foundation\\Application), Array, Array, NULL)\n#26 C:\\xampp\\htdocs\\6figstrade\\vendor\\laravel\\framework\\src\\Illuminate\\Console\\Command.php(211): Illuminate\\Container\\Container->call(Array)\n#27 C:\\xampp\\htdocs\\6figstrade\\vendor\\symfony\\console\\Command\\Command.php(326): Illuminate\\Console\\Command->execute(Object(Symfony\\Component\\Console\\Input\\ArgvInput), Object(Illuminate\\Console\\OutputStyle))\n#28 C:\\xampp\\htdocs\\6figstrade\\vendor\\laravel\\framework\\src\\Illuminate\\Console\\Command.php(180): Symfony\\Component\\Console\\Command\\Command->run(Object(Symfony\\Component\\Console\\Input\\ArgvInput), Object(Illuminate\\Console\\OutputStyle))\n#29 C:\\xampp\\htdocs\\6figstrade\\vendor\\symfony\\console\\Application.php(1096): Illuminate\\Console\\Command->run(Object(Symfony\\Component\\Console\\Input\\ArgvInput), Object(Symfony\\Component\\Console\\Output\\ConsoleOutput))\n#30 C:\\xampp\\htdocs\\6figstrade\\vendor\\symfony\\console\\Application.php(324): Symfony\\Component\\Console\\Application->doRunCommand(Object(Illuminate\\Queue\\Console\\WorkCommand), Object(Symfony\\Component\\Console\\Input\\ArgvInput), Object(Symfony\\Component\\Console\\Output\\ConsoleOutput))\n#31 C:\\xampp\\htdocs\\6figstrade\\vendor\\symfony\\console\\Application.php(175): Symfony\\Component\\Console\\Application->doRun(Object(Symfony\\Component\\Console\\Input\\ArgvInput), Object(Symfony\\Component\\Console\\Output\\ConsoleOutput))\n#32 C:\\xampp\\htdocs\\6figstrade\\vendor\\laravel\\framework\\src\\Illuminate\\Foundation\\Console\\Kernel.php(201): Symfony\\Component\\Console\\Application->run(Object(Symfony\\Component\\Console\\Input\\ArgvInput), Object(Symfony\\Component\\Console\\Output\\ConsoleOutput))\n#33 C:\\xampp\\htdocs\\6figstrade\\artisan(35): Illuminate\\Foundation\\Console\\Kernel->handle(Object(Symfony\\Component\\Console\\Input\\ArgvInput), Object(Symfony\\Component\\Console\\Output\\ConsoleOutput))\n#34 {main}', '2025-10-10 20:11:42');
INSERT INTO `failed_jobs` (`id`, `uuid`, `connection`, `queue`, `payload`, `exception`, `failed_at`) VALUES
(83, '06e02a5d-6a19-4da5-90bc-fab3d09534ea', 'database', 'default', '{\"uuid\":\"06e02a5d-6a19-4da5-90bc-fab3d09534ea\",\"displayName\":\"App\\\\Events\\\\UserTyping\",\"job\":\"Illuminate\\\\Queue\\\\CallQueuedHandler@call\",\"maxTries\":null,\"maxExceptions\":null,\"failOnTimeout\":false,\"backoff\":null,\"timeout\":null,\"retryUntil\":null,\"data\":{\"commandName\":\"Illuminate\\\\Broadcasting\\\\BroadcastEvent\",\"command\":\"O:38:\\\"Illuminate\\\\Broadcasting\\\\BroadcastEvent\\\":14:{s:5:\\\"event\\\";O:21:\\\"App\\\\Events\\\\UserTyping\\\":1:{s:7:\\\"user_id\\\";i:111;}s:5:\\\"tries\\\";N;s:7:\\\"timeout\\\";N;s:7:\\\"backoff\\\";N;s:13:\\\"maxExceptions\\\";N;s:10:\\\"connection\\\";N;s:5:\\\"queue\\\";N;s:15:\\\"chainConnection\\\";N;s:10:\\\"chainQueue\\\";N;s:19:\\\"chainCatchCallbacks\\\";N;s:5:\\\"delay\\\";N;s:11:\\\"afterCommit\\\";N;s:10:\\\"middleware\\\";a:0:{}s:7:\\\"chained\\\";a:0:{}}\"}}', 'Illuminate\\Broadcasting\\BroadcastException: Pusher error: App key e10972754f11b36a3ddd not in this cluster. Did you forget to specify the cluster?\n. in C:\\xampp\\htdocs\\6figstrade\\vendor\\laravel\\framework\\src\\Illuminate\\Broadcasting\\Broadcasters\\PusherBroadcaster.php:164\nStack trace:\n#0 C:\\xampp\\htdocs\\6figstrade\\vendor\\laravel\\framework\\src\\Illuminate\\Broadcasting\\BroadcastEvent.php(92): Illuminate\\Broadcasting\\Broadcasters\\PusherBroadcaster->broadcast(Object(Illuminate\\Support\\Collection), \'App\\\\Events\\\\User...\', Array)\n#1 C:\\xampp\\htdocs\\6figstrade\\vendor\\laravel\\framework\\src\\Illuminate\\Container\\BoundMethod.php(36): Illuminate\\Broadcasting\\BroadcastEvent->handle(Object(Illuminate\\Broadcasting\\BroadcastManager))\n#2 C:\\xampp\\htdocs\\6figstrade\\vendor\\laravel\\framework\\src\\Illuminate\\Container\\Util.php(41): Illuminate\\Container\\BoundMethod::Illuminate\\Container\\{closure}()\n#3 C:\\xampp\\htdocs\\6figstrade\\vendor\\laravel\\framework\\src\\Illuminate\\Container\\BoundMethod.php(93): Illuminate\\Container\\Util::unwrapIfClosure(Object(Closure))\n#4 C:\\xampp\\htdocs\\6figstrade\\vendor\\laravel\\framework\\src\\Illuminate\\Container\\BoundMethod.php(35): Illuminate\\Container\\BoundMethod::callBoundMethod(Object(Illuminate\\Foundation\\Application), Array, Object(Closure))\n#5 C:\\xampp\\htdocs\\6figstrade\\vendor\\laravel\\framework\\src\\Illuminate\\Container\\Container.php(662): Illuminate\\Container\\BoundMethod::call(Object(Illuminate\\Foundation\\Application), Array, Array, NULL)\n#6 C:\\xampp\\htdocs\\6figstrade\\vendor\\laravel\\framework\\src\\Illuminate\\Bus\\Dispatcher.php(128): Illuminate\\Container\\Container->call(Array)\n#7 C:\\xampp\\htdocs\\6figstrade\\vendor\\laravel\\framework\\src\\Illuminate\\Pipeline\\Pipeline.php(144): Illuminate\\Bus\\Dispatcher->Illuminate\\Bus\\{closure}(Object(Illuminate\\Broadcasting\\BroadcastEvent))\n#8 C:\\xampp\\htdocs\\6figstrade\\vendor\\laravel\\framework\\src\\Illuminate\\Pipeline\\Pipeline.php(119): Illuminate\\Pipeline\\Pipeline->Illuminate\\Pipeline\\{closure}(Object(Illuminate\\Broadcasting\\BroadcastEvent))\n#9 C:\\xampp\\htdocs\\6figstrade\\vendor\\laravel\\framework\\src\\Illuminate\\Bus\\Dispatcher.php(132): Illuminate\\Pipeline\\Pipeline->then(Object(Closure))\n#10 C:\\xampp\\htdocs\\6figstrade\\vendor\\laravel\\framework\\src\\Illuminate\\Queue\\CallQueuedHandler.php(123): Illuminate\\Bus\\Dispatcher->dispatchNow(Object(Illuminate\\Broadcasting\\BroadcastEvent), false)\n#11 C:\\xampp\\htdocs\\6figstrade\\vendor\\laravel\\framework\\src\\Illuminate\\Pipeline\\Pipeline.php(144): Illuminate\\Queue\\CallQueuedHandler->Illuminate\\Queue\\{closure}(Object(Illuminate\\Broadcasting\\BroadcastEvent))\n#12 C:\\xampp\\htdocs\\6figstrade\\vendor\\laravel\\framework\\src\\Illuminate\\Pipeline\\Pipeline.php(119): Illuminate\\Pipeline\\Pipeline->Illuminate\\Pipeline\\{closure}(Object(Illuminate\\Broadcasting\\BroadcastEvent))\n#13 C:\\xampp\\htdocs\\6figstrade\\vendor\\laravel\\framework\\src\\Illuminate\\Queue\\CallQueuedHandler.php(122): Illuminate\\Pipeline\\Pipeline->then(Object(Closure))\n#14 C:\\xampp\\htdocs\\6figstrade\\vendor\\laravel\\framework\\src\\Illuminate\\Queue\\CallQueuedHandler.php(70): Illuminate\\Queue\\CallQueuedHandler->dispatchThroughMiddleware(Object(Illuminate\\Queue\\Jobs\\DatabaseJob), Object(Illuminate\\Broadcasting\\BroadcastEvent))\n#15 C:\\xampp\\htdocs\\6figstrade\\vendor\\laravel\\framework\\src\\Illuminate\\Queue\\Jobs\\Job.php(102): Illuminate\\Queue\\CallQueuedHandler->call(Object(Illuminate\\Queue\\Jobs\\DatabaseJob), Array)\n#16 C:\\xampp\\htdocs\\6figstrade\\vendor\\laravel\\framework\\src\\Illuminate\\Queue\\Worker.php(439): Illuminate\\Queue\\Jobs\\Job->fire()\n#17 C:\\xampp\\htdocs\\6figstrade\\vendor\\laravel\\framework\\src\\Illuminate\\Queue\\Worker.php(389): Illuminate\\Queue\\Worker->process(\'database\', Object(Illuminate\\Queue\\Jobs\\DatabaseJob), Object(Illuminate\\Queue\\WorkerOptions))\n#18 C:\\xampp\\htdocs\\6figstrade\\vendor\\laravel\\framework\\src\\Illuminate\\Queue\\Worker.php(176): Illuminate\\Queue\\Worker->runJob(Object(Illuminate\\Queue\\Jobs\\DatabaseJob), \'database\', Object(Illuminate\\Queue\\WorkerOptions))\n#19 C:\\xampp\\htdocs\\6figstrade\\vendor\\laravel\\framework\\src\\Illuminate\\Queue\\Console\\WorkCommand.php(137): Illuminate\\Queue\\Worker->daemon(\'database\', \'default\', Object(Illuminate\\Queue\\WorkerOptions))\n#20 C:\\xampp\\htdocs\\6figstrade\\vendor\\laravel\\framework\\src\\Illuminate\\Queue\\Console\\WorkCommand.php(120): Illuminate\\Queue\\Console\\WorkCommand->runWorker(\'database\', \'default\')\n#21 C:\\xampp\\htdocs\\6figstrade\\vendor\\laravel\\framework\\src\\Illuminate\\Container\\BoundMethod.php(36): Illuminate\\Queue\\Console\\WorkCommand->handle()\n#22 C:\\xampp\\htdocs\\6figstrade\\vendor\\laravel\\framework\\src\\Illuminate\\Container\\Util.php(41): Illuminate\\Container\\BoundMethod::Illuminate\\Container\\{closure}()\n#23 C:\\xampp\\htdocs\\6figstrade\\vendor\\laravel\\framework\\src\\Illuminate\\Container\\BoundMethod.php(93): Illuminate\\Container\\Util::unwrapIfClosure(Object(Closure))\n#24 C:\\xampp\\htdocs\\6figstrade\\vendor\\laravel\\framework\\src\\Illuminate\\Container\\BoundMethod.php(35): Illuminate\\Container\\BoundMethod::callBoundMethod(Object(Illuminate\\Foundation\\Application), Array, Object(Closure))\n#25 C:\\xampp\\htdocs\\6figstrade\\vendor\\laravel\\framework\\src\\Illuminate\\Container\\Container.php(662): Illuminate\\Container\\BoundMethod::call(Object(Illuminate\\Foundation\\Application), Array, Array, NULL)\n#26 C:\\xampp\\htdocs\\6figstrade\\vendor\\laravel\\framework\\src\\Illuminate\\Console\\Command.php(211): Illuminate\\Container\\Container->call(Array)\n#27 C:\\xampp\\htdocs\\6figstrade\\vendor\\symfony\\console\\Command\\Command.php(326): Illuminate\\Console\\Command->execute(Object(Symfony\\Component\\Console\\Input\\ArgvInput), Object(Illuminate\\Console\\OutputStyle))\n#28 C:\\xampp\\htdocs\\6figstrade\\vendor\\laravel\\framework\\src\\Illuminate\\Console\\Command.php(180): Symfony\\Component\\Console\\Command\\Command->run(Object(Symfony\\Component\\Console\\Input\\ArgvInput), Object(Illuminate\\Console\\OutputStyle))\n#29 C:\\xampp\\htdocs\\6figstrade\\vendor\\symfony\\console\\Application.php(1096): Illuminate\\Console\\Command->run(Object(Symfony\\Component\\Console\\Input\\ArgvInput), Object(Symfony\\Component\\Console\\Output\\ConsoleOutput))\n#30 C:\\xampp\\htdocs\\6figstrade\\vendor\\symfony\\console\\Application.php(324): Symfony\\Component\\Console\\Application->doRunCommand(Object(Illuminate\\Queue\\Console\\WorkCommand), Object(Symfony\\Component\\Console\\Input\\ArgvInput), Object(Symfony\\Component\\Console\\Output\\ConsoleOutput))\n#31 C:\\xampp\\htdocs\\6figstrade\\vendor\\symfony\\console\\Application.php(175): Symfony\\Component\\Console\\Application->doRun(Object(Symfony\\Component\\Console\\Input\\ArgvInput), Object(Symfony\\Component\\Console\\Output\\ConsoleOutput))\n#32 C:\\xampp\\htdocs\\6figstrade\\vendor\\laravel\\framework\\src\\Illuminate\\Foundation\\Console\\Kernel.php(201): Symfony\\Component\\Console\\Application->run(Object(Symfony\\Component\\Console\\Input\\ArgvInput), Object(Symfony\\Component\\Console\\Output\\ConsoleOutput))\n#33 C:\\xampp\\htdocs\\6figstrade\\artisan(35): Illuminate\\Foundation\\Console\\Kernel->handle(Object(Symfony\\Component\\Console\\Input\\ArgvInput), Object(Symfony\\Component\\Console\\Output\\ConsoleOutput))\n#34 {main}', '2025-10-10 20:11:43');

-- --------------------------------------------------------

--
-- Table structure for table `faqs`
--

CREATE TABLE `faqs` (
  `id` bigint UNSIGNED NOT NULL,
  `question` varchar(255) COLLATE utf8mb4_unicode_ci NOT NULL,
  `answer` text COLLATE utf8mb4_unicode_ci NOT NULL,
  `created_at` timestamp NULL DEFAULT NULL,
  `updated_at` timestamp NULL DEFAULT NULL
) ENGINE=InnoDB DEFAULT CHARSET=utf8mb4 COLLATE=utf8mb4_unicode_ci;

--
-- Dumping data for table `faqs`
--

INSERT INTO `faqs` (`id`, `question`, `answer`, `created_at`, `updated_at`) VALUES
(2, 'Do you Offer the Linage Limit in your trading', 'Lorem ipsum dolor sit amet consectetur adipiscing elit, quis nec nisl laoreet libero velit vivamus leo, auctor ligula venenatis platea mauris suspendisse. Cubilia aliquam dis per eros vitae vivamus non hac arcu iaculis, curae pulvinar eleifend suspendisse urna litora velit metus aliquet purus', '2024-02-21 18:33:49', '2024-02-21 18:34:37'),
(3, 'What is Smartsea', ' id torquent urna dis, justo tempus curabitur etiam nisl magna porttitor. Nisl interdum donec porta ultricies sociis lacinia sem sociosqu auctor, diam sed urna volutpat posuere metus pharetra fusce, porttitor sapien mattis a parturient hac ligula velit. Sed placerat est tempus primis id class nulla habitant egestas parturient, dictum vivamus a curabitur ', '2024-02-21 18:47:53', '2024-02-21 18:47:53');

-- --------------------------------------------------------

--
-- Table structure for table `images`
--

CREATE TABLE `images` (
  `id` bigint UNSIGNED NOT NULL,
  `ref_key` varchar(255) COLLATE utf8mb4_unicode_ci DEFAULT NULL,
  `title` varchar(255) COLLATE utf8mb4_unicode_ci DEFAULT NULL,
  `description` text COLLATE utf8mb4_unicode_ci,
  `path` varchar(255) COLLATE utf8mb4_unicode_ci NOT NULL,
  `created_at` timestamp NULL DEFAULT NULL,
  `updated_at` timestamp NULL DEFAULT NULL
) ENGINE=InnoDB DEFAULT CHARSET=utf8mb4 COLLATE=utf8mb4_unicode_ci;

--
-- Dumping data for table `images`
--

INSERT INTO `images` (`id`, `ref_key`, `title`, `description`, `path`, `created_at`, `updated_at`) VALUES
(3, NULL, 'sTnEPzjF31G5vcz3DYZYcCWj3Tu9hTm3kYQ4URFa.webp', NULL, 'media/sTnEPzjF31G5vcz3DYZYcCWj3Tu9hTm3kYQ4URFa.webp', '2024-02-21 19:30:07', '2024-02-21 19:30:07'),
(6, NULL, 'mxgxusj8p0ZuzFBkVyZZR9hPS8XF0rIvRSkp7Njf.webp', NULL, 'media/mxgxusj8p0ZuzFBkVyZZR9hPS8XF0rIvRSkp7Njf.webp', '2024-02-21 19:30:07', '2024-02-21 19:30:07'),
(11, NULL, 'WV2T5zAVrsWxXEll01k6fuhFcJDbpIEg9iqkjrV1.jpg', NULL, 'media/WV2T5zAVrsWxXEll01k6fuhFcJDbpIEg9iqkjrV1.jpg', '2024-02-22 13:46:12', '2024-02-22 13:46:12'),
(12, NULL, 'TtcH9tMPAgIUxuYhJDj7xeLbp4bqXskIO7nf3wh7.png', NULL, 'media/TtcH9tMPAgIUxuYhJDj7xeLbp4bqXskIO7nf3wh7.png', '2024-02-23 19:15:59', '2024-02-23 19:15:59'),
(13, NULL, '811PKt3SW9n32QQGnuu0HspNij7gc4uSxNGupN8D.png', NULL, 'media/811PKt3SW9n32QQGnuu0HspNij7gc4uSxNGupN8D.png', '2024-02-23 19:15:59', '2024-02-23 19:15:59'),
(14, NULL, '4R9VProhXIig13XNYJ3YfiQXmrbANE16oOX1XDZc.png', NULL, 'media/4R9VProhXIig13XNYJ3YfiQXmrbANE16oOX1XDZc.png', '2024-02-23 19:15:59', '2024-02-23 19:15:59'),
(15, NULL, 'bfkz6NRkvnZiwlQjYigIPn6dUIrkUAZRPosXu8aX.jpg', NULL, 'media/bfkz6NRkvnZiwlQjYigIPn6dUIrkUAZRPosXu8aX.jpg', '2024-02-23 19:17:12', '2024-02-23 19:17:12'),
(16, NULL, 'L36dOXfHZFvuKEh4PKUeytL6ixNLb3dppbveSmUf.png', NULL, 'media/L36dOXfHZFvuKEh4PKUeytL6ixNLb3dppbveSmUf.png', '2024-02-25 23:37:38', '2024-02-25 23:37:38'),
(17, NULL, 'WjS6qQtkw42F8nW8FJPlgf1QOrZZ6lbSZni8SE1O.png', NULL, 'media/WjS6qQtkw42F8nW8FJPlgf1QOrZZ6lbSZni8SE1O.png', '2024-03-07 20:01:08', '2024-03-07 20:01:08'),
(18, NULL, 'Rh5KnklLuN1LPctGMcBOjY9UOqgoI8NN70kLJtPO.webp', NULL, 'media/Rh5KnklLuN1LPctGMcBOjY9UOqgoI8NN70kLJtPO.webp', '2024-03-08 16:52:21', '2024-03-08 16:52:21'),
(22, NULL, 'p0fijw0OfDvOf8hkiUkws7M74y0mG8lWeIaa7Lbp.jpg', NULL, 'media/p0fijw0OfDvOf8hkiUkws7M74y0mG8lWeIaa7Lbp.jpg', '2024-08-08 19:35:04', '2024-08-08 19:35:04'),
(23, NULL, 'dI4rLIBr9u1TPe0qAGM7i3tki26Y9WOGiml7xcUB.webp', NULL, 'media/dI4rLIBr9u1TPe0qAGM7i3tki26Y9WOGiml7xcUB.webp', '2024-08-08 19:37:40', '2024-08-08 19:37:40'),
(24, NULL, 'piQWoDgJIQjugLjma8lvXhjZTPMgvQbivxN31frt.png', NULL, 'media/piQWoDgJIQjugLjma8lvXhjZTPMgvQbivxN31frt.png', '2024-08-08 19:39:36', '2024-08-08 19:39:36'),
(25, NULL, '6VW1UJV6D1FHCBTjGAZSQjY4EykjQAkXYJNJjNl4.jpg', NULL, 'media/6VW1UJV6D1FHCBTjGAZSQjY4EykjQAkXYJNJjNl4.jpg', '2024-08-25 17:19:10', '2024-08-25 17:19:10'),
(26, NULL, 'lTvgPfcoldftZ0mhUUKaorv5DtT8gN6zy7sEmcwm.jpg', NULL, 'media/lTvgPfcoldftZ0mhUUKaorv5DtT8gN6zy7sEmcwm.jpg', '2024-08-25 20:09:17', '2024-08-25 20:09:17'),
(27, NULL, 'c3e8LEcFHYzCLOWGBtU2N7aSFIB2F8uuZe8jgNiU.png', NULL, 'media/c3e8LEcFHYzCLOWGBtU2N7aSFIB2F8uuZe8jgNiU.png', '2024-08-25 20:11:51', '2024-08-25 20:11:51'),
(29, NULL, 'nie5LFRxXy2qeWh3UKiBpSVNsi0PUz7LBMcxdCxO.gif', NULL, 'media/nie5LFRxXy2qeWh3UKiBpSVNsi0PUz7LBMcxdCxO.gif', '2024-08-25 23:02:11', '2024-08-25 23:02:11'),
(30, NULL, 'tgzcwz4vfLnfjZ5HSQZWKtZKGQLL8ZJeKVYw7YG8.jpg', NULL, 'media/tgzcwz4vfLnfjZ5HSQZWKtZKGQLL8ZJeKVYw7YG8.jpg', '2024-08-26 16:26:28', '2024-08-26 16:26:28');

-- --------------------------------------------------------

--
-- Table structure for table `i_p_addresses`
--

CREATE TABLE `i_p_addresses` (
  `id` bigint UNSIGNED NOT NULL,
  `address` varchar(191) COLLATE utf8mb4_unicode_ci NOT NULL,
  `description` varchar(191) COLLATE utf8mb4_unicode_ci NOT NULL,
  `created_at` timestamp NULL DEFAULT NULL,
  `updated_at` timestamp NULL DEFAULT NULL
) ENGINE=InnoDB DEFAULT CHARSET=utf8mb4 COLLATE=utf8mb4_unicode_ci;

-- --------------------------------------------------------

--
-- Table structure for table `jobs`
--

CREATE TABLE `jobs` (
  `id` bigint UNSIGNED NOT NULL,
  `queue` varchar(191) COLLATE utf8mb4_unicode_ci NOT NULL,
  `payload` longtext COLLATE utf8mb4_unicode_ci NOT NULL,
  `attempts` tinyint UNSIGNED NOT NULL,
  `reserved_at` int UNSIGNED DEFAULT NULL,
  `available_at` int UNSIGNED NOT NULL,
  `created_at` int UNSIGNED NOT NULL
) ENGINE=InnoDB DEFAULT CHARSET=utf8mb4 COLLATE=utf8mb4_unicode_ci;

--
-- Dumping data for table `jobs`
--

INSERT INTO `jobs` (`id`, `queue`, `payload`, `attempts`, `reserved_at`, `available_at`, `created_at`) VALUES
(4, 'default', '{\"uuid\":\"b9c2db6b-bb98-46f1-9584-534c55b99f3e\",\"displayName\":\"App\\\\Jobs\\\\ProcessTrade\",\"job\":\"Illuminate\\\\Queue\\\\CallQueuedHandler@call\",\"maxTries\":3,\"maxExceptions\":null,\"failOnTimeout\":false,\"backoff\":null,\"timeout\":30,\"retryUntil\":null,\"data\":{\"commandName\":\"App\\\\Jobs\\\\ProcessTrade\",\"command\":\"O:21:\\\"App\\\\Jobs\\\\ProcessTrade\\\":2:{s:8:\\\"\\u0000*\\u0000trade\\\";O:45:\\\"Illuminate\\\\Contracts\\\\Database\\\\ModelIdentifier\\\":5:{s:5:\\\"class\\\";s:16:\\\"App\\\\Models\\\\Trade\\\";s:2:\\\"id\\\";i:14;s:9:\\\"relations\\\";a:0:{}s:10:\\\"connection\\\";s:5:\\\"mysql\\\";s:15:\\\"collectionClass\\\";N;}s:5:\\\"delay\\\";i:60;}\"}}', 0, NULL, 1760143540, 1760143480),
(5, 'default', '{\"uuid\":\"b58369f0-b436-4eee-af33-df4dddb83f69\",\"displayName\":\"App\\\\Jobs\\\\SubscriptionReminder\",\"job\":\"Illuminate\\\\Queue\\\\CallQueuedHandler@call\",\"maxTries\":null,\"maxExceptions\":null,\"failOnTimeout\":false,\"backoff\":null,\"timeout\":null,\"retryUntil\":null,\"data\":{\"commandName\":\"App\\\\Jobs\\\\SubscriptionReminder\",\"command\":\"O:29:\\\"App\\\\Jobs\\\\SubscriptionReminder\\\":0:{}\"}}', 0, NULL, 1760144403, 1760144403),
(6, 'default', '{\"uuid\":\"f9c00a5c-5a20-4208-8aeb-1c63872718cf\",\"displayName\":\"App\\\\Jobs\\\\ProcessTrade\",\"job\":\"Illuminate\\\\Queue\\\\CallQueuedHandler@call\",\"maxTries\":3,\"maxExceptions\":null,\"failOnTimeout\":false,\"backoff\":null,\"timeout\":30,\"retryUntil\":null,\"data\":{\"commandName\":\"App\\\\Jobs\\\\ProcessTrade\",\"command\":\"O:21:\\\"App\\\\Jobs\\\\ProcessTrade\\\":2:{s:8:\\\"\\u0000*\\u0000trade\\\";O:45:\\\"Illuminate\\\\Contracts\\\\Database\\\\ModelIdentifier\\\":5:{s:5:\\\"class\\\";s:16:\\\"App\\\\Models\\\\Trade\\\";s:2:\\\"id\\\";i:15;s:9:\\\"relations\\\";a:0:{}s:10:\\\"connection\\\";s:5:\\\"mysql\\\";s:15:\\\"collectionClass\\\";N;}s:5:\\\"delay\\\";i:60;}\"}}', 0, NULL, 1760144608, 1760144548),
(7, 'default', '{\"uuid\":\"8bf72ecf-cf2f-46a8-928b-6d62391f7dd4\",\"displayName\":\"App\\\\Jobs\\\\ProcessTrade\",\"job\":\"Illuminate\\\\Queue\\\\CallQueuedHandler@call\",\"maxTries\":3,\"maxExceptions\":null,\"failOnTimeout\":false,\"backoff\":null,\"timeout\":30,\"retryUntil\":null,\"data\":{\"commandName\":\"App\\\\Jobs\\\\ProcessTrade\",\"command\":\"O:21:\\\"App\\\\Jobs\\\\ProcessTrade\\\":2:{s:8:\\\"\\u0000*\\u0000trade\\\";O:45:\\\"Illuminate\\\\Contracts\\\\Database\\\\ModelIdentifier\\\":5:{s:5:\\\"class\\\";s:16:\\\"App\\\\Models\\\\Trade\\\";s:2:\\\"id\\\";i:16;s:9:\\\"relations\\\";a:0:{}s:10:\\\"connection\\\";s:5:\\\"mysql\\\";s:15:\\\"collectionClass\\\";N;}s:5:\\\"delay\\\";i:60;}\"}}', 0, NULL, 1760148701, 1760148641),
(8, 'default', '{\"uuid\":\"3522fc45-68c1-4eb8-8221-54e346480ce4\",\"displayName\":\"App\\\\Jobs\\\\ProcessTrade\",\"job\":\"Illuminate\\\\Queue\\\\CallQueuedHandler@call\",\"maxTries\":3,\"maxExceptions\":null,\"failOnTimeout\":false,\"backoff\":null,\"timeout\":30,\"retryUntil\":null,\"data\":{\"commandName\":\"App\\\\Jobs\\\\ProcessTrade\",\"command\":\"O:21:\\\"App\\\\Jobs\\\\ProcessTrade\\\":2:{s:8:\\\"\\u0000*\\u0000trade\\\";O:45:\\\"Illuminate\\\\Contracts\\\\Database\\\\ModelIdentifier\\\":5:{s:5:\\\"class\\\";s:16:\\\"App\\\\Models\\\\Trade\\\";s:2:\\\"id\\\";i:17;s:9:\\\"relations\\\";a:0:{}s:10:\\\"connection\\\";s:5:\\\"mysql\\\";s:15:\\\"collectionClass\\\";N;}s:5:\\\"delay\\\";i:60;}\"}}', 0, NULL, 1760153711, 1760153651),
(9, 'default', '{\"uuid\":\"ea45b409-0068-4458-8eff-7265fbc6013f\",\"displayName\":\"App\\\\Jobs\\\\ProcessTrade\",\"job\":\"Illuminate\\\\Queue\\\\CallQueuedHandler@call\",\"maxTries\":3,\"maxExceptions\":null,\"failOnTimeout\":false,\"backoff\":null,\"timeout\":30,\"retryUntil\":null,\"data\":{\"commandName\":\"App\\\\Jobs\\\\ProcessTrade\",\"command\":\"O:21:\\\"App\\\\Jobs\\\\ProcessTrade\\\":2:{s:8:\\\"\\u0000*\\u0000trade\\\";O:45:\\\"Illuminate\\\\Contracts\\\\Database\\\\ModelIdentifier\\\":5:{s:5:\\\"class\\\";s:16:\\\"App\\\\Models\\\\Trade\\\";s:2:\\\"id\\\";i:18;s:9:\\\"relations\\\";a:0:{}s:10:\\\"connection\\\";s:5:\\\"mysql\\\";s:15:\\\"collectionClass\\\";N;}s:5:\\\"delay\\\";i:300;}\"}}', 0, NULL, 1760159294, 1760158994),
(10, 'default', '{\"uuid\":\"6ebe1afd-560b-4992-9332-f434b3b7e911\",\"displayName\":\"App\\\\Jobs\\\\ProcessTrade\",\"job\":\"Illuminate\\\\Queue\\\\CallQueuedHandler@call\",\"maxTries\":3,\"maxExceptions\":null,\"failOnTimeout\":false,\"backoff\":null,\"timeout\":30,\"retryUntil\":null,\"data\":{\"commandName\":\"App\\\\Jobs\\\\ProcessTrade\",\"command\":\"O:21:\\\"App\\\\Jobs\\\\ProcessTrade\\\":2:{s:8:\\\"\\u0000*\\u0000trade\\\";O:45:\\\"Illuminate\\\\Contracts\\\\Database\\\\ModelIdentifier\\\":5:{s:5:\\\"class\\\";s:16:\\\"App\\\\Models\\\\Trade\\\";s:2:\\\"id\\\";i:19;s:9:\\\"relations\\\";a:0:{}s:10:\\\"connection\\\";s:5:\\\"mysql\\\";s:15:\\\"collectionClass\\\";N;}s:5:\\\"delay\\\";i:60;}\"}}', 0, NULL, 1760172138, 1760172078),
(11, 'default', '{\"uuid\":\"a09ff472-3ec3-4b73-82dd-809ffa8f2430\",\"displayName\":\"App\\\\Jobs\\\\SubscriptionReminder\",\"job\":\"Illuminate\\\\Queue\\\\CallQueuedHandler@call\",\"maxTries\":null,\"maxExceptions\":null,\"failOnTimeout\":false,\"backoff\":null,\"timeout\":null,\"retryUntil\":null,\"data\":{\"commandName\":\"App\\\\Jobs\\\\SubscriptionReminder\",\"command\":\"O:29:\\\"App\\\\Jobs\\\\SubscriptionReminder\\\":0:{}\"}}', 0, NULL, 1760187603, 1760187603),
(12, 'default', '{\"uuid\":\"79bf3f1b-7bfa-4629-b83d-1c3f11d81c5d\",\"displayName\":\"App\\\\Jobs\\\\ProcessTrade\",\"job\":\"Illuminate\\\\Queue\\\\CallQueuedHandler@call\",\"maxTries\":3,\"maxExceptions\":null,\"failOnTimeout\":false,\"backoff\":null,\"timeout\":30,\"retryUntil\":null,\"data\":{\"commandName\":\"App\\\\Jobs\\\\ProcessTrade\",\"command\":\"O:21:\\\"App\\\\Jobs\\\\ProcessTrade\\\":2:{s:8:\\\"\\u0000*\\u0000trade\\\";O:45:\\\"Illuminate\\\\Contracts\\\\Database\\\\ModelIdentifier\\\":5:{s:5:\\\"class\\\";s:16:\\\"App\\\\Models\\\\Trade\\\";s:2:\\\"id\\\";i:20;s:9:\\\"relations\\\";a:0:{}s:10:\\\"connection\\\";s:5:\\\"mysql\\\";s:15:\\\"collectionClass\\\";N;}s:5:\\\"delay\\\";i:60;}\"}}', 0, NULL, 1760225941, 1760225881),
(13, 'default', '{\"uuid\":\"7740c97b-cf1c-4aff-9a08-66cb5af2cea3\",\"displayName\":\"App\\\\Jobs\\\\SubscriptionReminder\",\"job\":\"Illuminate\\\\Queue\\\\CallQueuedHandler@call\",\"maxTries\":null,\"maxExceptions\":null,\"failOnTimeout\":false,\"backoff\":null,\"timeout\":null,\"retryUntil\":null,\"data\":{\"commandName\":\"App\\\\Jobs\\\\SubscriptionReminder\",\"command\":\"O:29:\\\"App\\\\Jobs\\\\SubscriptionReminder\\\":0:{}\"}}', 0, NULL, 1760230803, 1760230803),
(14, 'default', '{\"uuid\":\"8e67fb7a-5ed5-4899-9809-dca17d59eb40\",\"displayName\":\"App\\\\Jobs\\\\SubscriptionReminder\",\"job\":\"Illuminate\\\\Queue\\\\CallQueuedHandler@call\",\"maxTries\":null,\"maxExceptions\":null,\"failOnTimeout\":false,\"backoff\":null,\"timeout\":null,\"retryUntil\":null,\"data\":{\"commandName\":\"App\\\\Jobs\\\\SubscriptionReminder\",\"command\":\"O:29:\\\"App\\\\Jobs\\\\SubscriptionReminder\\\":0:{}\"}}', 0, NULL, 1760274003, 1760274003),
(15, 'default', '{\"uuid\":\"26159e39-66d4-4a61-80c8-cbd102436ceb\",\"displayName\":\"App\\\\Jobs\\\\SubscriptionReminder\",\"job\":\"Illuminate\\\\Queue\\\\CallQueuedHandler@call\",\"maxTries\":null,\"maxExceptions\":null,\"failOnTimeout\":false,\"backoff\":null,\"timeout\":null,\"retryUntil\":null,\"data\":{\"commandName\":\"App\\\\Jobs\\\\SubscriptionReminder\",\"command\":\"O:29:\\\"App\\\\Jobs\\\\SubscriptionReminder\\\":0:{}\"}}', 0, NULL, 1760317203, 1760317203),
(16, 'default', '{\"uuid\":\"6a60f702-256f-4c81-b63a-d866ae1132b7\",\"displayName\":\"App\\\\Jobs\\\\ProcessTrade\",\"job\":\"Illuminate\\\\Queue\\\\CallQueuedHandler@call\",\"maxTries\":3,\"maxExceptions\":null,\"failOnTimeout\":false,\"backoff\":null,\"timeout\":30,\"retryUntil\":null,\"data\":{\"commandName\":\"App\\\\Jobs\\\\ProcessTrade\",\"command\":\"O:21:\\\"App\\\\Jobs\\\\ProcessTrade\\\":2:{s:8:\\\"\\u0000*\\u0000trade\\\";O:45:\\\"Illuminate\\\\Contracts\\\\Database\\\\ModelIdentifier\\\":5:{s:5:\\\"class\\\";s:16:\\\"App\\\\Models\\\\Trade\\\";s:2:\\\"id\\\";i:21;s:9:\\\"relations\\\";a:0:{}s:10:\\\"connection\\\";s:5:\\\"mysql\\\";s:15:\\\"collectionClass\\\";N;}s:5:\\\"delay\\\";i:60;}\"}}', 0, NULL, 1760338908, 1760338848),
(17, 'default', '{\"uuid\":\"ec285f24-7e1f-4ad1-b2c5-c4692a1b9972\",\"displayName\":\"App\\\\Jobs\\\\ProcessTrade\",\"job\":\"Illuminate\\\\Queue\\\\CallQueuedHandler@call\",\"maxTries\":3,\"maxExceptions\":null,\"failOnTimeout\":false,\"backoff\":null,\"timeout\":30,\"retryUntil\":null,\"data\":{\"commandName\":\"App\\\\Jobs\\\\ProcessTrade\",\"command\":\"O:21:\\\"App\\\\Jobs\\\\ProcessTrade\\\":2:{s:8:\\\"\\u0000*\\u0000trade\\\";O:45:\\\"Illuminate\\\\Contracts\\\\Database\\\\ModelIdentifier\\\":5:{s:5:\\\"class\\\";s:16:\\\"App\\\\Models\\\\Trade\\\";s:2:\\\"id\\\";i:22;s:9:\\\"relations\\\";a:0:{}s:10:\\\"connection\\\";s:5:\\\"mysql\\\";s:15:\\\"collectionClass\\\";N;}s:5:\\\"delay\\\";i:60;}\"}}', 0, NULL, 1760351702, 1760351642),
(18, 'default', '{\"uuid\":\"86ddadac-8037-432d-8883-6b57162b60da\",\"displayName\":\"App\\\\Jobs\\\\SubscriptionReminder\",\"job\":\"Illuminate\\\\Queue\\\\CallQueuedHandler@call\",\"maxTries\":null,\"maxExceptions\":null,\"failOnTimeout\":false,\"backoff\":null,\"timeout\":null,\"retryUntil\":null,\"data\":{\"commandName\":\"App\\\\Jobs\\\\SubscriptionReminder\",\"command\":\"O:29:\\\"App\\\\Jobs\\\\SubscriptionReminder\\\":0:{}\"}}', 0, NULL, 1760360403, 1760360403),
(19, 'default', '{\"uuid\":\"e0daec37-50da-4866-9573-277685f44819\",\"displayName\":\"App\\\\Jobs\\\\ProcessTrade\",\"job\":\"Illuminate\\\\Queue\\\\CallQueuedHandler@call\",\"maxTries\":3,\"maxExceptions\":null,\"failOnTimeout\":false,\"backoff\":null,\"timeout\":30,\"retryUntil\":null,\"data\":{\"commandName\":\"App\\\\Jobs\\\\ProcessTrade\",\"command\":\"O:21:\\\"App\\\\Jobs\\\\ProcessTrade\\\":2:{s:8:\\\"\\u0000*\\u0000trade\\\";O:45:\\\"Illuminate\\\\Contracts\\\\Database\\\\ModelIdentifier\\\":5:{s:5:\\\"class\\\";s:16:\\\"App\\\\Models\\\\Trade\\\";s:2:\\\"id\\\";i:23;s:9:\\\"relations\\\";a:0:{}s:10:\\\"connection\\\";s:5:\\\"mysql\\\";s:15:\\\"collectionClass\\\";N;}s:5:\\\"delay\\\";i:60;}\"}}', 0, NULL, 1760360718, 1760360658);

-- --------------------------------------------------------

--
-- Table structure for table `kycs`
--

CREATE TABLE `kycs` (
  `id` bigint UNSIGNED NOT NULL,
  `user_id` bigint UNSIGNED NOT NULL,
  `first_name` varchar(255) COLLATE utf8mb4_unicode_ci DEFAULT NULL,
  `last_name` varchar(255) COLLATE utf8mb4_unicode_ci DEFAULT NULL,
  `email` varchar(255) COLLATE utf8mb4_unicode_ci DEFAULT NULL,
  `phone_number` varchar(255) COLLATE utf8mb4_unicode_ci DEFAULT NULL,
  `dob` varchar(255) COLLATE utf8mb4_unicode_ci DEFAULT NULL,
  `social_media` varchar(255) COLLATE utf8mb4_unicode_ci DEFAULT NULL,
  `address` text COLLATE utf8mb4_unicode_ci,
  `city` varchar(255) COLLATE utf8mb4_unicode_ci DEFAULT NULL,
  `state` varchar(255) COLLATE utf8mb4_unicode_ci DEFAULT NULL,
  `country` varchar(255) COLLATE utf8mb4_unicode_ci DEFAULT NULL,
  `document_type` varchar(255) COLLATE utf8mb4_unicode_ci DEFAULT NULL,
  `frontimg` text COLLATE utf8mb4_unicode_ci,
  `backimg` text COLLATE utf8mb4_unicode_ci,
  `status` varchar(255) COLLATE utf8mb4_unicode_ci DEFAULT NULL,
  `created_at` timestamp NULL DEFAULT NULL,
  `updated_at` timestamp NULL DEFAULT NULL
) ENGINE=InnoDB DEFAULT CHARSET=utf8mb4 COLLATE=utf8mb4_unicode_ci;

-- --------------------------------------------------------

--
-- Table structure for table `lessons`
--

CREATE TABLE `lessons` (
  `id` bigint UNSIGNED NOT NULL,
  `category` varchar(191) COLLATE utf8mb4_unicode_ci DEFAULT NULL,
  `title` varchar(255) COLLATE utf8mb4_unicode_ci NOT NULL,
  `description` text COLLATE utf8mb4_unicode_ci,
  `video_link` varchar(255) COLLATE utf8mb4_unicode_ci NOT NULL,
  `length` int DEFAULT '0',
  `preview` tinyint(1) DEFAULT '0',
  `thumbnail` varchar(255) COLLATE utf8mb4_unicode_ci DEFAULT NULL,
  `course_id` bigint UNSIGNED DEFAULT NULL,
  `created_at` timestamp NULL DEFAULT CURRENT_TIMESTAMP,
  `updated_at` timestamp NULL DEFAULT CURRENT_TIMESTAMP ON UPDATE CURRENT_TIMESTAMP
) ENGINE=InnoDB DEFAULT CHARSET=utf8mb4 COLLATE=utf8mb4_unicode_ci;

--
-- Dumping data for table `lessons`
--

INSERT INTO `lessons` (`id`, `category`, `title`, `description`, `video_link`, `length`, `preview`, `thumbnail`, `course_id`, `created_at`, `updated_at`) VALUES
(1, NULL, 'Demo Lesson', '<p>This is a demo lesson</p>', 'https://www.youtube.com/embed/ikmj1w13YFU?si=KJmn97P-rtvm3dzI', 30, 1, 'lessons/wwKYXzITE4ujBSrb9Er5lihzxT6Rjc3XKUazzkZT.png', 1, '2024-12-29 12:31:56', '2024-12-31 08:00:42'),
(3, 'Demo', 'Free Demo Lesson', '<p>Free Demo Lesson</p>', 'https://www.youtube.com/embed/ikmj1w13YFU?si=KJmn97P-rtvm3dzI', 20, 1, 'lessons/nKgqmAx5t6zN4G6wFimeC6epAbfBFqZ2ubpnX0Tm.png', NULL, '2024-12-31 12:06:00', '2024-12-31 08:00:38');

-- --------------------------------------------------------

--
-- Table structure for table `messages`
--

CREATE TABLE `messages` (
  `id` bigint UNSIGNED NOT NULL,
  `from_user` bigint UNSIGNED NOT NULL,
  `to_user` bigint UNSIGNED NOT NULL,
  `message` text COLLATE utf8mb4_unicode_ci,
  `read` tinyint(1) DEFAULT '0',
  `created_at` timestamp NULL DEFAULT NULL,
  `updated_at` timestamp NULL DEFAULT NULL,
  `file_url` varchar(255) COLLATE utf8mb4_unicode_ci DEFAULT NULL,
  `file_name` varchar(255) COLLATE utf8mb4_unicode_ci DEFAULT NULL,
  `file_type` varchar(255) COLLATE utf8mb4_unicode_ci DEFAULT NULL
) ENGINE=InnoDB DEFAULT CHARSET=utf8mb4 COLLATE=utf8mb4_unicode_ci;

--
-- Dumping data for table `messages`
--

INSERT INTO `messages` (`id`, `from_user`, `to_user`, `message`, `read`, `created_at`, `updated_at`, `file_url`, `file_name`, `file_type`) VALUES
(55, 105, 1, 'Hello there', 1, '2025-05-07 11:55:32', '2025-05-07 12:11:05', NULL, NULL, NULL),
(57, 111, 1, 'Please Kindly help me to start my trading process soI can start earning commission payout. Thank you.', 1, '2025-06-01 12:03:15', '2025-06-01 12:10:45', NULL, NULL, NULL),
(58, 1, 111, 'Thanks Ifeanyi Eseka you just need to complete your deposited amount a complete startup of $70 USD before you can start earning commission on the minimum active investment plan, You just need to deposit 30,000 Nigerian currency let\'s get started', 1, '2025-06-01 12:16:24', '2025-06-01 12:19:38', NULL, NULL, NULL),
(59, 1, 111, '2077318673 Kuda bank  Blessing Daniel', 1, '2025-06-01 12:38:29', '2025-06-01 17:09:05', NULL, NULL, NULL),
(60, 1, 111, 'That\'s the company account details ok Kindly make deposit and send me the payment receipt ok', 1, '2025-06-01 12:39:03', '2025-06-01 17:09:05', NULL, NULL, NULL),
(61, 112, 1, 'Hello 👋🏻', 1, '2025-06-04 23:03:58', '2025-06-04 23:06:48', NULL, NULL, NULL),
(62, 1, 112, 'Thanks Mr Restituto Gamis for joining  our team Your account is fully verified now all you just need to do is to make the deposit into your account let\'s get started', 0, '2025-06-04 23:09:08', '2025-06-04 23:09:08', NULL, NULL, NULL);

-- --------------------------------------------------------

--
-- Table structure for table `migrations`
--

CREATE TABLE `migrations` (
  `id` int UNSIGNED NOT NULL,
  `migration` varchar(255) COLLATE utf8mb4_unicode_ci NOT NULL,
  `batch` int NOT NULL
) ENGINE=InnoDB DEFAULT CHARSET=utf8mb4 COLLATE=utf8mb4_unicode_ci;

--
-- Dumping data for table `migrations`
--

INSERT INTO `migrations` (`id`, `migration`, `batch`) VALUES
(7, '2014_10_12_000000_create_users_table', 1),
(8, '2014_10_12_100000_create_password_reset_tokens_table', 1),
(9, '2014_10_12_200000_add_two_factor_columns_to_users_table', 1),
(10, '2019_08_19_000000_create_failed_jobs_table', 1),
(11, '2019_12_14_000001_create_personal_access_tokens_table', 1),
(12, '2024_01_09_094218_create_sessions_table', 1),
(13, '2024_01_09_100510_create_binance_transactions_table', 2),
(14, '2024_01_09_100823_create_contents_table', 2),
(15, '2024_01_09_100945_create_coin_payments_table', 2),
(17, '2024_01_09_101447_create_crypto_records_table', 2),
(18, '2024_01_09_101636_create_deposits_table', 2),
(19, '2024_01_09_102130_create_faqs_table', 2),
(20, '2024_01_09_102224_create_images_table', 2),
(21, '2024_01_09_102403_create_kycs_table', 2),
(23, '2024_01_09_103015_create_notifications_table', 2),
(24, '2024_01_09_103105_create_plans_table', 2),
(25, '2024_01_09_103429_create_symbol_maps_table', 2),
(26, '2024_01_09_103605_create_tasks_table', 2),
(27, '2024_01_09_104109_create_testimonies_table', 2),
(28, '2024_01_09_104522_create_user_plans_table', 2),
(30, '2024_01_09_105209_create_payment_methods_table', 2),
(31, '2024_01_09_105736_create_withdrawals_table', 2),
(34, '2024_01_09_101146_create_crypto_accounts_table', 4),
(35, '2024_01_12_094330_create_permission_tables', 5),
(36, '2024_01_09_104843_create_transactions_table', 6),
(37, '2024_01_15_111417_create_rois_table', 6),
(38, '2024_01_09_110050_create_settings_table', 7),
(42, '2024_01_09_102612_create_trading_accounts_table', 8),
(44, '2024_02_12_141456_create_cache_table', 9),
(45, '2024_02_14_200248_create_activity_log_table', 10),
(46, '2024_02_14_200249_add_event_column_to_activity_log_table', 10),
(47, '2024_02_14_200250_add_batch_uuid_column_to_activity_log_table', 10),
(58, '2024_02_15_110633_add_to_settings_table', 11),
(60, '2024_02_15_192441_add_to_settings_table', 11),
(62, '2024_02_16_191204_add_more_fields_to_settings_table', 12),
(63, '2024_02_20_183244_create_crypto_currencies_table', 13),
(64, '2024_02_21_163414_create_i_p_addresses_table', 14),
(65, '2024_02_21_194631_add_to_settings_table', 15),
(71, '2024_02_22_180722_create_pages_table', 16),
(73, '2024_02_25_190056_create_email_templates_table', 17),
(74, '2024_03_14_230752_create_jobs_table', 18),
(76, '2024_05_15_085953_create_coinbases_table', 19),
(77, '2024_12_31_085738_signal_table', 20),
(78, '2025_10_10_221705_create_crypto_assets_table', 21);

-- --------------------------------------------------------

--
-- Table structure for table `model_has_permissions`
--

CREATE TABLE `model_has_permissions` (
  `permission_id` bigint UNSIGNED NOT NULL,
  `model_type` varchar(191) COLLATE utf8mb4_unicode_ci NOT NULL,
  `model_id` bigint UNSIGNED NOT NULL
) ENGINE=InnoDB DEFAULT CHARSET=utf8mb4 COLLATE=utf8mb4_unicode_ci;

-- --------------------------------------------------------

--
-- Table structure for table `model_has_roles`
--

CREATE TABLE `model_has_roles` (
  `role_id` bigint UNSIGNED NOT NULL,
  `model_type` varchar(191) COLLATE utf8mb4_unicode_ci NOT NULL,
  `model_id` bigint UNSIGNED NOT NULL
) ENGINE=InnoDB DEFAULT CHARSET=utf8mb4 COLLATE=utf8mb4_unicode_ci;

--
-- Dumping data for table `model_has_roles`
--

INSERT INTO `model_has_roles` (`role_id`, `model_type`, `model_id`) VALUES
(1, 'App\\Models\\User', 1),
(23, 'App\\Models\\User', 52),
(23, 'App\\Models\\User', 53),
(23, 'App\\Models\\User', 54),
(23, 'App\\Models\\User', 55),
(23, 'App\\Models\\User', 56),
(23, 'App\\Models\\User', 57),
(23, 'App\\Models\\User', 58),
(23, 'App\\Models\\User', 59),
(23, 'App\\Models\\User', 60),
(23, 'App\\Models\\User', 61),
(23, 'App\\Models\\User', 62),
(23, 'App\\Models\\User', 63),
(23, 'App\\Models\\User', 64),
(23, 'App\\Models\\User', 66),
(23, 'App\\Models\\User', 69),
(23, 'App\\Models\\User', 70),
(23, 'App\\Models\\User', 71),
(23, 'App\\Models\\User', 73),
(23, 'App\\Models\\User', 74),
(23, 'App\\Models\\User', 76),
(23, 'App\\Models\\User', 78),
(23, 'App\\Models\\User', 79),
(23, 'App\\Models\\User', 81),
(23, 'App\\Models\\User', 83),
(23, 'App\\Models\\User', 84),
(23, 'App\\Models\\User', 85),
(23, 'App\\Models\\User', 86),
(23, 'App\\Models\\User', 91),
(23, 'App\\Models\\User', 92),
(23, 'App\\Models\\User', 93),
(23, 'App\\Models\\User', 94),
(23, 'App\\Models\\User', 95),
(23, 'App\\Models\\User', 97),
(23, 'App\\Models\\User', 98),
(23, 'App\\Models\\User', 99),
(23, 'App\\Models\\User', 100),
(23, 'App\\Models\\User', 101),
(23, 'App\\Models\\User', 102),
(23, 'App\\Models\\User', 103),
(23, 'App\\Models\\User', 104),
(23, 'App\\Models\\User', 121),
(23, 'App\\Models\\User', 122);

-- --------------------------------------------------------

--
-- Table structure for table `notifications`
--

CREATE TABLE `notifications` (
  `id` char(36) COLLATE utf8mb4_unicode_ci NOT NULL,
  `type` varchar(255) COLLATE utf8mb4_unicode_ci NOT NULL,
  `notifiable_type` varchar(255) COLLATE utf8mb4_unicode_ci NOT NULL,
  `notifiable_id` bigint UNSIGNED NOT NULL,
  `data` text COLLATE utf8mb4_unicode_ci NOT NULL,
  `read_at` timestamp NULL DEFAULT NULL,
  `created_at` timestamp NULL DEFAULT NULL,
  `updated_at` timestamp NULL DEFAULT NULL
) ENGINE=InnoDB DEFAULT CHARSET=utf8mb4 COLLATE=utf8mb4_unicode_ci;

--
-- Dumping data for table `notifications`
--

INSERT INTO `notifications` (`id`, `type`, `notifiable_type`, `notifiable_id`, `data`, `read_at`, `created_at`, `updated_at`) VALUES
('0215b69e-58f8-4f39-97e7-ca2d2a76665d', 'App\\Notifications\\User\\WithdrawalSuccessNotification', 'App\\Models\\User', 66, '{\"message\":\"Your withdrawal request of  $150 via USDT has been submitted.\",\"title\":\"Withdrawal Request Submitted\"}', NULL, '2025-03-09 22:07:16', '2025-03-09 22:07:16'),
('04141eb7-d862-4379-a16a-6fd76ab93945', 'App\\Notifications\\User\\WithdrawalProcessedNotification', 'App\\Models\\User', 91, '{\"message\":\"Your withdrawal request of  $99300.00 was approved and funds have been sent to your selected account\",\"title\":\"\\u2705 Successful Withdrawal\"}', NULL, '2025-03-19 21:29:05', '2025-03-19 21:29:05'),
('0c4abb8b-1318-458b-90bf-5530587f223e', 'App\\Notifications\\User\\WithdrawalProcessedNotification', 'App\\Models\\User', 66, '{\"message\":\"Your withdrawal request of  $132.00 was approved and funds have been sent to your selected account\",\"title\":\"\\u2705 Successful Withdrawal\"}', NULL, '2025-03-09 22:58:45', '2025-03-09 22:58:45'),
('10b96a88-eb23-42c5-8aec-93bbca299bfe', 'App\\Notifications\\User\\InvestmentStartedNotification', 'App\\Models\\User', 102, '{\"message\":\"You just purchased an investment plan: GT Mega Plan, amount:  $5000\",\"title\":\"You just purchase a plan\"}', NULL, '2025-04-10 23:35:39', '2025-04-10 23:35:39'),
('11df1355-6eee-4cad-9354-8f051d19dcb8', 'App\\Notifications\\User\\DepositSuccessfulNotification', 'App\\Models\\User', 91, '{\"message\":\"We just received your deposit of  $885000. We will process it shortly. Thank you\",\"title\":\"You just made a Deposit\"}', NULL, '2025-03-19 18:22:26', '2025-03-19 18:22:26'),
('12927076-ce99-41e2-8ad7-c7d0ab20b6a8', 'App\\Notifications\\User\\DepositSuccessfulNotification', 'App\\Models\\User', 105, '{\"message\":\"We just received your deposit of  $600. We will process it shortly. Thank you\",\"title\":\"You just made a Deposit\"}', NULL, '2025-05-09 14:30:27', '2025-05-09 14:30:27'),
('1b763739-2c8a-4060-96ce-41aab4a55eb3', 'App\\Notifications\\User\\WithdrawalProcessedNotification', 'App\\Models\\User', 85, '{\"message\":\"Your withdrawal request of  $21000.00 was approved and funds have been sent to your selected account\",\"title\":\"\\u2705 Successful Withdrawal\"}', NULL, '2025-03-12 11:21:08', '2025-03-12 11:21:08'),
('1d0d0a37-9582-4804-b8d8-2c6e6f7ba019', 'App\\Notifications\\User\\DepositConfirmedNotification', 'App\\Models\\User', 68, '{\"message\":\"Your deposit of  $ 60000 has been processed.\",\"title\":\"Your Deposit Have been confirmed.\"}', NULL, '2025-03-07 12:04:00', '2025-03-07 12:04:00'),
('1e20df7a-6d00-49a2-9fda-6a0d607428a8', 'App\\Notifications\\User\\KycApprovedNotification', 'App\\Models\\User', 112, '{\"message\":\"Your Kyc has been verified. You can now place a withdrawal request.\",\"title\":\"Your KYC is Approved\"}', NULL, '2025-06-04 22:55:34', '2025-06-04 22:55:34'),
('21028dd6-4d6d-4ccf-adc2-1f633b33b6bc', 'App\\Notifications\\User\\WithdrawalSuccessNotification', 'App\\Models\\User', 85, '{\"message\":\"Your withdrawal request of  $21000 via USDT has been submitted.\",\"title\":\"Withdrawal Request Submitted\"}', NULL, '2025-03-12 10:27:11', '2025-03-12 10:27:11'),
('291a5135-6d69-4a03-bb33-7e0de77e939c', 'App\\Notifications\\User\\KycApplicationReceivedNotification', 'App\\Models\\User', 66, '{\"message\":\"Your KYC has been submitted. Please wait while we verify your details.\",\"title\":\"We have received your KYC application\"}', '2025-03-06 10:32:33', '2025-03-06 07:53:38', '2025-03-06 10:32:33'),
('29380ad6-99ef-4f8b-b4fd-2bda6731b419', 'App\\Notifications\\User\\DepositSuccessfulNotification', 'App\\Models\\User', 74, '{\"message\":\"We just received your deposit of  $177. We will process it shortly. Thank you\",\"title\":\"You just made a Deposit\"}', NULL, '2025-03-07 12:02:23', '2025-03-07 12:02:23'),
('2b30a83d-3ecc-468e-947c-5f42b8f1a014', 'App\\Notifications\\User\\DepositConfirmedNotification', 'App\\Models\\User', 74, '{\"message\":\"Your deposit of  $ 119 has been processed.\",\"title\":\"Your Deposit Have been confirmed.\"}', NULL, '2025-03-07 12:04:12', '2025-03-07 12:04:12'),
('2d1af068-e174-41e7-8874-b5cf6d3bb6a7', 'App\\Notifications\\User\\DepositConfirmedNotification', 'App\\Models\\User', 121, '{\"message\":\"Your deposit of  $ 300 has been processed.\",\"title\":\"Your Deposit Have been confirmed.\"}', NULL, '2025-10-28 16:57:09', '2025-10-28 16:57:09'),
('2fa7b8ed-1a14-4b08-935b-972e0e5c897e', 'App\\Notifications\\User\\KycApprovedNotification', 'App\\Models\\User', 66, '{\"message\":\"Your Kyc has been verified. You can now place a withdrawal request.\",\"title\":\"Your KYC is Approved\"}', '2025-03-06 10:32:33', '2025-03-06 07:56:29', '2025-03-06 10:32:33'),
('30c05a9e-2fcd-4de5-b9a4-2ed10bc4dac5', 'App\\Notifications\\User\\KycApprovedNotification', 'App\\Models\\User', 74, '{\"message\":\"Your Kyc has been verified. You can now place a withdrawal request.\",\"title\":\"Your KYC is Approved\"}', NULL, '2025-03-16 07:30:13', '2025-03-16 07:30:13'),
('34bf9740-0518-4d28-b93a-a30ed84c782f', 'App\\Notifications\\User\\KycApprovedNotification', 'App\\Models\\User', 66, '{\"message\":\"Your Kyc has been verified. You can now place a withdrawal request.\",\"title\":\"Your KYC is Approved\"}', '2025-03-05 19:59:25', '2025-03-05 19:20:58', '2025-03-05 19:59:25'),
('38b38f7f-9084-4926-bce2-31a5711470ea', 'App\\Notifications\\User\\KycApplicationReceivedNotification', 'App\\Models\\User', 112, '{\"message\":\"Your KYC has been submitted. Please wait while we verify your details.\",\"title\":\"We have received your KYC application\"}', NULL, '2025-06-04 22:17:44', '2025-06-04 22:17:44'),
('3dcf10e3-791e-4cb6-95fd-17a72b6340b1', 'App\\Notifications\\User\\DepositSuccessfulNotification', 'App\\Models\\User', 66, '{\"message\":\"We just received your deposit of  $120. We will process it shortly. Thank you\",\"title\":\"You just made a Deposit\"}', '2025-03-04 14:07:15', '2025-03-04 14:06:36', '2025-03-04 14:07:15'),
('46e1c529-fd4a-4625-9323-365a1763f910', 'App\\Notifications\\User\\DepositConfirmedNotification', 'App\\Models\\User', 66, '{\"message\":\"Your deposit of  $ 120 has been processed.\",\"title\":\"Your Deposit Have been confirmed.\"}', '2025-03-05 19:59:25', '2025-03-05 10:28:17', '2025-03-05 19:59:25'),
('482754d6-14ae-4889-a0b5-cb4b693775b6', 'App\\Notifications\\User\\KycApprovedNotification', 'App\\Models\\User', 91, '{\"message\":\"Your Kyc has been verified. You can now place a withdrawal request.\",\"title\":\"Your KYC is Approved\"}', NULL, '2025-03-19 10:28:14', '2025-03-19 10:28:14'),
('4bb57e68-9a13-4a39-b6fa-9c253733bfbe', 'App\\Notifications\\User\\InvestmentStartedNotification', 'App\\Models\\User', 121, '{\"message\":\"You just purchased an investment plan: Starter Plan, amount:  $200\",\"title\":\"You just purchase a plan\"}', NULL, '2025-10-28 16:57:47', '2025-10-28 16:57:47'),
('4d42daeb-0c4b-415e-bea2-0e9afe5e92e1', 'App\\Notifications\\User\\KycApplicationReceivedNotification', 'App\\Models\\User', 66, '{\"message\":\"Your KYC has been submitted. Please wait while we verify your details.\",\"title\":\"We have received your KYC application\"}', '2025-03-05 19:59:25', '2025-03-05 19:17:55', '2025-03-05 19:59:25'),
('4e24e23d-2f40-49bb-81d4-224ab7e2fc4b', 'App\\Notifications\\User\\DepositSuccessfulNotification', 'App\\Models\\User', 68, '{\"message\":\"We just received your deposit of  $60000. We will process it shortly. Thank you\",\"title\":\"You just made a Deposit\"}', NULL, '2025-03-07 11:53:58', '2025-03-07 11:53:58'),
('5063c9e1-21ae-47f3-8d75-a9381ba32f27', 'App\\Notifications\\User\\InvestmentStartedNotification', 'App\\Models\\User', 66, '{\"message\":\"You just purchased an investment plan: Starter Plan, amount:  $100\",\"title\":\"You just purchase a plan\"}', '2025-03-05 19:59:25', '2025-03-05 10:49:37', '2025-03-05 19:59:25'),
('51f8d3da-b774-4438-a55f-061c3772a8fa', 'App\\Notifications\\User\\WithdrawalProcessedNotification', 'App\\Models\\User', 74, '{\"message\":\"Your withdrawal request of  $1000.00 was approved and funds have been sent to your selected account\",\"title\":\"\\u2705 Successful Withdrawal\"}', NULL, '2025-03-16 07:35:03', '2025-03-16 07:35:03'),
('5353e0fc-c1da-46e4-ae01-e2f5122e0edf', 'App\\Notifications\\User\\DepositSuccessfulNotification', 'App\\Models\\User', 121, '{\"message\":\"We just received your deposit of  $300. We will process it shortly. Thank you\",\"title\":\"You just made a Deposit\"}', NULL, '2025-10-28 16:56:20', '2025-10-28 16:56:20'),
('54467c7a-4f87-4da1-a124-2d36c1ffc94f', 'App\\Notifications\\User\\WithdrawalSuccessNotification', 'App\\Models\\User', 91, '{\"message\":\"Your withdrawal request of  $99300 via USDT has been submitted.\",\"title\":\"Withdrawal Request Submitted\"}', NULL, '2025-03-19 20:49:10', '2025-03-19 20:49:10'),
('54cdf683-bded-41cb-890e-015e36c0989c', 'App\\Notifications\\User\\WithdrawalSuccessNotification', 'App\\Models\\User', 66, '{\"message\":\"Your withdrawal request of  $100 via USDT has been submitted.\",\"title\":\"Withdrawal Request Submitted\"}', '2025-03-05 19:59:25', '2025-03-05 19:41:36', '2025-03-05 19:59:25'),
('578c4000-cd1a-4397-b94e-0f8485ceb542', 'App\\Notifications\\User\\DepositSuccessfulNotification', 'App\\Models\\User', 66, '{\"message\":\"We just received your deposit of  $100. We will process it shortly. Thank you\",\"title\":\"You just made a Deposit\"}', NULL, '2025-03-06 14:41:07', '2025-03-06 14:41:07'),
('5a0057f4-6b2a-462a-ba08-5ba99bcae9ba', 'App\\Notifications\\User\\DepositSuccessfulNotification', 'App\\Models\\User', 82, '{\"message\":\"We just received your deposit of  $100. We will process it shortly. Thank you\",\"title\":\"You just made a Deposit\"}', NULL, '2025-10-12 03:03:34', '2025-10-12 03:03:34'),
('5bc80a47-e5c7-451e-b970-b046255868b3', 'App\\Notifications\\User\\DepositSuccessfulNotification', 'App\\Models\\User', 82, '{\"message\":\"We just received your deposit of  $200. We will process it shortly. Thank you\",\"title\":\"You just made a Deposit\"}', NULL, '2025-10-11 00:38:28', '2025-10-11 00:38:28'),
('5d9b8350-74c2-47c6-ac8d-251aa473183a', 'App\\Notifications\\User\\DepositConfirmedNotification', 'App\\Models\\User', 74, '{\"message\":\"Your deposit of  $ 177 has been processed.\",\"title\":\"Your Deposit Have been confirmed.\"}', NULL, '2025-03-07 12:04:16', '2025-03-07 12:04:16'),
('5de46d74-2a5a-4d56-8e6b-c30d535b5646', 'App\\Notifications\\User\\WithdrawalProcessedNotification', 'App\\Models\\User', 74, '{\"message\":\"Your withdrawal request of  $145.00 was approved and funds have been sent to your selected account\",\"title\":\"\\u2705 Successful Withdrawal\"}', NULL, '2025-03-16 07:40:52', '2025-03-16 07:40:52'),
('5e60ddc2-d8de-4428-80ab-575eb007c5e4', 'App\\Notifications\\User\\DepositConfirmedNotification', 'App\\Models\\User', 68, '{\"message\":\"Your deposit of  $ 120 has been processed.\",\"title\":\"Your Deposit Have been confirmed.\"}', NULL, '2025-03-06 20:20:35', '2025-03-06 20:20:35'),
('5e6732bb-b195-432f-a502-f671b9effea2', 'App\\Notifications\\User\\WithdrawalProcessedNotification', 'App\\Models\\User', 91, '{\"message\":\"Your withdrawal request of  $98000.00 was approved and funds have been sent to your selected account\",\"title\":\"\\u2705 Successful Withdrawal\"}', NULL, '2025-03-19 21:28:55', '2025-03-19 21:28:55'),
('640fa57a-bd3a-4bc2-9d0e-5b2299727423', 'App\\Notifications\\User\\DepositSuccessfulNotification', 'App\\Models\\User', 102, '{\"message\":\"We just received your deposit of  $33000. We will process it shortly. Thank you\",\"title\":\"You just made a Deposit\"}', '2025-04-10 23:24:15', '2025-04-10 23:09:36', '2025-04-10 23:24:15'),
('6584cc06-ff44-4fa8-a29a-e0b3a309f30e', 'App\\Notifications\\User\\WithdrawalProcessedNotification', 'App\\Models\\User', 76, '{\"message\":\"Your withdrawal request of  $10243.00 was approved and funds have been sent to your selected account\",\"title\":\"Withdrawal Request Processed \"}', NULL, '2025-03-09 10:31:07', '2025-03-09 10:31:07'),
('665ea87e-6e9e-409e-ad1b-23918f2038a6', 'App\\Notifications\\User\\DepositSuccessfulNotification', 'App\\Models\\User', 68, '{\"message\":\"We just received your deposit of  $120. We will process it shortly. Thank you\",\"title\":\"You just made a Deposit\"}', NULL, '2025-03-06 19:29:49', '2025-03-06 19:29:49'),
('68bfe639-f555-4fc8-ba32-4358771de85c', 'App\\Notifications\\User\\WithdrawalProcessedNotification', 'App\\Models\\User', 66, '{\"message\":\"Your withdrawal request of  $150.00 was approved and funds have been sent to your selected account\",\"title\":\"Withdrawal Request Processed \"}', NULL, '2025-03-09 22:08:23', '2025-03-09 22:08:23'),
('68f8cda5-549d-4c83-bec0-5c60c53751ea', 'App\\Notifications\\User\\DepositConfirmedNotification', 'App\\Models\\User', 91, '{\"message\":\"Your deposit of  $ 885000 has been processed.\",\"title\":\"Your Deposit Have been confirmed.\"}', NULL, '2025-03-19 18:32:15', '2025-03-19 18:32:15'),
('70543031-2dc7-4da7-a4fc-a7de53dddbfd', 'App\\Notifications\\User\\InvestmentStartedNotification', 'App\\Models\\User', 66, '{\"message\":\"You just purchased an investment plan: Starter Plan, amount:  $100\",\"title\":\"You just purchase a plan\"}', NULL, '2025-04-16 07:06:24', '2025-04-16 07:06:24'),
('70591643-a9ec-4842-8b8a-9eae989f69af', 'App\\Notifications\\User\\WithdrawalSuccessNotification', 'App\\Models\\User', 91, '{\"message\":\"Your withdrawal request of  $98000 via USDT has been submitted.\",\"title\":\"Withdrawal Request Submitted\"}', NULL, '2025-03-19 20:39:05', '2025-03-19 20:39:05'),
('71ead24f-86b9-446f-a288-2e228be3a139', 'App\\Notifications\\User\\DepositSuccessfulNotification', 'App\\Models\\User', 74, '{\"message\":\"We just received your deposit of  $119. We will process it shortly. Thank you\",\"title\":\"You just made a Deposit\"}', NULL, '2025-03-07 12:01:28', '2025-03-07 12:01:28'),
('7894ec33-35a9-493f-9aa8-64e11556d8ce', 'App\\Notifications\\User\\KycApplicationReceivedNotification', 'App\\Models\\User', 74, '{\"message\":\"Your KYC has been submitted. Please wait while we verify your details.\",\"title\":\"We have received your KYC application\"}', NULL, '2025-03-16 07:25:07', '2025-03-16 07:25:07'),
('824d413a-b83c-41c4-bb9d-f73c364434ca', 'App\\Notifications\\User\\DepositSuccessfulNotification', 'App\\Models\\User', 74, '{\"message\":\"We just received your deposit of  $13472. We will process it shortly. Thank you\",\"title\":\"You just made a Deposit\"}', NULL, '2025-03-07 11:59:25', '2025-03-07 11:59:25'),
('8bbfbe44-195e-411e-8035-a79096bf605f', 'App\\Notifications\\User\\KycApprovedNotification', 'App\\Models\\User', 85, '{\"message\":\"Your Kyc has been verified. You can now place a withdrawal request.\",\"title\":\"Your KYC is Approved\"}', NULL, '2025-03-12 09:04:53', '2025-03-12 09:04:53'),
('91e97095-8663-4067-9213-0a6523c91cf0', 'App\\Notifications\\User\\DepositSuccessfulNotification', 'App\\Models\\User', 82, '{\"message\":\"We just received your deposit of  $500. We will process it shortly. Thank you\",\"title\":\"You just made a Deposit\"}', NULL, '2025-10-13 12:06:33', '2025-10-13 12:06:33'),
('98ad9025-03fd-470f-a5b8-02d6092c4ffb', 'App\\Notifications\\User\\KycApprovedNotification', 'App\\Models\\User', 76, '{\"message\":\"Your Kyc has been verified. You can now place a withdrawal request.\",\"title\":\"Your KYC is Approved\"}', NULL, '2025-03-08 23:29:43', '2025-03-08 23:29:43'),
('99fcef05-a573-48d0-aa55-4cd586ed2f59', 'App\\Notifications\\User\\KycApplicationReceivedNotification', 'App\\Models\\User', 66, '{\"message\":\"Your KYC has been submitted. Please wait while we verify your details.\",\"title\":\"We have received your KYC application\"}', '2025-03-06 10:32:33', '2025-03-06 07:37:24', '2025-03-06 10:32:33'),
('9a77f84c-f04d-440d-a3b7-cf17b55105bc', 'App\\Notifications\\User\\WithdrawalSuccessNotification', 'App\\Models\\User', 66, '{\"message\":\"Your withdrawal request of  $132 via USDT has been submitted.\",\"title\":\"Withdrawal Request Submitted\"}', NULL, '2025-03-09 22:58:23', '2025-03-09 22:58:23'),
('9ada8e65-96e1-480c-b79b-04571100be96', 'App\\Notifications\\User\\InvestmentStartedNotification', 'App\\Models\\User', 76, '{\"message\":\"Vous venez d\'acheter un plan d\'investissement GT Mega Plan, montant  $1000\",\"title\":\"You just purchase a plan\"}', NULL, '2025-03-09 22:09:13', '2025-03-09 22:09:13'),
('a02a3548-1797-4a12-9875-69829d6abe2d', 'App\\Notifications\\User\\KycApplicationReceivedNotification', 'App\\Models\\User', 91, '{\"message\":\"Your KYC has been submitted. Please wait while we verify your details.\",\"title\":\"We have received your KYC application\"}', NULL, '2025-03-19 10:08:52', '2025-03-19 10:08:52'),
('a1aeb2c2-d9d1-428c-b243-2ea3d7e0849c', 'App\\Notifications\\User\\WithdrawalSuccessNotification', 'App\\Models\\User', 74, '{\"message\":\"Your withdrawal request of  $1000 via Credit-Debit Card has been submitted.\",\"title\":\"Withdrawal Request Submitted\"}', NULL, '2025-03-16 07:34:18', '2025-03-16 07:34:18'),
('a757ddf3-5ff2-4e81-b2d6-6f3dc60af9c6', 'App\\Notifications\\User\\WithdrawalProcessedNotification', 'App\\Models\\User', 91, '{\"message\":\"Your withdrawal request of  $95600.00 was approved and funds have been sent to your selected account\",\"title\":\"\\u2705 Successful Withdrawal\"}', NULL, '2025-03-19 21:28:59', '2025-03-19 21:28:59'),
('ae269a40-ad0e-4ad0-b892-3a9a5456c75e', 'App\\Notifications\\User\\DepositConfirmedNotification', 'App\\Models\\User', 81, '{\"message\":\"Your deposit of  $ 2500 has been processed.\",\"title\":\"Your Deposit Have been confirmed.\"}', NULL, '2025-03-09 18:56:36', '2025-03-09 18:56:36'),
('af374823-8cc5-4928-8e56-88fa14634e66', 'App\\Notifications\\User\\WithdrawalSuccessNotification', 'App\\Models\\User', 76, '{\"message\":\"Votre demande de retrait de  $2100 via USDT a \\u00e9t\\u00e9 soumise.\",\"title\":\"Withdrawal Request Submitted\"}', NULL, '2025-03-09 21:44:55', '2025-03-09 21:44:55'),
('b1b4d76a-2bed-4259-94b8-fd76ff7161ba', 'App\\Notifications\\User\\KycApplicationReceivedNotification', 'App\\Models\\User', 76, '{\"message\":\"Your KYC has been submitted. Please wait while we verify your details.\",\"title\":\"We have received your KYC application\"}', NULL, '2025-03-08 23:03:37', '2025-03-08 23:03:37'),
('b1d714e8-49a1-41dd-93f9-d25e519aedc0', 'App\\Notifications\\User\\WithdrawalProcessedNotification', 'App\\Models\\User', 66, '{\"message\":\"Your withdrawal request of  $130.00 was approved and funds have been sent to your selected account\",\"title\":\"\\u2705 Successful Withdrawal\"}', NULL, '2025-03-09 22:54:05', '2025-03-09 22:54:05'),
('b4825f76-940e-4b01-ac76-4b5c513fa2ac', 'App\\Notifications\\User\\KycFailedNotification', 'App\\Models\\User', 66, '{\"message\":\"Your Kyc has been rejected. Please check your email for more details.\",\"title\":\"Your KYC could not been approved\"}', '2025-03-06 10:32:33', '2025-03-06 07:42:49', '2025-03-06 10:32:33'),
('b4ae81f7-5178-4f9f-a68b-6eefd2473f46', 'App\\Notifications\\User\\WithdrawalSuccessNotification', 'App\\Models\\User', 91, '{\"message\":\"Your withdrawal request of  $95600 via USDT has been submitted.\",\"title\":\"Withdrawal Request Submitted\"}', NULL, '2025-03-19 20:46:31', '2025-03-19 20:46:31'),
('b5790865-a062-440d-84d7-720da1bd0288', 'App\\Notifications\\User\\WithdrawalProcessedNotification', 'App\\Models\\User', 66, '{\"message\":\"Your withdrawal request of  $100.00 was approved and funds have been sent to your selected account\",\"title\":\"Withdrawal Request Processed \"}', '2025-03-06 10:32:33', '2025-03-06 10:18:49', '2025-03-06 10:32:33'),
('bf4be4c7-bc38-4549-bfee-5f404dd29a4b', 'App\\Notifications\\User\\DepositConfirmedNotification', 'App\\Models\\User', 74, '{\"message\":\"Your deposit of  $ 13472 has been processed.\",\"title\":\"Your Deposit Have been confirmed.\"}', NULL, '2025-03-07 12:04:04', '2025-03-07 12:04:04'),
('c05fc9f3-9bd1-49aa-9e74-3e423ee54be3', 'App\\Notifications\\User\\DepositConfirmedNotification', 'App\\Models\\User', 102, '{\"message\":\"Your deposit of  $ 200 has been processed.\",\"title\":\"Your Deposit Have been confirmed.\"}', NULL, '2025-04-10 23:26:07', '2025-04-10 23:26:07'),
('c5158c1c-6027-4d0c-a5ab-5be9d7d0c780', 'App\\Notifications\\User\\DepositConfirmedNotification', 'App\\Models\\User', 122, '{\"message\":\"Your deposit of  $ 5000 has been processed.\",\"title\":\"Your Deposit Have been confirmed.\"}', NULL, '2025-10-27 13:08:35', '2025-10-27 13:08:35'),
('c770cd11-c9ab-44e3-a338-7ff3f2cc280a', 'App\\Notifications\\User\\WithdrawalProcessedNotification', 'App\\Models\\User', 66, '{\"message\":\"Your withdrawal request of  $121.00 was approved and funds have been sent to your selected account\",\"title\":\"Withdrawal Request Processed \"}', NULL, '2025-03-09 22:46:41', '2025-03-09 22:46:41'),
('ca98f0fb-5159-4ef5-b362-46e7033a190f', 'App\\Notifications\\User\\DepositSuccessfulNotification', 'App\\Models\\User', 82, '{\"message\":\"We just received your deposit of  $5000. We will process it shortly. Thank you\",\"title\":\"You just made a Deposit\"}', NULL, '2025-10-11 08:23:44', '2025-10-11 08:23:44'),
('cf77fae2-3189-460b-b4db-bbf52f3a1e12', 'App\\Notifications\\User\\WithdrawalProcessedNotification', 'App\\Models\\User', 76, '{\"message\":\"Your withdrawal request of  $2100.00 was approved and funds have been sent to your selected account\",\"title\":\"Withdrawal Request Processed \"}', NULL, '2025-03-09 21:45:52', '2025-03-09 21:45:52'),
('d0c6d0b1-0805-4838-b4a4-245a61cab92a', 'App\\Notifications\\User\\WithdrawalSuccessNotification', 'App\\Models\\User', 76, '{\"message\":\"Your withdrawal request of  $10243 via USDT has been submitted.\",\"title\":\"Withdrawal Request Submitted\"}', NULL, '2025-03-09 10:23:58', '2025-03-09 10:23:58'),
('d18f8b5e-7a83-4e74-814c-f9c92a17d326', 'App\\Notifications\\User\\WithdrawalSuccessNotification', 'App\\Models\\User', 66, '{\"message\":\"Your withdrawal request of  $121 via USDT has been submitted.\",\"title\":\"\\u2705 successful withdrawal\"}', NULL, '2025-03-09 22:46:15', '2025-03-09 22:46:15'),
('d34276de-81d5-404f-a168-ff4182ef1f2e', 'App\\Notifications\\User\\DepositSuccessfulNotification', 'App\\Models\\User', 81, '{\"message\":\"We just received your deposit of  $2500. We will process it shortly. Thank you\",\"title\":\"You just made a Deposit\"}', NULL, '2025-03-09 18:22:59', '2025-03-09 18:22:59'),
('d510c1a3-bc01-4cf4-a7a4-c228c74287de', 'App\\Notifications\\User\\DepositConfirmedNotification', 'App\\Models\\User', 102, '{\"message\":\"Your deposit of  $ 33000 has been processed.\",\"title\":\"Your Deposit Have been confirmed.\"}', NULL, '2025-04-10 23:26:04', '2025-04-10 23:26:04'),
('ddbcd401-248e-49ae-9db2-4522b2b38503', 'App\\Notifications\\User\\DepositSuccessfulNotification', 'App\\Models\\User', 122, '{\"message\":\"We just received your deposit of  $5000. We will process it shortly. Thank you\",\"title\":\"You just made a Deposit\"}', NULL, '2025-10-27 13:06:30', '2025-10-27 13:06:30'),
('de417cbf-931d-487e-9fb8-29ed0e798785', 'App\\Notifications\\User\\InvestmentEndedNotification', 'App\\Models\\User', 66, '{\"message\":\"Your investment plan have expired. Plan: Starter Plan.\",\"title\":\"Investment Plan Expiry Notification\"}', NULL, '2025-03-10 08:41:34', '2025-03-10 08:41:34'),
('e4ff5919-8e20-48b7-a749-69b52de71a74', 'App\\Notifications\\User\\KycApplicationReceivedNotification', 'App\\Models\\User', 85, '{\"message\":\"Your KYC has been submitted. Please wait while we verify your details.\",\"title\":\"We have received your KYC application\"}', NULL, '2025-03-12 08:47:43', '2025-03-12 08:47:43'),
('e60b4d56-7a16-427a-8169-87a84f9b8be5', 'App\\Notifications\\User\\DepositSuccessfulNotification', 'App\\Models\\User', 66, '{\"message\":\"We just received your deposit of  $111. We will process it shortly. Thank you\",\"title\":\"You just made a Deposit\"}', NULL, '2025-03-06 14:46:12', '2025-03-06 14:46:12'),
('e61b8966-e472-4eff-9e8c-1a28f5001226', 'App\\Notifications\\User\\InvestmentStartedNotification', 'App\\Models\\User', 74, '{\"message\":\"You just purchased an investment plan: Starter Plan, amount:  $200\",\"title\":\"You just purchase a plan\"}', NULL, '2025-03-09 06:39:41', '2025-03-09 06:39:41'),
('e7e7d4df-7c21-4bfd-94e7-48656577058d', 'App\\Notifications\\User\\InvestmentStartedNotification', 'App\\Models\\User', 82, '{\"message\":\"You just purchased an investment plan: Starter Plan, amount:  $100\",\"title\":\"You just purchase a plan\"}', NULL, '2025-10-11 00:39:27', '2025-10-11 00:39:27'),
('eb5dde0f-9d52-4a6a-9c60-a10c55fd20bc', 'App\\Notifications\\User\\DepositSuccessfulNotification', 'App\\Models\\User', 102, '{\"message\":\"We just received your deposit of  $200. We will process it shortly. Thank you\",\"title\":\"You just made a Deposit\"}', '2025-04-10 23:24:15', '2025-04-10 22:01:10', '2025-04-10 23:24:15'),
('ec76b2e7-4ca7-4d62-9248-3ca6a1696987', 'App\\Notifications\\User\\InvestmentStartedNotification', 'App\\Models\\User', 66, '{\"message\":\"You just purchased an investment plan: Starter Plan, amount:  $100\",\"title\":\"You just purchase a plan\"}', '2025-03-05 19:59:25', '2025-03-05 10:48:47', '2025-03-05 19:59:25'),
('edd575cc-a6b8-47eb-a206-a2d4c7ed9961', 'App\\Notifications\\User\\WithdrawalSuccessNotification', 'App\\Models\\User', 74, '{\"message\":\"Your withdrawal request of  $145 via Credit-Debit Card has been submitted.\",\"title\":\"Withdrawal Request Submitted\"}', NULL, '2025-03-16 07:40:25', '2025-03-16 07:40:25'),
('f1126f14-b9ad-4698-9107-1461c4eb7ace', 'App\\Notifications\\User\\InvestmentStartedNotification', 'App\\Models\\User', 66, '{\"message\":\"You just purchased an investment plan: GT Mega Plan, amount:  $2500\",\"title\":\"You just purchase a plan\"}', NULL, '2025-03-10 08:42:14', '2025-03-10 08:42:14'),
('f26755dc-1a15-46a4-9e77-6ee3cfc78864', 'App\\Notifications\\User\\WithdrawalSuccessNotification', 'App\\Models\\User', 66, '{\"message\":\"Your withdrawal request of  $100 via USDT has been submitted.\",\"title\":\"Withdrawal Request Submitted\"}', '2025-03-06 10:32:33', '2025-03-06 09:43:04', '2025-03-06 10:32:33'),
('fc00e9d6-46ba-44d5-a97f-0da1617ec63a', 'App\\Notifications\\User\\WithdrawalSuccessNotification', 'App\\Models\\User', 66, '{\"message\":\"Your withdrawal request of  $130 via USDT has been submitted.\",\"title\":\"Withdrawal Request Submitted\"}', NULL, '2025-03-09 22:52:59', '2025-03-09 22:52:59'),
('fd68b1dc-0185-4525-8cba-b77bd1395441', 'App\\Notifications\\User\\DepositSuccessfulNotification', 'App\\Models\\User', 82, '{\"message\":\"We just received your deposit of  $200. We will process it shortly. Thank you\",\"title\":\"You just made a Deposit\"}', NULL, '2025-10-13 12:05:28', '2025-10-13 12:05:28');

-- --------------------------------------------------------

--
-- Table structure for table `pages`
--

CREATE TABLE `pages` (
  `id` bigint UNSIGNED NOT NULL,
  `name` varchar(30) COLLATE utf8mb4_unicode_ci NOT NULL,
  `link_name` varchar(191) COLLATE utf8mb4_unicode_ci NOT NULL,
  `permalink` varchar(50) COLLATE utf8mb4_unicode_ci DEFAULT NULL,
  `title` varchar(191) COLLATE utf8mb4_unicode_ci DEFAULT NULL,
  `description` text COLLATE utf8mb4_unicode_ci,
  `keywords` varchar(191) COLLATE utf8mb4_unicode_ci DEFAULT NULL,
  `show_breadcrumbs` tinyint(1) NOT NULL DEFAULT '0',
  `breadcrumb_background` varchar(191) COLLATE utf8mb4_unicode_ci DEFAULT NULL,
  `status` enum('active','draft') COLLATE utf8mb4_unicode_ci DEFAULT 'active',
  `created_at` timestamp NULL DEFAULT NULL,
  `updated_at` timestamp NULL DEFAULT NULL
) ENGINE=InnoDB DEFAULT CHARSET=utf8mb4 COLLATE=utf8mb4_unicode_ci;

--
-- Dumping data for table `pages`
--

INSERT INTO `pages` (`id`, `name`, `link_name`, `permalink`, `title`, `description`, `keywords`, `show_breadcrumbs`, `breadcrumb_background`, `status`, `created_at`, `updated_at`) VALUES
(1, 'Home', 'Home', '/', 'Welcome to Trade Horizonx', 'we are very much available', 'home,yours', 1, NULL, 'active', '2024-02-23 00:51:37', '2024-02-23 02:42:24'),
(3, 'About', 'About', '/about-us', 'Trade Horizonx', 'Trade Horizonx introduction, purpose and features.', 'About Standard, Love us', 1, NULL, 'active', '2024-02-23 00:52:34', '2025-03-09 00:50:58'),
(4, 'Plans', 'Plans', '/investment-plans', 'Our system plans', 'Our system plans', 'plans', 1, NULL, 'active', '2024-02-23 00:52:53', '2024-08-05 15:42:09'),
(5, 'Faq', 'Faq', '/faqs', 'Our Frequently asked questions', 'Our Frequently asked questions', 'faqs', 1, NULL, 'active', '2024-02-23 00:53:56', '2024-08-05 15:46:29'),
(6, 'Contact', 'Contact Us', '/contact-us', 'Got Questions, Contact Us', 'Got Questions, Contact Us', 'Contact Us', 1, NULL, 'active', '2024-02-23 00:55:04', '2024-03-03 01:37:31'),
(7, 'Terms', 'Terms and Conditions', '/terms-and-conditions', 'Terms and Conditions', 'Terms and Conditions', 'Terms and Conditions', 1, NULL, 'active', '2024-02-23 00:55:57', '2024-03-10 02:21:31'),
(8, 'Footer', 'Footer', NULL, NULL, NULL, NULL, 0, NULL, 'active', '2024-02-23 01:44:30', '2024-02-23 01:44:30'),
(9, 'Auth', 'Auth', NULL, NULL, NULL, NULL, 0, NULL, 'active', '2024-02-26 00:34:11', '2024-02-26 00:34:11');

-- --------------------------------------------------------

--
-- Table structure for table `password_reset_tokens`
--

CREATE TABLE `password_reset_tokens` (
  `email` varchar(255) COLLATE utf8mb4_unicode_ci NOT NULL,
  `token` varchar(255) COLLATE utf8mb4_unicode_ci NOT NULL,
  `created_at` timestamp NULL DEFAULT NULL
) ENGINE=InnoDB DEFAULT CHARSET=utf8mb4 COLLATE=utf8mb4_unicode_ci;

--
-- Dumping data for table `password_reset_tokens`
--

INSERT INTO `password_reset_tokens` (`email`, `token`, `created_at`) VALUES
('campanileorsola64@gmail.com', '$2y$12$A9rEJyzfBkxvzqUeYh8r1eAmv6cYT9lcCPhRDohUEvjPpR0XNt73i', '2025-03-18 14:31:08'),
('choupi404@gmail.com', '$2y$12$7CZ6svdqvfMTREH1rIcxLOWRxKg3GxUE8FnOVbdIXYcbnnXNkVZKq', '2025-03-09 14:11:28'),
('juniorbarthelus2@gmail.com', '$2y$12$KCgQxRt9KU5oPEU/79qcgexfE.Xc7rrOvgh/P90FNdQJBLhETOum.', '2025-04-10 02:09:08'),
('luc17olart@gmail.com', '$2y$12$IZDK.8C8tgtttyt1wHymVeKbarPN5oHSVbQcEA6sVt8.d6cw/T/c.', '2025-04-06 18:54:40'),
('xxlxv0091@gmail.com', '$2y$12$1AjUb0SoiSHfCWZ8RVveJ.3UJ4dPgirhSA8nfzwHfjTHaY7ZBfRa6', '2025-04-16 07:20:57');

-- --------------------------------------------------------

--
-- Table structure for table `payment_methods`
--

CREATE TABLE `payment_methods` (
  `id` bigint UNSIGNED NOT NULL,
  `name` varchar(255) COLLATE utf8mb4_unicode_ci DEFAULT NULL,
  `minimum` decimal(18,2) DEFAULT NULL,
  `maximum` decimal(18,2) DEFAULT NULL,
  `charges_amount` decimal(8,2) DEFAULT NULL,
  `charges_type` varchar(255) COLLATE utf8mb4_unicode_ci DEFAULT NULL,
  `duration` varchar(255) COLLATE utf8mb4_unicode_ci DEFAULT NULL,
  `type` varchar(255) COLLATE utf8mb4_unicode_ci DEFAULT NULL,
  `img_url` text COLLATE utf8mb4_unicode_ci,
  `bank_name` varchar(255) COLLATE utf8mb4_unicode_ci DEFAULT NULL,
  `account_name` varchar(255) COLLATE utf8mb4_unicode_ci DEFAULT NULL,
  `account_number` varchar(255) COLLATE utf8mb4_unicode_ci DEFAULT NULL,
  `swift_code` varchar(255) COLLATE utf8mb4_unicode_ci DEFAULT NULL,
  `wallet_address` text COLLATE utf8mb4_unicode_ci,
  `coin` varchar(20) COLLATE utf8mb4_unicode_ci DEFAULT NULL,
  `barcode` varchar(255) COLLATE utf8mb4_unicode_ci DEFAULT NULL,
  `network` varchar(255) COLLATE utf8mb4_unicode_ci DEFAULT NULL,
  `methodtype` varchar(255) COLLATE utf8mb4_unicode_ci DEFAULT NULL,
  `status` varchar(255) COLLATE utf8mb4_unicode_ci DEFAULT NULL,
  `default_pay` tinyint(1) NOT NULL DEFAULT '0',
  `created_at` timestamp NULL DEFAULT NULL,
  `updated_at` timestamp NULL DEFAULT NULL,
  `note` varchar(255) COLLATE utf8mb4_unicode_ci DEFAULT NULL
) ENGINE=InnoDB DEFAULT CHARSET=utf8mb4 COLLATE=utf8mb4_unicode_ci;

--
-- Dumping data for table `payment_methods`
--

INSERT INTO `payment_methods` (`id`, `name`, `minimum`, `maximum`, `charges_amount`, `charges_type`, `duration`, `type`, `img_url`, `bank_name`, `account_name`, `account_number`, `swift_code`, `wallet_address`, `coin`, `barcode`, `network`, `methodtype`, `status`, `default_pay`, `created_at`, `updated_at`, `note`) VALUES
(1, 'Bitcoin', 500.00, 100000.00, 200.00, 'fixed', 'Instant', 'both', 'https://s2.coinmarketcap.com/static/img/coins/64x64/1.png', NULL, NULL, NULL, NULL, 'bc1qj7aeh306ar00yk72xlmz79m42zdtw553ax7q7q', 'BTC', 'barcodes/kZEX3UavbyomXkjfORagFrb1TG962GrS5POlXWG5.jpg', 'BTC', 'crypto', 'active', 1, '2024-01-10 20:41:10', '2025-10-27 12:53:25', 'Instant Payment'),
(2, 'Ethereum', 50.00, 100000.00, 1.00, 'percentage', NULL, 'deposit', 'https://s2.coinmarketcap.com/static/img/coins/200x200/1027.png', 'Firstbank', 'Livesmart Acount', '77656465', '324', '0xC8448942e3bCafFaBb11931CAEBB12f2509598A6', 'ETH', 'barcodes/8j93p7MbAuLj7P1zNPBZNtXTO5reEe2ZERoWXmig.jpg', 'ETH', 'crypto', 'active', 1, '2024-02-20 16:39:23', '2025-10-27 12:40:59', 'Payment may take up to 2 Hours'),
(3, 'Litecoin', 100.00, 100000.00, 0.00, 'percentage', NULL, 'both', 'https://s2.coinmarketcap.com/static/img/coins/64x64/2.png', NULL, NULL, NULL, NULL, 'Litecoin wallet address here ', 'LTC', 'barcodes/IzzO74N1EkVbXAB2pl27Esg42JDIvNIKrwCq4cAN.jpg', 'LTC', 'crypto', 'inactive', 1, '2024-02-20 16:44:07', '2025-10-27 07:58:28', NULL),
(4, 'Bank Transfer', 100.00, 4500.00, 2.00, 'percentage', NULL, 'withdrawal', 'https://cdn-icons-png.flaticon.com/512/8043/8043680.png', 'Chvbank', 'Livesmart Acount', '6578', '3242', NULL, NULL, NULL, NULL, 'currency', 'inactive', 1, '2024-02-20 16:47:56', '2025-10-27 12:27:29', 'Payment may take up to 2 Hours'),
(5, 'Paypal', 10.00, 0.00, 0.00, 'percentage', NULL, 'withdrawal', 'https://w7.pngwing.com/pngs/720/939/png-transparent-paypal-computer-icons-logo-paypal-blue-angle-service-thumbnail.png', '-', '-', '0', NULL, NULL, NULL, NULL, NULL, 'currency', 'inactive', 1, '2024-02-20 16:49:13', '2025-10-27 12:28:05', 'Payment may take up to 2 Hours'),
(7, 'Credit-Debit Card', 100.00, 10000.00, 0.00, 'percentage', NULL, 'both', 'https://cdn-icons-png.flaticon.com/512/6963/6963703.png', 'First Abu Dhabi Bank', 'MATHIEU MAHOUCHI', '5291358269973631', 'NBADAEAA', NULL, NULL, NULL, NULL, 'currency', 'inactive', 1, '2024-03-11 18:08:35', '2025-03-31 11:24:37', 'Instant Payment'),
(8, 'BUSD', 20.00, 20.00, 1.00, 'percentage', NULL, 'deposit', 'https://s2.coinmarketcap.com/static/img/coins/64x64/1.png', NULL, NULL, NULL, NULL, 'jdjjdkd', 'BUSD', NULL, 'ERC20', 'crypto', 'inactive', 1, '2024-03-12 00:47:59', '2025-03-09 10:27:36', 'Instant Payment'),
(9, 'USDT', 100.00, 100000.00, 0.00, 'percentage', NULL, 'both', 'https://s2.coinmarketcap.com/static/img/coins/64x64/825.png', NULL, NULL, NULL, NULL, 'Usdt trc20 address here ', 'USDT.TRC20', 'barcodes/kgRcvitmuKKOkLLNADfZ12zPyzOWZBCjvt2Fdj8w.jpg', 'USDT.TRC20', 'crypto', 'inactive', 1, '2024-03-12 00:48:56', '2025-10-27 12:27:09', 'Instant Payment'),
(18, 'BNB', 100.00, 100000.00, 0.00, 'percentage', NULL, 'both', 'https://s2.coinmarketcap.com/static/img/coins/64x64/1839.png', NULL, NULL, NULL, NULL, 'bnb address here ', 'BNB', 'barcodes/vDVfT3vc3uCEeeAWemT5MYWAmvMpzow85ZVHzpMx.jpg', 'BNB', 'crypto', 'inactive', 0, '2025-03-06 12:22:14', '2025-10-27 12:26:47', 'Instant Payment'),
(22, 'Solana', 30.00, 1200000.00, 0.00, 'percentage', NULL, 'both', 'https://assets.coingecko.com/coins/images/4128/standard/solana.png?1718769756', NULL, NULL, NULL, NULL, 'solana', 'SOL', NULL, 'solana', 'crypto', 'inactive', 0, '2025-10-14 10:59:09', '2025-10-27 12:26:26', 'Payment may take up to 2 Hours');

-- --------------------------------------------------------

--
-- Table structure for table `permissions`
--

CREATE TABLE `permissions` (
  `id` bigint UNSIGNED NOT NULL,
  `name` varchar(191) COLLATE utf8mb4_unicode_ci NOT NULL,
  `guard_name` varchar(191) COLLATE utf8mb4_unicode_ci NOT NULL,
  `created_at` timestamp NULL DEFAULT NULL,
  `updated_at` timestamp NULL DEFAULT NULL
) ENGINE=InnoDB DEFAULT CHARSET=utf8mb4 COLLATE=utf8mb4_unicode_ci;

--
-- Dumping data for table `permissions`
--

INSERT INTO `permissions` (`id`, `name`, `guard_name`, `created_at`, `updated_at`) VALUES
(1, 'view users', 'web', '2024-01-12 19:42:54', '2024-01-12 19:42:54'),
(2, 'create user', 'web', '2024-01-12 19:43:16', '2024-01-12 19:43:16'),
(3, 'edit user', 'web', '2024-01-12 19:43:25', '2024-01-12 19:43:25'),
(4, 'delete user', 'web', '2024-01-12 19:43:35', '2024-01-12 19:43:35'),
(5, 'create investment plan', 'web', '2024-01-12 19:47:05', '2024-01-12 19:47:05'),
(6, 'edit investment plan', 'web', '2024-01-12 19:47:19', '2024-01-12 19:47:19'),
(7, 'view investment plan', 'web', '2024-01-12 19:47:27', '2024-01-12 19:47:27'),
(8, 'delete investment plan', 'web', '2024-01-12 19:47:34', '2024-01-12 19:47:34'),
(9, 'delete users plan', 'web', '2024-01-12 19:48:05', '2024-01-12 19:48:05'),
(10, 'view users plan', 'web', '2024-01-12 19:48:17', '2024-01-12 19:48:17'),
(11, 'edit users plan', 'web', '2024-01-12 19:48:43', '2024-01-12 19:48:43'),
(13, 'view deposits', 'web', '2024-01-12 19:50:04', '2024-01-12 19:50:04'),
(14, 'process deposits', 'web', '2024-01-12 19:50:24', '2024-01-12 19:50:24'),
(15, 'delete deposits', 'web', '2024-01-12 19:50:30', '2024-01-12 19:50:30'),
(16, 'delete withdrawals', 'web', '2024-01-12 19:51:14', '2024-01-12 19:51:14'),
(17, 'view withdrawals', 'web', '2024-01-12 19:51:21', '2024-01-12 19:51:21'),
(18, 'process withdrawals', 'web', '2024-01-12 19:51:30', '2024-01-12 19:51:30'),
(19, 'process kyc applications', 'web', '2024-01-12 19:52:00', '2024-01-12 19:52:00'),
(20, 'view kyc applications', 'web', '2024-01-12 19:52:09', '2024-01-12 19:52:09'),
(21, 'delete kyc applications', 'web', '2024-01-12 19:52:20', '2024-01-12 19:52:20'),
(22, 'view admin dashboard stats', 'web', '2024-01-13 00:05:29', '2024-01-13 00:05:29'),
(23, 'view users registration chart', 'web', '2024-01-13 00:05:41', '2024-01-13 00:05:41'),
(24, 'view transactions', 'web', '2024-01-13 01:26:45', '2024-01-13 01:26:45'),
(25, 'delete transactions', 'web', '2024-01-13 01:27:03', '2024-01-13 01:27:03'),
(26, 'perform bulk actions', 'web', '2024-01-13 01:28:33', '2024-01-13 01:28:33'),
(27, 'view settings', 'web', '2024-01-13 01:30:12', '2024-01-13 01:30:12'),
(28, 'view platform administration', 'web', '2024-01-13 01:30:34', '2024-01-13 01:30:34'),
(29, 'update roles & permissions', 'web', '2024-01-13 01:31:19', '2024-01-13 01:31:19'),
(30, 'view activty log', 'web', '2024-01-13 01:31:42', '2024-01-13 01:31:42'),
(31, 'delete activty log', 'web', '2024-01-13 01:31:51', '2024-01-13 01:31:51'),
(32, 'view cronjob', 'web', '2024-01-13 01:32:06', '2024-01-13 01:32:06'),
(33, 'perform system cleanup', 'web', '2024-01-13 01:32:22', '2024-01-13 01:32:22'),
(35, 'clear cache', 'web', '2024-01-13 01:33:07', '2024-01-13 01:33:07'),
(36, 'view system info', 'web', '2024-01-13 01:34:43', '2024-01-13 01:34:43'),
(37, 'perform system update', 'web', '2024-01-13 01:34:57', '2024-01-13 01:34:57'),
(38, 'update general settings', 'web', '2024-01-13 01:35:53', '2024-01-13 01:35:53'),
(39, 'update email settings', 'web', '2024-01-13 01:36:06', '2024-01-13 01:36:06'),
(40, 'update email templates', 'web', '2024-01-13 01:36:18', '2024-01-13 01:36:18'),
(41, 'update dashboard appearance', 'web', '2024-01-13 01:36:36', '2024-01-13 01:36:36'),
(42, 'update modules settings', 'web', '2024-01-13 01:36:50', '2024-01-13 01:36:50'),
(43, 'view payment methods', 'web', '2024-01-13 01:37:35', '2024-01-13 01:37:35'),
(44, 'add payment method', 'web', '2024-01-13 01:37:44', '2024-01-13 01:37:44'),
(45, 'edit payment method', 'web', '2024-01-13 01:37:53', '2024-01-13 01:37:53'),
(46, 'delete payment method', 'web', '2024-01-13 01:38:02', '2024-01-13 01:38:02'),
(47, 'update payment preference', 'web', '2024-01-13 01:38:20', '2024-01-13 01:38:20'),
(48, 'update coinpayment settings', 'web', '2024-01-13 01:38:38', '2024-01-13 01:38:38'),
(49, 'update stripe settings', 'web', '2024-01-13 01:38:53', '2024-01-13 01:38:53'),
(50, 'update paystack settings', 'web', '2024-01-13 01:39:02', '2024-01-13 01:39:02'),
(51, 'update flutterwave settings', 'web', '2024-01-13 01:39:12', '2024-01-13 01:39:12'),
(52, 'update binance settings', 'web', '2024-01-13 01:39:27', '2024-01-13 01:39:27'),
(53, 'update fund transfer settings', 'web', '2024-01-13 01:39:44', '2024-01-13 01:39:44'),
(58, 'update website settings', 'web', '2024-01-13 01:41:57', '2024-01-13 01:41:57'),
(59, 'update social login settings', 'web', '2024-01-13 01:42:40', '2024-01-13 01:42:40'),
(60, 'update control center', 'web', '2024-01-13 01:43:00', '2024-01-13 01:43:00'),
(61, 'update communication settings', 'web', '2024-01-13 01:43:19', '2024-01-13 01:43:19'),
(62, 'update preference', 'web', '2024-01-13 01:43:56', '2024-01-13 01:43:56'),
(63, 'see administrators', 'web', '2024-01-14 00:37:28', '2024-01-14 00:37:28'),
(64, 'change admin password', 'web', '2024-01-14 00:38:08', '2024-01-14 00:38:08'),
(65, 'delete admin', 'web', '2024-01-14 00:38:17', '2024-01-14 00:38:17'),
(66, 'edit admin details', 'web', '2024-01-14 00:38:37', '2024-01-14 00:38:37'),
(67, 'block and unblock admin', 'web', '2024-01-14 00:38:51', '2024-01-14 00:38:51'),
(68, 'create admin', 'web', '2024-01-14 01:15:56', '2024-01-14 01:15:56'),
(69, 'view tasks assigned to them', 'web', '2024-01-17 16:39:51', '2024-01-17 16:39:51'),
(70, 'delete task', 'web', '2024-01-17 16:40:09', '2024-01-17 16:40:09'),
(71, 'mark task as completed', 'web', '2024-01-17 16:40:30', '2024-01-17 16:40:30'),
(72, 'edit task', 'web', '2024-01-17 16:40:43', '2024-01-17 16:40:43'),
(73, 'add new task', 'web', '2024-01-17 16:41:54', '2024-01-17 16:41:54'),
(74, 'view all task', 'web', '2024-01-17 16:52:27', '2024-01-17 16:52:27'),
(75, 'export deposit record', 'web', '2024-01-17 19:39:01', '2024-01-17 19:39:01'),
(76, 'export withdrawal record', 'web', '2024-01-17 19:39:10', '2024-01-17 19:39:10'),
(77, 'see users plan profit history', 'web', '2024-01-17 20:01:40', '2024-01-17 20:01:40'),
(78, 'manually create deposit', 'web', '2024-01-31 01:20:51', '2024-01-31 01:20:51'),
(79, 'create new category', 'web', '2024-02-02 22:14:13', '2024-02-02 22:14:13'),
(80, 'manage categories', 'web', '2024-02-02 22:14:28', '2024-02-02 22:14:28'),
(81, 'delete category', 'web', '2024-02-02 22:14:36', '2024-02-02 22:14:36'),
(82, 'see membership menu', 'web', '2024-02-03 15:09:40', '2024-02-03 15:09:40'),
(83, 'manage courses', 'web', '2024-02-03 15:10:15', '2024-02-03 15:10:15'),
(84, 'manage lessons', 'web', '2024-02-03 15:10:32', '2024-02-03 15:10:32'),
(85, 'see signal menu', 'web', '2024-02-03 15:12:06', '2024-02-03 15:12:06'),
(86, 'see copytrade menu', 'web', '2024-02-03 15:12:24', '2024-02-03 15:12:24'),
(87, 'manage signal settings', 'web', '2024-02-08 15:42:59', '2024-02-08 15:42:59'),
(88, 'manage signals', 'web', '2024-02-08 15:43:11', '2024-02-08 15:43:11'),
(89, 'manage subscribers', 'web', '2024-02-08 15:43:23', '2024-02-08 15:43:23'),
(90, 'send emails', 'web', '2024-02-14 03:34:04', '2024-02-14 03:34:04'),
(91, 'manage general settings', 'web', '2024-02-16 19:48:42', '2024-02-16 19:48:42'),
(92, 'make deposit', 'web', '2024-02-20 02:10:57', '2024-02-20 02:10:57'),
(93, 'make withdrawal', 'web', '2024-02-20 02:11:12', '2024-02-20 02:11:12'),
(94, 'see profit history', 'web', '2024-02-20 02:11:51', '2024-02-20 02:11:51'),
(95, 'purchase plan', 'web', '2024-02-20 02:12:16', '2024-02-20 02:12:16'),
(96, 'see their plans', 'web', '2024-02-20 02:12:25', '2024-02-20 02:12:25'),
(97, 'refer users', 'web', '2024-02-20 02:12:40', '2024-02-20 02:12:40'),
(98, 'contact support', 'web', '2024-02-20 02:12:54', '2024-02-20 02:12:54'),
(99, 'see their transactions history', 'web', '2024-02-20 02:13:27', '2024-02-20 02:13:27'),
(100, 'update their profile', 'web', '2024-02-20 02:14:10', '2024-02-20 02:14:10'),
(101, 'update their withdrawal payment options', 'web', '2024-02-20 02:14:45', '2024-02-20 02:14:45'),
(102, 'change their password', 'web', '2024-02-20 02:15:05', '2024-02-20 02:15:05'),
(103, 'use two-factor authentication', 'web', '2024-02-20 02:15:37', '2024-02-20 02:15:37'),
(104, 'manage browser sessions', 'web', '2024-02-20 02:15:52', '2024-02-20 02:15:52'),
(105, 'delete their account', 'web', '2024-02-20 02:16:04', '2024-02-20 02:16:04'),
(106, 'update email preference', 'web', '2024-02-20 02:16:28', '2024-02-20 02:16:28'),
(107, 'see trade chart on dashboard', 'web', '2024-02-20 02:18:51', '2024-02-20 02:18:51'),
(108, 'see crypto swap menu', 'web', '2024-02-20 22:23:48', '2024-02-20 22:23:48'),
(109, 'manage assets', 'web', '2024-02-20 22:24:07', '2024-02-20 22:24:07'),
(110, 'manage swap settings', 'web', '2024-02-20 22:24:21', '2024-02-20 22:24:21'),
(111, 'update ref & other bonuses', 'web', '2024-02-21 02:45:59', '2024-02-21 02:45:59'),
(112, 'admin update account settings', 'web', '2024-03-05 02:06:34', '2024-03-05 02:06:34'),
(113, 'view other stats', 'web', '2024-03-06 16:29:39', '2024-03-06 16:29:39'),
(114, 'manually add profit', 'web', '2024-03-06 17:04:45', '2024-03-06 17:04:45'),
(115, 'manage copytrade settings', 'web', '2024-03-06 17:54:12', '2024-03-06 17:54:12'),
(116, 'view providers', 'web', '2024-03-06 17:54:23', '2024-03-06 17:54:23'),
(117, 'view symbolmaps', 'web', '2024-03-06 17:55:05', '2024-03-06 17:55:05'),
(118, 'manage signal subscribers', 'web', '2024-03-06 17:55:52', '2024-03-06 17:55:52'),
(120, 'update paypal settings', 'web', '2024-03-06 18:20:55', '2024-03-06 18:20:55'),
(121, 'manage recycle bin', 'web', '2024-03-23 23:02:31', '2024-03-23 23:02:31'),
(122, 'update coinbase settings', 'web', '2024-05-15 12:40:11', '2024-05-15 12:40:11');

-- --------------------------------------------------------

--
-- Table structure for table `personal_access_tokens`
--

CREATE TABLE `personal_access_tokens` (
  `id` bigint UNSIGNED NOT NULL,
  `tokenable_type` varchar(255) COLLATE utf8mb4_unicode_ci NOT NULL,
  `tokenable_id` bigint UNSIGNED NOT NULL,
  `name` varchar(255) COLLATE utf8mb4_unicode_ci NOT NULL,
  `token` varchar(64) COLLATE utf8mb4_unicode_ci NOT NULL,
  `abilities` text COLLATE utf8mb4_unicode_ci,
  `last_used_at` timestamp NULL DEFAULT NULL,
  `expires_at` timestamp NULL DEFAULT NULL,
  `created_at` timestamp NULL DEFAULT NULL,
  `updated_at` timestamp NULL DEFAULT NULL
) ENGINE=InnoDB DEFAULT CHARSET=utf8mb4 COLLATE=utf8mb4_unicode_ci;

-- --------------------------------------------------------

--
-- Table structure for table `plans`
--

CREATE TABLE `plans` (
  `id` bigint UNSIGNED NOT NULL,
  `name` varchar(255) COLLATE utf8mb4_unicode_ci DEFAULT NULL,
  `price` decimal(8,2) DEFAULT NULL,
  `min_price` decimal(8,2) DEFAULT NULL,
  `max_price` decimal(8,2) DEFAULT NULL,
  `min_return` decimal(8,2) DEFAULT NULL,
  `max_return` decimal(8,2) DEFAULT NULL,
  `bonus` decimal(8,2) DEFAULT NULL,
  `expected_return` decimal(8,2) DEFAULT NULL,
  `type` varchar(255) COLLATE utf8mb4_unicode_ci DEFAULT NULL,
  `increment_interval` varchar(255) COLLATE utf8mb4_unicode_ci NOT NULL,
  `increment_type` varchar(255) COLLATE utf8mb4_unicode_ci NOT NULL,
  `increment_amount` varchar(255) COLLATE utf8mb4_unicode_ci NOT NULL,
  `duration` varchar(255) COLLATE utf8mb4_unicode_ci NOT NULL,
  `description` text COLLATE utf8mb4_unicode_ci NOT NULL,
  `status` varchar(255) COLLATE utf8mb4_unicode_ci NOT NULL DEFAULT 'active',
  `created_at` timestamp NULL DEFAULT NULL,
  `updated_at` timestamp NULL DEFAULT NULL
) ENGINE=InnoDB DEFAULT CHARSET=utf8mb4 COLLATE=utf8mb4_unicode_ci;

--
-- Dumping data for table `plans`
--

INSERT INTO `plans` (`id`, `name`, `price`, `min_price`, `max_price`, `min_return`, `max_return`, `bonus`, `expected_return`, `type`, `increment_interval`, `increment_type`, `increment_amount`, `duration`, `description`, `status`, `created_at`, `updated_at`) VALUES
(2, 'Starter Plan', 100.00, 100.00, 1000.00, 2.00, 5.00, 10.33, NULL, NULL, 'Daily', 'Percentage', '5', '6 Months', '💰 Profit: Daily.\n💳 Profit withdrawals: Weekly.\n🎁 Loyalty bonus: + 2% yield after 6 months.\n⭐ Referral program: 2% bonus on referrals\' investments.', 'active', '2024-12-30 17:05:50', '2025-10-27 13:30:02'),
(3, 'GT Mega Plan', 1000.00, 1000.00, 10000.00, 5.00, 10.00, 30.15, NULL, NULL, 'Daily', 'Percentage', '10', '12 Months', '💰 Profit: Daily.\n💳 Profit withdrawals: Weekly.\n🎁 Loyalty bonus: + 3% yield after 6 months.\n⭐ Referral program: 3,5% bonus on referrals\' investments.', 'active', '2024-12-30 17:05:50', '2025-03-09 08:23:41'),
(4, 'NFP VIP Plan                                                                   ', 10000.00, 10000.00, 999000.00, 10.00, 15.00, 68.17, NULL, NULL, 'Daily', 'Percentage', '15', '24 Months', '💰 Profit: Daily.\n💳 Profit withdrawals: Daily.\n🎁 Loyalty bonus: + 5% yield after 6 months.\n⭐ Referral program: 5% bonus on referrals\' investments.', 'active', '2024-12-30 17:05:50', '2025-03-09 08:21:44');

-- --------------------------------------------------------

--
-- Table structure for table `rois`
--

CREATE TABLE `rois` (
  `id` bigint UNSIGNED NOT NULL,
  `user_id` bigint UNSIGNED NOT NULL,
  `user_plan_id` bigint UNSIGNED NOT NULL,
  `amount` decimal(8,2) DEFAULT NULL,
  `rate` decimal(8,2) DEFAULT NULL,
  `created_at` timestamp NULL DEFAULT NULL,
  `updated_at` timestamp NULL DEFAULT NULL
) ENGINE=InnoDB DEFAULT CHARSET=utf8mb4 COLLATE=utf8mb4_unicode_ci;

--
-- Dumping data for table `rois`
--

INSERT INTO `rois` (`id`, `user_id`, `user_plan_id`, `amount`, `rate`, `created_at`, `updated_at`) VALUES
(43, 121, 28, 10.00, NULL, '2025-10-28 17:05:34', '2025-10-28 17:05:34'),
(44, 121, 28, 10.00, NULL, '2025-10-28 17:06:46', '2025-10-28 17:06:46'),
(45, 121, 28, 10.00, NULL, '2025-10-28 17:29:14', '2025-10-28 17:29:14');

-- --------------------------------------------------------

--
-- Table structure for table `roles`
--

CREATE TABLE `roles` (
  `id` bigint UNSIGNED NOT NULL,
  `name` varchar(191) COLLATE utf8mb4_unicode_ci NOT NULL,
  `guard_name` varchar(191) COLLATE utf8mb4_unicode_ci NOT NULL,
  `created_at` timestamp NULL DEFAULT NULL,
  `updated_at` timestamp NULL DEFAULT NULL
) ENGINE=InnoDB DEFAULT CHARSET=utf8mb4 COLLATE=utf8mb4_unicode_ci;

--
-- Dumping data for table `roles`
--

INSERT INTO `roles` (`id`, `name`, `guard_name`, `created_at`, `updated_at`) VALUES
(1, 'Super Admin', 'web', '2024-01-12 18:39:48', '2024-01-12 18:39:48'),
(23, 'User', 'web', '2024-02-19 15:57:55', '2024-02-19 15:57:55'),
(26, 'Admin', 'web', '2024-03-06 18:24:37', '2024-03-06 18:24:37');

-- --------------------------------------------------------

--
-- Table structure for table `role_has_permissions`
--

CREATE TABLE `role_has_permissions` (
  `permission_id` bigint UNSIGNED NOT NULL,
  `role_id` bigint UNSIGNED NOT NULL
) ENGINE=InnoDB DEFAULT CHARSET=utf8mb4 COLLATE=utf8mb4_unicode_ci;

--
-- Dumping data for table `role_has_permissions`
--

INSERT INTO `role_has_permissions` (`permission_id`, `role_id`) VALUES
(92, 23),
(93, 23),
(94, 23),
(95, 23),
(96, 23),
(97, 23),
(98, 23),
(99, 23),
(100, 23),
(101, 23),
(102, 23),
(103, 23),
(104, 23),
(106, 23),
(107, 23),
(5, 26),
(19, 26),
(20, 26),
(22, 26),
(23, 26),
(113, 26);

-- --------------------------------------------------------

--
-- Table structure for table `sessions`
--

CREATE TABLE `sessions` (
  `id` varchar(255) COLLATE utf8mb4_unicode_ci NOT NULL,
  `user_id` bigint UNSIGNED DEFAULT NULL,
  `ip_address` varchar(45) COLLATE utf8mb4_unicode_ci DEFAULT NULL,
  `user_agent` text COLLATE utf8mb4_unicode_ci,
  `payload` longtext COLLATE utf8mb4_unicode_ci NOT NULL,
  `last_activity` int NOT NULL
) ENGINE=InnoDB DEFAULT CHARSET=utf8mb4 COLLATE=utf8mb4_unicode_ci;

--
-- Dumping data for table `sessions`
--

INSERT INTO `sessions` (`id`, `user_id`, `ip_address`, `user_agent`, `payload`, `last_activity`) VALUES
('19xR2h0ZoYkGtasjSTKEzAhgaYBeScuF8WXjJ4SX', NULL, '199.45.154.154', 'Mozilla/5.0 (compatible; CensysInspect/1.1; +https://about.censys.io/)', 'YTozOntzOjY6Il90b2tlbiI7czo0MDoiZloxUnlsWUhZTktFZXNnZWRsQjljUEkxWU1wamxlZVo0NHNJaGtrNiI7czo5OiJfcHJldmlvdXMiO2E6MTp7czozOiJ1cmwiO3M6Mzg6Imh0dHA6Ly9pcW1lbml4Lnh5ei5rZWx2aW5uam9obnN0b24uY29tIjt9czo2OiJfZmxhc2giO2E6Mjp7czozOiJvbGQiO2E6MDp7fXM6MzoibmV3IjthOjA6e319fQ==', 1761677227),
('5tOlc93DZa8rvtUxmXIEMsq0Vbpn7QcGFu5K9EnV', NULL, '89.104.100.196', 'Mozilla/5.0 (Windows NT 10.0; Win64; x64) AppleWebKit/537.36 (KHTML, like Gecko) Chrome/94.0.4606.61 Safari/537.36', 'YTozOntzOjY6Il90b2tlbiI7czo0MDoiM0k0VXF0T29rWGI3eTB4dFlkcTZTdm9yc0RUemlNenJFMGpDbG1hbCI7czo5OiJfcHJldmlvdXMiO2E6MTp7czozOiJ1cmwiO3M6MTg6Imh0dHA6Ly9pcW1lbml4Lnh5eiI7fXM6NjoiX2ZsYXNoIjthOjI6e3M6Mzoib2xkIjthOjA6e31zOjM6Im5ldyI7YTowOnt9fX0=', 1761695507),
('6tep6msXJerPpZy8zaf9k7JDcgmfqSNgVZNyxpLA', NULL, '54.92.210.233', 'Mozilla/5.0 (X11; Linux x86_64) AppleWebKit/537.36 (KHTML, like Gecko) HeadlessChrome/138.0.7204.23 Safari/537.36', 'YTozOntzOjY6Il90b2tlbiI7czo0MDoiZnBEcHVmOG9rV21hYldNaGE0SmlCcXpwR0NMTWRyQ3lBb3l4NlVxeiI7czo5OiJfcHJldmlvdXMiO2E6MTp7czozOiJ1cmwiO3M6MTk6Imh0dHBzOi8vaXFtZW5peC54eXoiO31zOjY6Il9mbGFzaCI7YToyOntzOjM6Im9sZCI7YTowOnt9czozOiJuZXciO2E6MDp7fX19', 1761679019),
('7qFws5K3766lnSQqWLmmSOOfMHXdfchzJE1Mp2Ca', NULL, '68.183.126.27', 'Mozilla/5.0 (X11; Linux x86_64) AppleWebKit/537.36 (KHTML, like Gecko) Chrome/139.0.0.0 Safari/537.36', 'YTozOntzOjY6Il90b2tlbiI7czo0MDoid1BWVUJEeURKR2tPakVJOThLb1hQU1V6cWxsalBKbmFmcVdHQW1maCI7czo5OiJfcHJldmlvdXMiO2E6MTp7czozOiJ1cmwiO3M6MTg6Imh0dHA6Ly9pcW1lbml4Lnh5eiI7fXM6NjoiX2ZsYXNoIjthOjI6e3M6Mzoib2xkIjthOjA6e31zOjM6Im5ldyI7YTowOnt9fX0=', 1761682518),
('7sN22YENqSjnSzTZpVxOD7Ff6i1syTb4YHwB0sox', 121, '197.211.59.123', 'Mozilla/5.0 (iPhone; CPU iPhone OS 18_6_2 like Mac OS X) AppleWebKit/605.1.15 (KHTML, like Gecko) Version/18.6 Mobile/15E148 Safari/604.1', 'YTo1OntzOjY6Il90b2tlbiI7czo0MDoiTm5LNUE3ODhWTVU2Uk9jQ2FoWmdSUTA1d3RlMFFpSEpXOGM1cmlpciI7czo5OiJfcHJldmlvdXMiO2E6MTp7czozOiJ1cmwiO3M6MzQ6Imh0dHBzOi8vaXFtZW5peC54eXovdXNlci9kYXNoYm9hcmQiO31zOjY6Il9mbGFzaCI7YToyOntzOjM6Im9sZCI7YTowOnt9czozOiJuZXciO2E6MDp7fX1zOjUwOiJsb2dpbl93ZWJfNTliYTM2YWRkYzJiMmY5NDAxNTgwZjAxNGM3ZjU4ZWE0ZTMwOTg5ZCI7aToxMjE7czoyMToicGFzc3dvcmRfaGFzaF9zYW5jdHVtIjtzOjYwOiIkMnkkMTIka0Z2LmlET1B3TUJPYS9iTWZPU2t3LjRyb1UuZkZ6ZVp0cU1JWG1adGFVbVZJZ1oxa1Z6U20iO30=', 1761683488),
('dBvk8qYHMnzWrD1tlf3wGJbbHtAKJFqdh1dMuH9e', NULL, '206.168.34.216', 'Mozilla/5.0 (compatible; CensysInspect/1.1; +https://about.censys.io/)', 'YTozOntzOjY6Il90b2tlbiI7czo0MDoiTW82d2h3Z0luaU9MQXhMcGNrbnlBY1c4MFQ1M3JRa0hCSTBHOHJyWiI7czo5OiJfcHJldmlvdXMiO2E6MTp7czozOiJ1cmwiO3M6MTg6Imh0dHA6Ly9pcW1lbml4Lnh5eiI7fXM6NjoiX2ZsYXNoIjthOjI6e3M6Mzoib2xkIjthOjA6e31zOjM6Im5ldyI7YTowOnt9fX0=', 1761693749),
('erbjDKsHmwpT6h2xRRQkaCshwnWS0LYYApHhkdil', NULL, '54.234.74.203', 'okhttp/4.9.2', 'YTozOntzOjY6Il90b2tlbiI7czo0MDoiUnYwenZheWh0TGp6TjNYVUVOTUdNcGtpYVEzWWI5ZzhuaHhlMTdoUCI7czo5OiJfcHJldmlvdXMiO2E6MTp7czozOiJ1cmwiO3M6MTk6Imh0dHBzOi8vaXFtZW5peC54eXoiO31zOjY6Il9mbGFzaCI7YToyOntzOjM6Im9sZCI7YTowOnt9czozOiJuZXciO2E6MDp7fX19', 1761678979),
('jA5GyXp5qn25KssEC56HYjQcmoaN3mX410hR7ZiM', NULL, '206.168.34.222', 'Mozilla/5.0 (compatible; CensysInspect/1.1; +https://about.censys.io/)', 'YTozOntzOjY6Il90b2tlbiI7czo0MDoiUnM0UUhGcXRva1BoSjJJbTBhWjdienBlUU4zd3hMRVRmRVA2RkVzRCI7czo5OiJfcHJldmlvdXMiO2E6MTp7czozOiJ1cmwiO3M6MTk6Imh0dHBzOi8vaXFtZW5peC54eXoiO31zOjY6Il9mbGFzaCI7YToyOntzOjM6Im9sZCI7YTowOnt9czozOiJuZXciO2E6MDp7fX19', 1761692290),
('mCYr5oRfgR0bJJDvimh8mojz9HvRB3Xr2zcgcDiE', NULL, '165.227.231.113', 'Mozilla/5.0 (X11; Linux x86_64; rv:139.0) Gecko/20100101 Firefox/139.0', 'YTozOntzOjY6Il90b2tlbiI7czo0MDoiQmdYVXg5allvZlUybVdLZlpQamJtMklXbmVaa05hamJRSndISkF4SSI7czo5OiJfcHJldmlvdXMiO2E6MTp7czozOiJ1cmwiO3M6NDI6Imh0dHA6Ly93d3cuaXFtZW5peC54eXoua2VsdmlubmpvaG5zdG9uLmNvbSI7fXM6NjoiX2ZsYXNoIjthOjI6e3M6Mzoib2xkIjthOjA6e31zOjM6Im5ldyI7YTowOnt9fX0=', 1761699407),
('npjm4azb6GjvoxjwH9uTQX4K8jE8TBoCNxDi7wqU', 1, '197.211.59.123', 'Mozilla/5.0 (Linux; Android 10; K) AppleWebKit/537.36 (KHTML, like Gecko) Chrome/141.0.0.0 Safari/537.36', 'YTo0OntzOjY6Il90b2tlbiI7czo0MDoiRW5pTHZUYWdaRjVVc01jTkwzRmgwbUJjYUhSOHM4YXRTTFQ5V095UiI7czo2OiJfZmxhc2giO2E6Mjp7czozOiJvbGQiO2E6MDp7fXM6MzoibmV3IjthOjA6e319czo5OiJfcHJldmlvdXMiO2E6MTp7czozOiJ1cmwiO3M6Mzc6Imh0dHBzOi8vaXFtZW5peC54eXovYWRtaW4vdXNlcnMtcGxhbnMiO31zOjUwOiJsb2dpbl93ZWJfNTliYTM2YWRkYzJiMmY5NDAxNTgwZjAxNGM3ZjU4ZWE0ZTMwOTg5ZCI7aToxO30=', 1761683356),
('Q6dstldPo2y05fvZmscoXGv2JrI0wm3RaViWrVkm', NULL, '66.132.153.134', 'Mozilla/5.0 (compatible; CensysInspect/1.1; +https://about.censys.io/)', 'YTozOntzOjY6Il90b2tlbiI7czo0MDoiWlpLV2JwM2F1c2R5VElONlNDQXg1dDNxYTluakVWMHo1MDlKc01mYyI7czo5OiJfcHJldmlvdXMiO2E6MTp7czozOiJ1cmwiO3M6NDM6Imh0dHBzOi8vd3d3LmlxbWVuaXgueHl6LmtlbHZpbm5qb2huc3Rvbi5jb20iO31zOjY6Il9mbGFzaCI7YToyOntzOjM6Im9sZCI7YTowOnt9czozOiJuZXciO2E6MDp7fX19', 1761692188),
('R7c8jbyrOaWsTGd8woHevuHrsLrSOJ6V0ehvchwQ', NULL, '66.132.153.134', 'Mozilla/5.0 (compatible; CensysInspect/1.1; +https://about.censys.io/)', 'YTozOntzOjY6Il90b2tlbiI7czo0MDoiTXdBY0xqRk04UDcwNVVkQ2R0dmRKY1JIbW4wY3BUUkJLQ3R2Mjl1aCI7czo5OiJfcHJldmlvdXMiO2E6MTp7czozOiJ1cmwiO3M6NDM6Imh0dHBzOi8vd3d3LmlxbWVuaXgueHl6LmtlbHZpbm5qb2huc3Rvbi5jb20iO31zOjY6Il9mbGFzaCI7YToyOntzOjM6Im9sZCI7YTowOnt9czozOiJuZXciO2E6MDp7fX19', 1761692229),
('rj4RpGPdZfyRQI4Ux3Du00Ni3oCXp6GvSHoftwKO', NULL, '68.183.126.27', 'Mozilla/5.0 (X11; Linux x86_64) AppleWebKit/537.36 (KHTML, like Gecko) Chrome/139.0.0.0 Safari/537.36', 'YTozOntzOjY6Il90b2tlbiI7czo0MDoiOVRvUlM4bUphbjhXa2dLYmpFWVJkR3NkenJRcmEzdzJwdTVya0VzYSI7czo5OiJfcHJldmlvdXMiO2E6MTp7czozOiJ1cmwiO3M6MTk6Imh0dHBzOi8vaXFtZW5peC54eXoiO31zOjY6Il9mbGFzaCI7YToyOntzOjM6Im9sZCI7YTowOnt9czozOiJuZXciO2E6MDp7fX19', 1761682519),
('VOnllVxf7gfDBNns3sAQnoxfAOoWJrJoNKN7qVhq', NULL, '165.227.231.113', 'Mozilla/5.0 (X11; Linux x86_64) AppleWebKit/537.36 (KHTML, like Gecko) Chrome/139.0.0.0 Safari/537.36', 'YTozOntzOjY6Il90b2tlbiI7czo0MDoiMlI1TzNtNlpmaXJlUkh5djVodlE0c0xYcGFwcktpR0ltQ2pGVzFRNCI7czo5OiJfcHJldmlvdXMiO2E6MTp7czozOiJ1cmwiO3M6NDM6Imh0dHBzOi8vd3d3LmlxbWVuaXgueHl6LmtlbHZpbm5qb2huc3Rvbi5jb20iO31zOjY6Il9mbGFzaCI7YToyOntzOjM6Im9sZCI7YTowOnt9czozOiJuZXciO2E6MDp7fX19', 1761699409),
('XMl2WbtTK3Fvt9nHt95zgSK8g23NEH8mxqWpqKoG', 121, '197.211.52.69', 'Mozilla/5.0 (iPhone; CPU iPhone OS 18_6_2 like Mac OS X) AppleWebKit/605.1.15 (KHTML, like Gecko) Version/18.6 Mobile/15E148 Safari/604.1', 'YTo1OntzOjY6Il90b2tlbiI7czo0MDoidEhsdVVud2N1cWxLWmNQaVFIRkkzdGhhaFZiUEYwSUNQUGQ5cVpxSCI7czo5OiJfcHJldmlvdXMiO2E6MTp7czozOiJ1cmwiO3M6NTE6Imh0dHBzOi8vaXFtZW5peC54eXovdXNlci9pbnZlc3RtZW50L3BsYW4vMjgvZGV0YWlscyI7fXM6NjoiX2ZsYXNoIjthOjI6e3M6Mzoib2xkIjthOjA6e31zOjM6Im5ldyI7YTowOnt9fXM6NTA6ImxvZ2luX3dlYl81OWJhMzZhZGRjMmIyZjk0MDE1ODBmMDE0YzdmNThlYTRlMzA5ODlkIjtpOjEyMTtzOjIxOiJwYXNzd29yZF9oYXNoX3NhbmN0dW0iO3M6NjA6IiQyeSQxMiRrRnYuaURPUHdNQk9hL2JNZk9Ta3cuNHJvVS5mRnplWnRxTUlYbVp0YVVtVklnWjFrVnpTbSI7fQ==', 1761682013),
('Y9g8qaLe5nU7TmfAm2wL5r1NipOIxqhqlHhTc8HD', NULL, '199.45.154.154', 'Mozilla/5.0 (compatible; CensysInspect/1.1; +https://about.censys.io/)', 'YTozOntzOjY6Il90b2tlbiI7czo0MDoiNU1HWHBtcWFsV1dMS3NrVmdlcVp2djZvMzA1dmxNVlRBbHQ3c0hjWiI7czo5OiJfcHJldmlvdXMiO2E6MTp7czozOiJ1cmwiO3M6Mzg6Imh0dHA6Ly9pcW1lbml4Lnh5ei5rZWx2aW5uam9obnN0b24uY29tIjt9czo2OiJfZmxhc2giO2E6Mjp7czozOiJvbGQiO2E6MDp7fXM6MzoibmV3IjthOjA6e319fQ==', 1761677167);

-- --------------------------------------------------------

--
-- Table structure for table `settings`
--

CREATE TABLE `settings` (
  `id` bigint UNSIGNED NOT NULL,
  `site_name` varchar(50) CHARACTER SET utf8mb4 COLLATE utf8mb4_unicode_ci DEFAULT NULL,
  `description` varchar(191) CHARACTER SET utf8mb4 COLLATE utf8mb4_unicode_ci NOT NULL,
  `site_title` varchar(100) CHARACTER SET utf8mb4 COLLATE utf8mb4_unicode_ci DEFAULT NULL,
  `site_address` varchar(50) CHARACTER SET utf8mb4 COLLATE utf8mb4_unicode_ci DEFAULT NULL,
  `admin_base_url` varchar(100) CHARACTER SET utf8mb4 COLLATE utf8mb4_unicode_ci DEFAULT NULL,
  `logo` varchar(191) CHARACTER SET utf8mb4 COLLATE utf8mb4_unicode_ci DEFAULT NULL,
  `favicon` varchar(191) CHARACTER SET utf8mb4 COLLATE utf8mb4_unicode_ci DEFAULT NULL,
  `contact_email` varchar(50) CHARACTER SET utf8mb4 COLLATE utf8mb4_unicode_ci DEFAULT NULL,
  `notifiable_email` varchar(191) CHARACTER SET utf8mb4 COLLATE utf8mb4_unicode_ci DEFAULT NULL,
  `currency` varchar(10) CHARACTER SET utf8mb4 COLLATE utf8mb4_unicode_ci DEFAULT NULL,
  `s_currency` varchar(10) CHARACTER SET utf8mb4 COLLATE utf8mb4_unicode_ci DEFAULT NULL,
  `payment_mode` varchar(191) CHARACTER SET utf8mb4 COLLATE utf8mb4_unicode_ci DEFAULT NULL,
  `location` varchar(191) CHARACTER SET utf8mb4 COLLATE utf8mb4_unicode_ci DEFAULT NULL,
  `s_s_k` varchar(191) CHARACTER SET utf8mb4 COLLATE utf8mb4_unicode_ci DEFAULT NULL,
  `s_p_k` varchar(191) CHARACTER SET utf8mb4 COLLATE utf8mb4_unicode_ci DEFAULT NULL,
  `pp_cs` varchar(191) CHARACTER SET utf8mb4 COLLATE utf8mb4_unicode_ci DEFAULT NULL,
  `pp_ci` varchar(191) CHARACTER SET utf8mb4 COLLATE utf8mb4_unicode_ci DEFAULT NULL,
  `pp_app_id` varchar(191) CHARACTER SET utf8mb4 COLLATE utf8mb4_unicode_ci DEFAULT NULL,
  `keywords` varchar(191) CHARACTER SET utf8mb4 COLLATE utf8mb4_unicode_ci DEFAULT NULL,
  `enable_trade_mode` tinyint(1) NOT NULL DEFAULT '1',
  `enable_google_translate` tinyint(1) NOT NULL DEFAULT '0',
  `enable_weekend_trade` tinyint(1) NOT NULL DEFAULT '0',
  `timezone` varchar(50) CHARACTER SET utf8mb4 COLLATE utf8mb4_unicode_ci DEFAULT NULL,
  `mail_server` varchar(191) CHARACTER SET utf8mb4 COLLATE utf8mb4_unicode_ci DEFAULT NULL,
  `emailfrom` varchar(191) CHARACTER SET utf8mb4 COLLATE utf8mb4_unicode_ci DEFAULT NULL,
  `emailfromname` varchar(191) CHARACTER SET utf8mb4 COLLATE utf8mb4_unicode_ci DEFAULT NULL,
  `smtp_host` varchar(191) CHARACTER SET utf8mb4 COLLATE utf8mb4_unicode_ci DEFAULT NULL,
  `smtp_port` varchar(8) CHARACTER SET utf8mb4 COLLATE utf8mb4_unicode_ci DEFAULT NULL,
  `smtp_encrypt` varchar(10) CHARACTER SET utf8mb4 COLLATE utf8mb4_unicode_ci DEFAULT NULL,
  `smtp_user` varchar(191) CHARACTER SET utf8mb4 COLLATE utf8mb4_unicode_ci DEFAULT NULL,
  `smtp_password` varchar(191) CHARACTER SET utf8mb4 COLLATE utf8mb4_unicode_ci DEFAULT NULL,
  `google_secret` varchar(191) CHARACTER SET utf8mb4 COLLATE utf8mb4_unicode_ci DEFAULT NULL,
  `google_id` varchar(191) CHARACTER SET utf8mb4 COLLATE utf8mb4_unicode_ci DEFAULT NULL,
  `google_redirect` varchar(191) CHARACTER SET utf8mb4 COLLATE utf8mb4_unicode_ci DEFAULT NULL,
  `referral_commission` varchar(5) CHARACTER SET utf8mb4 COLLATE utf8mb4_unicode_ci DEFAULT NULL,
  `referral_commission1` varchar(5) CHARACTER SET utf8mb4 COLLATE utf8mb4_unicode_ci DEFAULT NULL,
  `referral_commission2` varchar(5) CHARACTER SET utf8mb4 COLLATE utf8mb4_unicode_ci DEFAULT NULL,
  `referral_commission3` varchar(5) CHARACTER SET utf8mb4 COLLATE utf8mb4_unicode_ci DEFAULT NULL,
  `referral_commission4` varchar(5) CHARACTER SET utf8mb4 COLLATE utf8mb4_unicode_ci DEFAULT NULL,
  `referral_commission5` varchar(5) CHARACTER SET utf8mb4 COLLATE utf8mb4_unicode_ci DEFAULT NULL,
  `signup_bonus` decimal(8,2) DEFAULT NULL,
  `deposit_bonus` decimal(8,2) DEFAULT NULL,
  `live_chat` text CHARACTER SET utf8mb4 COLLATE utf8mb4_unicode_ci,
  `enable_kyc` tinyint(1) NOT NULL DEFAULT '0',
  `enable_kyc_registration` tinyint(1) NOT NULL DEFAULT '0',
  `enable_withdrawal_otp` tinyint(1) NOT NULL DEFAULT '1',
  `enable_email_verification` tinyint(1) NOT NULL DEFAULT '1',
  `enable_social_login` tinyint(1) NOT NULL DEFAULT '0',
  `withdrawal_option` varchar(191) CHARACTER SET utf8mb4 COLLATE utf8mb4_unicode_ci DEFAULT NULL,
  `deposit_option` varchar(191) CHARACTER SET utf8mb4 COLLATE utf8mb4_unicode_ci DEFAULT NULL,
  `profit_percent` varchar(10) COLLATE utf8mb4_general_ci DEFAULT NULL,
  `auto_merchant_option` varchar(191) CHARACTER SET utf8mb4 COLLATE utf8mb4_unicode_ci DEFAULT NULL,
  `coinpayment_to_wallet` tinyint(1) DEFAULT '1',
  `auto_deposit_merchant` varchar(20) CHARACTER SET utf8mb4 COLLATE utf8mb4_unicode_ci DEFAULT NULL,
  `enable_annoucement` tinyint(1) NOT NULL DEFAULT '0',
  `subscription_service` varchar(191) CHARACTER SET utf8mb4 COLLATE utf8mb4_unicode_ci DEFAULT NULL,
  `return_capital` tinyint(1) NOT NULL DEFAULT '1',
  `should_cancel_plan` tinyint(1) NOT NULL DEFAULT '0',
  `subscription_type` varchar(50) CHARACTER SET utf8mb4 COLLATE utf8mb4_unicode_ci DEFAULT NULL,
  `percentage_fee` decimal(8,2) DEFAULT NULL,
  `use_copytrade` tinyint(1) NOT NULL DEFAULT '1',
  `use_terms` tinyint(1) NOT NULL DEFAULT '1',
  `commission_type` varchar(50) CHARACTER SET utf8mb4 COLLATE utf8mb4_unicode_ci DEFAULT NULL,
  `billing_period` varchar(50) CHARACTER SET utf8mb4 COLLATE utf8mb4_unicode_ci DEFAULT NULL,
  `commission_fee` decimal(8,2) DEFAULT NULL,
  `monthlyfee` decimal(8,2) DEFAULT NULL,
  `quarterlyfee` decimal(8,2) DEFAULT NULL,
  `yearlyfee` decimal(8,2) DEFAULT NULL,
  `modules` longtext CHARACTER SET utf8mb4 COLLATE utf8mb4_bin,
  `send_welcome_email` tinyint(1) DEFAULT '1',
  `edit_email_verification_mail` tinyint(1) DEFAULT '0',
  `install_type` varchar(15) CHARACTER SET utf8mb4 COLLATE utf8mb4_unicode_ci DEFAULT 'Main-Domain',
  `receive_deposit_email` tinyint(1) NOT NULL DEFAULT '1',
  `receive_withdrawal_email` tinyint(1) NOT NULL DEFAULT '1',
  `receive_buyplan_email` tinyint(1) NOT NULL DEFAULT '1',
  `receive_kyc_submission_email` tinyint(1) NOT NULL DEFAULT '1',
  `receive_expired_plan_email` tinyint(1) NOT NULL DEFAULT '1',
  `receive_trade_account_submission_email` tinyint(1) NOT NULL DEFAULT '1',
  `receive_signal_subscribe_email` tinyint(1) NOT NULL DEFAULT '1',
  `receive_buy_course_email` tinyint(1) NOT NULL DEFAULT '1',
  `receive_payment_method_email` tinyint(1) NOT NULL DEFAULT '1',
  `send_deposit_email` tinyint(1) NOT NULL DEFAULT '1',
  `send_withdrawal_email` tinyint(1) NOT NULL DEFAULT '1',
  `send_buyplan_email` tinyint(1) NOT NULL DEFAULT '1',
  `send_expired_plan_email` tinyint(1) NOT NULL DEFAULT '1',
  `send_trade_request_success_email` tinyint(1) NOT NULL DEFAULT '1',
  `send_signal_subscribe_email` tinyint(1) NOT NULL DEFAULT '1',
  `send_buy_course_email` tinyint(1) NOT NULL DEFAULT '1',
  `send_kyc_status_email` tinyint(1) NOT NULL DEFAULT '1',
  `send_roi_email` tinyint(1) DEFAULT '1',
  `software_version` varchar(5) CHARACTER SET utf8mb4 COLLATE utf8mb4_unicode_ci NOT NULL DEFAULT '6.1',
  `software_has_update` tinyint(1) NOT NULL DEFAULT '0',
  `redirect_url` varchar(191) CHARACTER SET utf8mb4 COLLATE utf8mb4_unicode_ci DEFAULT NULL,
  `website_theme` varchar(191) CHARACTER SET utf8mb4 COLLATE utf8mb4_unicode_ci DEFAULT NULL,
  `referral_proffit_from` varchar(191) CHARACTER SET utf8mb4 COLLATE utf8mb4_unicode_ci DEFAULT NULL,
  `theme` varchar(191) CHARACTER SET utf8mb4 COLLATE utf8mb4_unicode_ci DEFAULT NULL,
  `ib_link` varchar(191) CHARACTER SET utf8mb4 COLLATE utf8mb4_unicode_ci DEFAULT NULL,
  `themes` longtext CHARACTER SET utf8mb4 COLLATE utf8mb4_bin,
  `credit_card_provider` varchar(50) CHARACTER SET utf8mb4 COLLATE utf8mb4_unicode_ci DEFAULT NULL,
  `deduction_option` varchar(191) CHARACTER SET utf8mb4 COLLATE utf8mb4_unicode_ci DEFAULT NULL,
  `welcome_message` text CHARACTER SET utf8mb4 COLLATE utf8mb4_unicode_ci,
  `annoucement` text CHARACTER SET utf8mb4 COLLATE utf8mb4_unicode_ci,
  `merchant_key` varchar(191) CHARACTER SET utf8mb4 COLLATE utf8mb4_unicode_ci DEFAULT NULL,
  `paystack_public_key` varchar(191) CHARACTER SET utf8mb4 COLLATE utf8mb4_unicode_ci DEFAULT NULL,
  `paystack_secret_key` varchar(191) CHARACTER SET utf8mb4 COLLATE utf8mb4_unicode_ci DEFAULT NULL,
  `paystack_url` varchar(191) CHARACTER SET utf8mb4 COLLATE utf8mb4_unicode_ci DEFAULT NULL,
  `paystack_email` varchar(191) CHARACTER SET utf8mb4 COLLATE utf8mb4_unicode_ci DEFAULT NULL,
  `use_crypto_feature` tinyint(1) NOT NULL DEFAULT '1',
  `crypto_charges` decimal(8,2) DEFAULT NULL,
  `currency_rate` decimal(8,2) DEFAULT NULL,
  `minamt` decimal(8,2) DEFAULT NULL,
  `use_transfer` tinyint(1) NOT NULL DEFAULT '1',
  `min_transfer` decimal(8,2) DEFAULT NULL,
  `purchase_code` varchar(191) CHARACTER SET utf8mb4 COLLATE utf8mb4_unicode_ci DEFAULT NULL,
  `old_version` varchar(191) CHARACTER SET utf8mb4 COLLATE utf8mb4_unicode_ci NOT NULL DEFAULT '6',
  `transfer_charges` decimal(8,2) DEFAULT NULL,
  `binance_secret_key` varchar(191) CHARACTER SET utf8mb4 COLLATE utf8mb4_unicode_ci DEFAULT NULL,
  `binance_api_key` varchar(191) CHARACTER SET utf8mb4 COLLATE utf8mb4_unicode_ci DEFAULT NULL,
  `flw_secret_hash` varchar(191) CHARACTER SET utf8mb4 COLLATE utf8mb4_unicode_ci DEFAULT NULL,
  `flw_secret_key` varchar(191) CHARACTER SET utf8mb4 COLLATE utf8mb4_unicode_ci DEFAULT NULL,
  `flw_public_key` varchar(191) CHARACTER SET utf8mb4 COLLATE utf8mb4_unicode_ci DEFAULT NULL,
  `telegram_bot_api` varchar(191) CHARACTER SET utf8mb4 COLLATE utf8mb4_unicode_ci DEFAULT NULL,
  `cp_p_key` varchar(191) CHARACTER SET utf8mb4 COLLATE utf8mb4_unicode_ci DEFAULT NULL,
  `cp_pv_key` varchar(191) CHARACTER SET utf8mb4 COLLATE utf8mb4_unicode_ci DEFAULT NULL,
  `cp_m_id` varchar(191) CHARACTER SET utf8mb4 COLLATE utf8mb4_unicode_ci DEFAULT NULL,
  `cp_ipn_secret` varchar(191) CHARACTER SET utf8mb4 COLLATE utf8mb4_unicode_ci DEFAULT NULL,
  `cp_debug_email` varchar(191) CHARACTER SET utf8mb4 COLLATE utf8mb4_unicode_ci DEFAULT NULL,
  `password_validation_rules` longtext CHARACTER SET utf8mb4 COLLATE utf8mb4_bin,
  `spa_mode` tinyint(1) NOT NULL DEFAULT '0',
  `progress_bar_color` varchar(10) CHARACTER SET utf8mb4 COLLATE utf8mb4_unicode_ci NOT NULL DEFAULT '#2299dd',
  `use_api_price_for_swap` tinyint(1) DEFAULT '1',
  `swap_fee` decimal(8,2) DEFAULT NULL,
  `show_plans_on_home_page` tinyint(1) DEFAULT '1',
  `instagram_social_link` varchar(191) CHARACTER SET utf8mb4 COLLATE utf8mb4_unicode_ci DEFAULT NULL,
  `coinbase_apikey` varchar(191) CHARACTER SET utf8mb4 COLLATE utf8mb4_unicode_ci DEFAULT NULL,
  `coinbase_apiversion` varchar(191) CHARACTER SET utf8mb4 COLLATE utf8mb4_unicode_ci DEFAULT NULL,
  `x_social_link` varchar(191) CHARACTER SET utf8mb4 COLLATE utf8mb4_unicode_ci DEFAULT NULL,
  `facebook_social_link` varchar(191) CHARACTER SET utf8mb4 COLLATE utf8mb4_unicode_ci DEFAULT NULL,
  `home_theme` varchar(7) CHARACTER SET utf8mb4 COLLATE utf8mb4_unicode_ci DEFAULT 'Home1',
  `site_in_maintenance_mode` tinyint(1) DEFAULT '0',
  `maintenance_mode_token` text CHARACTER SET utf8mb4 COLLATE utf8mb4_unicode_ci,
  `admin_dashboard_logo_size` int NOT NULL DEFAULT '20',
  `user_dashboard_logo_size` int NOT NULL DEFAULT '20',
  `auth_pages_logo_size` int DEFAULT '10',
  `website_logo_size` int DEFAULT '10',
  `delete_records_older_than_days` int NOT NULL DEFAULT '20',
  `created_at` timestamp NULL DEFAULT NULL,
  `updated_at` timestamp NULL DEFAULT NULL
) ENGINE=InnoDB DEFAULT CHARSET=utf8mb4 COLLATE=utf8mb4_general_ci;

--
-- Dumping data for table `settings`
--

INSERT INTO `settings` (`id`, `site_name`, `description`, `site_title`, `site_address`, `admin_base_url`, `logo`, `favicon`, `contact_email`, `notifiable_email`, `currency`, `s_currency`, `payment_mode`, `location`, `s_s_k`, `s_p_k`, `pp_cs`, `pp_ci`, `pp_app_id`, `keywords`, `enable_trade_mode`, `enable_google_translate`, `enable_weekend_trade`, `timezone`, `mail_server`, `emailfrom`, `emailfromname`, `smtp_host`, `smtp_port`, `smtp_encrypt`, `smtp_user`, `smtp_password`, `google_secret`, `google_id`, `google_redirect`, `referral_commission`, `referral_commission1`, `referral_commission2`, `referral_commission3`, `referral_commission4`, `referral_commission5`, `signup_bonus`, `deposit_bonus`, `live_chat`, `enable_kyc`, `enable_kyc_registration`, `enable_withdrawal_otp`, `enable_email_verification`, `enable_social_login`, `withdrawal_option`, `deposit_option`, `profit_percent`, `auto_merchant_option`, `coinpayment_to_wallet`, `auto_deposit_merchant`, `enable_annoucement`, `subscription_service`, `return_capital`, `should_cancel_plan`, `subscription_type`, `percentage_fee`, `use_copytrade`, `use_terms`, `commission_type`, `billing_period`, `commission_fee`, `monthlyfee`, `quarterlyfee`, `yearlyfee`, `modules`, `send_welcome_email`, `edit_email_verification_mail`, `install_type`, `receive_deposit_email`, `receive_withdrawal_email`, `receive_buyplan_email`, `receive_kyc_submission_email`, `receive_expired_plan_email`, `receive_trade_account_submission_email`, `receive_signal_subscribe_email`, `receive_buy_course_email`, `receive_payment_method_email`, `send_deposit_email`, `send_withdrawal_email`, `send_buyplan_email`, `send_expired_plan_email`, `send_trade_request_success_email`, `send_signal_subscribe_email`, `send_buy_course_email`, `send_kyc_status_email`, `send_roi_email`, `software_version`, `software_has_update`, `redirect_url`, `website_theme`, `referral_proffit_from`, `theme`, `ib_link`, `themes`, `credit_card_provider`, `deduction_option`, `welcome_message`, `annoucement`, `merchant_key`, `paystack_public_key`, `paystack_secret_key`, `paystack_url`, `paystack_email`, `use_crypto_feature`, `crypto_charges`, `currency_rate`, `minamt`, `use_transfer`, `min_transfer`, `purchase_code`, `old_version`, `transfer_charges`, `binance_secret_key`, `binance_api_key`, `flw_secret_hash`, `flw_secret_key`, `flw_public_key`, `telegram_bot_api`, `cp_p_key`, `cp_pv_key`, `cp_m_id`, `cp_ipn_secret`, `cp_debug_email`, `password_validation_rules`, `spa_mode`, `progress_bar_color`, `use_api_price_for_swap`, `swap_fee`, `show_plans_on_home_page`, `instagram_social_link`, `coinbase_apikey`, `coinbase_apiversion`, `x_social_link`, `facebook_social_link`, `home_theme`, `site_in_maintenance_mode`, `maintenance_mode_token`, `admin_dashboard_logo_size`, `user_dashboard_logo_size`, `auth_pages_logo_size`, `website_logo_size`, `delete_records_older_than_days`, `created_at`, `updated_at`) VALUES
(1, 'Iq Menix', 'Onlinetrader', 'Welcome to Iq Menix', 'https://iqmenix.xyz', '/admin', 'assets/images/logo_1761564238.png', 'assets/images/favicon_1761554930.png', 'support@6figs.com', 'support@6figs.com', ' $', 'USD ', NULL, NULL, 'sk_test_51JP8qpSBWKZBQRLPWqHkFM8oqFEAqXLAaH3S8byZF73X0UycxijVyfebcyu6OVoZ8eeAelr3js3ADYIGU22Dk2Vo00kGkdE9xP', 'pk_test_51JP8qpSBWKZBQRLPUIfQVYfUGly65fb1LiPUwAUajKy1nVM9Rvly3v3hQLvXnRqrWCrnUNz1qPQHNSxE689tSAoL00B1iOTNfd', '-', '-', NULL, NULL, 1, 0, 1, 'Asia/Dubai', 'smtp', 'support@iqmenix.xyz', 'Iq Menix', 'mail.iqmenix.xyz', '465', 'ssl', 'support@iqmenix.xyz', 'Terryboy6969@', '-', '-', 'https://onlinetrade.test/auth/google/callback', '5', '4', '3', '2', '1', '0.50', 0.00, 0.00, '', 1, 0, 1, 0, 0, 'manual', 'manual', '87', 'Coinpayment', 1, 'Coinpayment', 1, NULL, 1, 0, NULL, NULL, 0, 1, NULL, NULL, NULL, 30.00, 40.00, 50.00, '{\"signal\":\"true\",\"cryptoswap\":\"true\",\"investment\":true,\"membership\":false,\"subscription\":true}', 1, 0, 'Main-Domain', 1, 1, 1, 1, 1, 1, 1, 1, 1, 1, 1, 1, 1, 0, 1, 1, 1, 1, '6.00', 0, 'https://tradehorizonx.com/', '#2a5183', 'Deposit', 'millage', 'https://dudi.dev/optimize-laravel-database-queries/', '[\"purpose\", \"millage\"]', 'Stripe', 'userRequest', 'Welcome to your trusted investment gateway. Experience seamless trading, automated growth, and secure wealth management — built for serious investors.', '', '', '-', '-', 'https://api.paystack.co', 'mail@gmail.com', 1, NULL, NULL, 20.00, 1, 5.00, 'jsjsjssjd', '6', 0.00, '-', '-', '-', '-', '-', '7126975865:AAFu8EqrY6uqO9HxY6lL6xNhTM_ZBp-oNRo', '-', '-', '-', '-', 'mail@m', '{\"mixedCase\":\"1\",\"numbers\":\"1\",\"symbols\":\"1\",\"letters\":\"1\",\"leastChar\":\"8\",\"uncompromised\":\"0\"}', 0, '#ffffff', 1, 0.00, 1, 'https://www.instagram.com/', '-', '2018-03-22', 'https://twitter.com/', 'https://web.facebook.com/', 'home1', 0, '', 139, 140, 120, 160, 2, '2024-01-28 22:10:47', '2025-10-28 10:20:51');

-- --------------------------------------------------------

--
-- Table structure for table `signals`
--

CREATE TABLE `signals` (
  `id` bigint UNSIGNED NOT NULL,
  `user_id` bigint UNSIGNED DEFAULT NULL,
  `direction` varchar(50) COLLATE utf8mb4_general_ci DEFAULT NULL,
  `pair` varchar(50) COLLATE utf8mb4_general_ci DEFAULT NULL,
  `price` decimal(10,2) DEFAULT NULL,
  `tp1` decimal(10,2) DEFAULT NULL,
  `tp2` decimal(10,2) DEFAULT NULL,
  `sl1` decimal(10,2) DEFAULT NULL,
  `buy_stop` decimal(10,2) DEFAULT NULL,
  `sell_stop` decimal(10,2) DEFAULT NULL,
  `buy_limit` decimal(10,2) DEFAULT NULL,
  `sell_limit` decimal(10,2) DEFAULT NULL,
  `symbol` varchar(50) COLLATE utf8mb4_general_ci DEFAULT NULL,
  `signal_type` varchar(50) COLLATE utf8mb4_general_ci DEFAULT NULL,
  `entry_price` decimal(10,2) DEFAULT NULL,
  `take_profit` decimal(10,2) DEFAULT NULL,
  `stop_loss` decimal(10,2) DEFAULT NULL,
  `status` enum('unpublished','published','completed','won','lost') COLLATE utf8mb4_general_ci DEFAULT 'unpublished',
  `published_at` timestamp NULL DEFAULT NULL,
  `result` text COLLATE utf8mb4_general_ci,
  `result_json` longtext CHARACTER SET utf8mb4 COLLATE utf8mb4_bin,
  `created_at` timestamp NOT NULL DEFAULT CURRENT_TIMESTAMP,
  `updated_at` timestamp NOT NULL DEFAULT CURRENT_TIMESTAMP ON UPDATE CURRENT_TIMESTAMP,
  `deleted_at` timestamp NULL DEFAULT NULL
) ENGINE=InnoDB DEFAULT CHARSET=utf8mb4 COLLATE=utf8mb4_general_ci;

--
-- Dumping data for table `signals`
--

INSERT INTO `signals` (`id`, `user_id`, `direction`, `pair`, `price`, `tp1`, `tp2`, `sl1`, `buy_stop`, `sell_stop`, `buy_limit`, `sell_limit`, `symbol`, `signal_type`, `entry_price`, `take_profit`, `stop_loss`, `status`, `published_at`, `result`, `result_json`, `created_at`, `updated_at`, `deleted_at`) VALUES
(2, NULL, 'Sell', 'EUR/USD', 300.00, 2.00, 4.00, 2.00, 5.00, 1.00, 300.00, 400.00, NULL, NULL, NULL, NULL, NULL, 'completed', '2024-12-31 21:41:45', 'won', NULL, '2024-12-31 20:51:25', '2024-12-31 22:13:29', '2024-12-31 22:13:29'),
(3, NULL, 'Buy', 'EUR/USD', 200.00, 1.00, 3.00, 2.00, 3.00, 3.40, 2.10, 3.40, NULL, NULL, NULL, NULL, NULL, 'published', '2024-12-31 21:44:54', NULL, NULL, '2024-12-31 21:44:23', '2024-12-31 21:44:54', NULL);

-- --------------------------------------------------------

--
-- Table structure for table `signal_settings`
--

CREATE TABLE `signal_settings` (
  `id` bigint UNSIGNED NOT NULL,
  `platform_type` varchar(255) COLLATE utf8mb4_general_ci DEFAULT 'default',
  `chat_id` varchar(255) COLLATE utf8mb4_general_ci DEFAULT NULL,
  `settings_json` longtext CHARACTER SET utf8mb4 COLLATE utf8mb4_bin,
  `created_at` timestamp NULL DEFAULT CURRENT_TIMESTAMP,
  `updated_at` timestamp NULL DEFAULT CURRENT_TIMESTAMP ON UPDATE CURRENT_TIMESTAMP,
  `deleted_at` timestamp NULL DEFAULT NULL
) ENGINE=InnoDB DEFAULT CHARSET=utf8mb4 COLLATE=utf8mb4_general_ci;

--
-- Dumping data for table `signal_settings`
--

INSERT INTO `signal_settings` (`id`, `platform_type`, `chat_id`, `settings_json`, `created_at`, `updated_at`, `deleted_at`) VALUES
(1, 'default', '-1002243300399', '{\"website\":\"https:\\/\\/lab.luxehavenhotel.com\\/get-started\",\"monthly\":\"100\",\"quaterly\":\"200\",\"yearly\":\"300\",\"telegram_link\":\"\",\"telegram_bot_api\":\"7126975865:AAFu8EqrY6uqO9HxY6lL6xNhTM_ZBp-oNRo\",\"publish_message\":\"\",\"result_message\":\"\",\"chat_id\":\"-1002243300399\"}', '2024-12-31 08:59:42', '2024-12-31 20:12:00', NULL);

-- --------------------------------------------------------

--
-- Table structure for table `signal_subscriptions`
--

CREATE TABLE `signal_subscriptions` (
  `id` bigint UNSIGNED NOT NULL,
  `user_id` bigint UNSIGNED NOT NULL,
  `signal_id` bigint UNSIGNED DEFAULT NULL,
  `subscribed_at` timestamp NULL DEFAULT NULL,
  `expired_at` timestamp NULL DEFAULT NULL,
  `status` varchar(191) COLLATE utf8mb4_general_ci DEFAULT 'active',
  `created_at` timestamp NULL DEFAULT CURRENT_TIMESTAMP,
  `updated_at` timestamp NULL DEFAULT CURRENT_TIMESTAMP ON UPDATE CURRENT_TIMESTAMP,
  `deleted_at` timestamp NULL DEFAULT NULL,
  `telegram_user_id` varchar(191) COLLATE utf8mb4_general_ci NOT NULL,
  `amount_paid` varchar(191) COLLATE utf8mb4_general_ci NOT NULL,
  `duration` varchar(191) COLLATE utf8mb4_general_ci DEFAULT NULL
) ENGINE=InnoDB DEFAULT CHARSET=utf8mb4 COLLATE=utf8mb4_general_ci;

-- --------------------------------------------------------

--
-- Table structure for table `symbol_maps`
--

CREATE TABLE `symbol_maps` (
  `id` bigint UNSIGNED NOT NULL,
  `from_symbol` varchar(255) COLLATE utf8mb4_unicode_ci NOT NULL,
  `to_symbol` varchar(255) COLLATE utf8mb4_unicode_ci NOT NULL,
  `created_at` timestamp NULL DEFAULT NULL,
  `updated_at` timestamp NULL DEFAULT NULL
) ENGINE=InnoDB DEFAULT CHARSET=utf8mb4 COLLATE=utf8mb4_unicode_ci;

-- --------------------------------------------------------

--
-- Table structure for table `tasks`
--

CREATE TABLE `tasks` (
  `id` bigint UNSIGNED NOT NULL,
  `user_id` bigint UNSIGNED NOT NULL,
  `title` varchar(255) COLLATE utf8mb4_unicode_ci NOT NULL,
  `priority` varchar(255) COLLATE utf8mb4_unicode_ci DEFAULT NULL,
  `description` text COLLATE utf8mb4_unicode_ci,
  `attachment` varchar(255) COLLATE utf8mb4_unicode_ci DEFAULT NULL,
  `start_date` date NOT NULL,
  `end_date` date NOT NULL,
  `status` varchar(255) COLLATE utf8mb4_unicode_ci NOT NULL,
  `created_at` timestamp NULL DEFAULT NULL,
  `updated_at` timestamp NULL DEFAULT NULL
) ENGINE=InnoDB DEFAULT CHARSET=utf8mb4 COLLATE=utf8mb4_unicode_ci;

-- --------------------------------------------------------

--
-- Table structure for table `testimonies`
--

CREATE TABLE `testimonies` (
  `id` bigint UNSIGNED NOT NULL,
  `ref_key` varchar(255) COLLATE utf8mb4_unicode_ci DEFAULT NULL,
  `position` varchar(255) COLLATE utf8mb4_unicode_ci DEFAULT NULL,
  `name` varchar(255) COLLATE utf8mb4_unicode_ci DEFAULT NULL,
  `what_is_said` varchar(255) COLLATE utf8mb4_unicode_ci DEFAULT NULL,
  `picture` varchar(255) COLLATE utf8mb4_unicode_ci DEFAULT NULL,
  `created_at` timestamp NULL DEFAULT NULL,
  `updated_at` timestamp NULL DEFAULT NULL
) ENGINE=InnoDB DEFAULT CHARSET=utf8mb4 COLLATE=utf8mb4_unicode_ci;

--
-- Dumping data for table `testimonies`
--

INSERT INTO `testimonies` (`id`, `ref_key`, `position`, `name`, `what_is_said`, `picture`, `created_at`, `updated_at`) VALUES
(1, NULL, 'Driver', 'Jenny cole', 'I love this platform, its a good one and a media liver that movs the light forward ', 'media/sTnEPzjF31G5vcz3DYZYcCWj3Tu9hTm3kYQ4URFa.webp', '2024-02-21 22:23:11', '2024-02-22 13:45:15');

-- --------------------------------------------------------

--
-- Table structure for table `trades`
--

CREATE TABLE `trades` (
  `id` bigint UNSIGNED NOT NULL,
  `user_id` bigint UNSIGNED NOT NULL,
  `pair` varchar(255) COLLATE utf8mb4_unicode_ci NOT NULL,
  `amount` decimal(20,8) NOT NULL,
  `type` enum('Rise','Fall') COLLATE utf8mb4_unicode_ci NOT NULL,
  `entry_price` decimal(20,8) NOT NULL,
  `close_price` decimal(20,8) DEFAULT NULL,
  `profit_percentage` decimal(10,2) NOT NULL,
  `profit_amount` decimal(20,8) DEFAULT NULL,
  `price_difference` decimal(10,4) DEFAULT NULL,
  `duration` varchar(255) COLLATE utf8mb4_unicode_ci NOT NULL,
  `status` enum('active','completed','refunded') COLLATE utf8mb4_unicode_ci NOT NULL DEFAULT 'active',
  `result` enum('win','loss','error') COLLATE utf8mb4_unicode_ci DEFAULT NULL,
  `expected_result` varchar(255) COLLATE utf8mb4_unicode_ci DEFAULT NULL,
  `completed_at` timestamp NULL DEFAULT NULL,
  `created_at` timestamp NULL DEFAULT CURRENT_TIMESTAMP,
  `updated_at` timestamp NULL DEFAULT CURRENT_TIMESTAMP ON UPDATE CURRENT_TIMESTAMP
) ENGINE=InnoDB DEFAULT CHARSET=utf8mb4 COLLATE=utf8mb4_unicode_ci;

-- --------------------------------------------------------

--
-- Table structure for table `trading_accounts`
--

CREATE TABLE `trading_accounts` (
  `id` bigint UNSIGNED NOT NULL,
  `user_id` bigint UNSIGNED DEFAULT NULL,
  `meta_account_id` text COLLATE utf8mb4_unicode_ci,
  `login` varchar(191) COLLATE utf8mb4_unicode_ci DEFAULT NULL,
  `name` varchar(191) COLLATE utf8mb4_unicode_ci DEFAULT NULL,
  `password` text COLLATE utf8mb4_unicode_ci,
  `platform` varchar(191) COLLATE utf8mb4_unicode_ci DEFAULT NULL,
  `account_type` varchar(191) COLLATE utf8mb4_unicode_ci DEFAULT NULL,
  `currency` varchar(191) COLLATE utf8mb4_unicode_ci DEFAULT NULL,
  `leverage` varchar(191) COLLATE utf8mb4_unicode_ci DEFAULT NULL,
  `server` varchar(191) COLLATE utf8mb4_unicode_ci DEFAULT NULL,
  `options` varchar(191) COLLATE utf8mb4_unicode_ci DEFAULT NULL,
  `duration` varchar(191) COLLATE utf8mb4_unicode_ci DEFAULT NULL,
  `status` varchar(191) COLLATE utf8mb4_unicode_ci DEFAULT NULL,
  `copying_trade` tinyint(1) NOT NULL DEFAULT '0',
  `is_deployed` tinyint(1) NOT NULL DEFAULT '0',
  `deployment_status` varchar(191) COLLATE utf8mb4_unicode_ci DEFAULT NULL,
  `provider` varchar(191) COLLATE utf8mb4_unicode_ci DEFAULT NULL,
  `start_date` datetime DEFAULT NULL,
  `end_date` datetime DEFAULT NULL,
  `expired_at` datetime DEFAULT NULL,
  `reminded_at` datetime DEFAULT NULL,
  `created_at` timestamp NULL DEFAULT NULL,
  `updated_at` timestamp NULL DEFAULT NULL
) ENGINE=InnoDB DEFAULT CHARSET=utf8mb4 COLLATE=utf8mb4_unicode_ci;

-- --------------------------------------------------------

--
-- Table structure for table `transactions`
--

CREATE TABLE `transactions` (
  `id` bigint UNSIGNED NOT NULL,
  `user_id` bigint UNSIGNED DEFAULT NULL,
  `amount` decimal(8,2) DEFAULT NULL,
  `type` varchar(191) COLLATE utf8mb4_unicode_ci DEFAULT NULL,
  `narration` varchar(191) COLLATE utf8mb4_unicode_ci DEFAULT NULL,
  `payment_channel` varchar(191) COLLATE utf8mb4_unicode_ci DEFAULT NULL,
  `status` varchar(191) COLLATE utf8mb4_unicode_ci NOT NULL DEFAULT 'completed',
  `created_at` timestamp NULL DEFAULT NULL,
  `updated_at` timestamp NULL DEFAULT NULL
) ENGINE=InnoDB DEFAULT CHARSET=utf8mb4 COLLATE=utf8mb4_unicode_ci;

--
-- Dumping data for table `transactions`
--

INSERT INTO `transactions` (`id`, `user_id`, `amount`, `type`, `narration`, `payment_channel`, `status`, `created_at`, `updated_at`) VALUES
(108, 105, 200.00, 'Credit', 'Profit', NULL, 'completed', '2025-05-08 11:25:44', '2025-05-08 11:25:44'),
(109, 105, 100000.00, 'Credit', 'Profit', NULL, 'completed', '2025-05-08 11:28:55', '2025-05-08 11:28:55'),
(113, 111, 10.00, 'Credit', 'Bonus', NULL, 'completed', '2025-06-01 10:54:53', '2025-06-01 10:54:53'),
(114, 111, 25.00, 'Credit', 'balance', NULL, 'completed', '2025-06-01 10:55:05', '2025-06-01 10:55:05'),
(115, 111, 10.00, 'Credit', 'Bonus', NULL, 'completed', '2025-06-02 17:09:07', '2025-06-02 17:09:07'),
(116, 111, 20.00, 'Credit', 'balance', NULL, 'completed', '2025-06-02 17:09:19', '2025-06-02 17:09:19'),
(117, 111, 10.00, 'Credit', 'balance', NULL, 'completed', '2025-06-02 17:10:53', '2025-06-02 17:10:53'),
(118, 111, 150.00, 'Credit', 'Profit', NULL, 'completed', '2025-06-02 17:11:56', '2025-06-02 17:11:56'),
(119, 111, 100.00, 'Credit', 'Profit', NULL, 'completed', '2025-06-02 21:18:06', '2025-06-02 21:18:06'),
(120, 111, 30.00, 'Credit', 'Bonus', NULL, 'completed', '2025-06-03 06:25:13', '2025-06-03 06:25:13'),
(121, 111, 250.00, 'Credit', 'balance', NULL, 'completed', '2025-06-03 06:26:51', '2025-06-03 06:26:51'),
(122, 111, 53.00, 'Credit', 'Profit', NULL, 'completed', '2025-06-03 14:01:23', '2025-06-03 14:01:23'),
(123, 111, 103.00, 'Credit', 'balance', NULL, 'completed', '2025-06-03 14:05:14', '2025-06-03 14:05:14'),
(124, 111, 107.00, 'Credit', 'Profit', NULL, 'completed', '2025-06-03 21:48:42', '2025-06-03 21:48:42'),
(125, 111, 107.00, 'Credit', 'balance', NULL, 'completed', '2025-06-03 21:48:54', '2025-06-03 21:48:54'),
(126, 111, 100.00, 'Credit', 'Profit', NULL, 'completed', '2025-06-04 09:02:02', '2025-06-04 09:02:02'),
(127, 111, 50.00, 'Credit', 'balance', NULL, 'completed', '2025-06-04 09:03:24', '2025-06-04 09:03:24'),
(128, 111, 150.00, 'Credit', 'Profit', NULL, 'completed', '2025-06-04 19:12:19', '2025-06-04 19:12:19'),
(129, 111, 150.00, 'Credit', 'balance', NULL, 'completed', '2025-06-04 19:12:23', '2025-06-04 19:12:23'),
(130, 111, 25.00, 'Credit', 'Bonus', NULL, 'completed', '2025-06-04 19:12:35', '2025-06-04 19:12:35'),
(131, 111, 150.00, 'Credit', 'Profit', NULL, 'completed', '2025-06-04 21:52:53', '2025-06-04 21:52:53'),
(132, 111, 150.00, 'Credit', 'balance', NULL, 'completed', '2025-06-04 21:53:02', '2025-06-04 21:53:02'),
(133, 111, 25.00, 'Credit', 'Profit', NULL, 'completed', '2025-06-04 21:53:25', '2025-06-04 21:53:25'),
(134, 111, 25.00, 'Credit', 'balance', NULL, 'completed', '2025-06-04 21:53:32', '2025-06-04 21:53:32'),
(135, 111, 20.00, 'Credit', 'balance', NULL, 'completed', '2025-06-04 21:55:06', '2025-06-04 21:55:06'),
(136, 111, 150.00, 'Credit', 'Profit', NULL, 'completed', '2025-06-05 08:49:36', '2025-06-05 08:49:36'),
(137, 111, 150.00, 'Credit', 'balance', NULL, 'completed', '2025-06-05 08:49:42', '2025-06-05 08:49:42'),
(138, 111, 25.00, 'Credit', 'Bonus', NULL, 'completed', '2025-06-05 08:49:50', '2025-06-05 08:49:50'),
(139, 111, 25.00, 'Credit', 'balance', NULL, 'completed', '2025-06-05 08:49:54', '2025-06-05 08:49:54'),
(143, 122, 2000.00, 'Credit', 'balance', NULL, 'completed', '2025-10-27 12:47:04', '2025-10-27 12:47:04'),
(144, 122, 1180.00, 'Credit', 'Profit', NULL, 'completed', '2025-10-27 12:47:36', '2025-10-27 12:47:36'),
(145, 122, 1550.00, 'Credit', 'Profit', NULL, 'completed', '2025-10-27 12:49:21', '2025-10-27 12:49:21'),
(146, 122, 2250.00, 'Credit', 'balance', NULL, 'completed', '2025-10-27 12:49:26', '2025-10-27 12:49:26'),
(147, 122, 1570.00, 'Credit', 'balance', NULL, 'completed', '2025-10-27 12:49:33', '2025-10-27 12:49:33'),
(148, 122, 1445.00, 'Credit', 'balance', NULL, 'completed', '2025-10-27 12:49:39', '2025-10-27 12:49:39'),
(149, 122, 4646.00, 'Credit', 'balance', NULL, 'completed', '2025-10-27 12:49:43', '2025-10-27 12:49:43'),
(150, 122, 9911.00, 'Debit', 'balance', NULL, 'completed', '2025-10-27 12:50:32', '2025-10-27 12:50:32'),
(151, 122, 1150.00, 'Credit', 'Profit', NULL, 'completed', '2025-10-27 12:50:48', '2025-10-27 12:50:48'),
(152, 122, 4613.00, 'Credit', 'Profit', NULL, 'completed', '2025-10-27 12:50:55', '2025-10-27 12:50:55'),
(153, 122, 1225.00, 'Credit', 'Profit', NULL, 'completed', '2025-10-27 12:51:02', '2025-10-27 12:51:02'),
(154, 122, 1300.00, 'Credit', 'Profit', NULL, 'completed', '2025-10-27 12:51:10', '2025-10-27 12:51:10'),
(155, 122, 1166.00, 'Credit', 'Profit', NULL, 'completed', '2025-10-27 12:51:19', '2025-10-27 12:51:19'),
(156, 121, 10.33, 'Credit', 'Plan Bonus for purchasing Starter Plan plan', NULL, 'completed', '2025-10-28 16:57:42', '2025-10-28 16:57:42'),
(157, 121, 200.00, 'Debit', 'Purchased Starter Plan plan', NULL, 'completed', '2025-10-28 16:57:42', '2025-10-28 16:57:42'),
(158, 121, 10.00, 'Credit', 'ROI profit from Starter Plan investment plan', NULL, 'completed', '2025-10-28 17:05:34', '2025-10-28 17:05:34'),
(159, 121, 10.00, 'Credit', 'ROI profit from Starter Plan investment plan', NULL, 'completed', '2025-10-28 17:06:46', '2025-10-28 17:06:46'),
(160, 121, 10.00, 'Credit', 'ROI profit from Starter Plan investment plan', NULL, 'completed', '2025-10-28 17:29:14', '2025-10-28 17:29:14');

-- --------------------------------------------------------

--
-- Table structure for table `users`
--

CREATE TABLE `users` (
  `id` bigint UNSIGNED NOT NULL,
  `name` varchar(255) CHARACTER SET utf8mb4 COLLATE utf8mb4_unicode_ci NOT NULL,
  `username` varchar(255) CHARACTER SET utf8mb4 COLLATE utf8mb4_unicode_ci DEFAULT NULL,
  `email` varchar(255) CHARACTER SET utf8mb4 COLLATE utf8mb4_unicode_ci NOT NULL,
  `email_verified_at` timestamp NULL DEFAULT NULL,
  `password` varchar(255) CHARACTER SET utf8mb4 COLLATE utf8mb4_unicode_ci NOT NULL,
  `two_factor_secret` text CHARACTER SET utf8mb4 COLLATE utf8mb4_unicode_ci,
  `two_factor_recovery_codes` text CHARACTER SET utf8mb4 COLLATE utf8mb4_unicode_ci,
  `two_factor_confirmed_at` timestamp NULL DEFAULT NULL,
  `customer_status` varchar(255) CHARACTER SET utf8mb4 COLLATE utf8mb4_unicode_ci DEFAULT NULL,
  `assigned_to` varchar(255) CHARACTER SET utf8mb4 COLLATE utf8mb4_unicode_ci DEFAULT NULL,
  `date_of_birth` date DEFAULT NULL,
  `address` text CHARACTER SET utf8mb4 COLLATE utf8mb4_unicode_ci,
  `country` varchar(255) CHARACTER SET utf8mb4 COLLATE utf8mb4_unicode_ci DEFAULT NULL,
  `phone_number` varchar(255) CHARACTER SET utf8mb4 COLLATE utf8mb4_unicode_ci DEFAULT NULL,
  `bank_name` varchar(255) CHARACTER SET utf8mb4 COLLATE utf8mb4_unicode_ci DEFAULT NULL,
  `account_name` varchar(255) CHARACTER SET utf8mb4 COLLATE utf8mb4_unicode_ci DEFAULT NULL,
  `account_number` varchar(255) CHARACTER SET utf8mb4 COLLATE utf8mb4_unicode_ci DEFAULT NULL,
  `swift_code` varchar(255) CHARACTER SET utf8mb4 COLLATE utf8mb4_unicode_ci DEFAULT NULL,
  `btc_address` varchar(255) CHARACTER SET utf8mb4 COLLATE utf8mb4_unicode_ci DEFAULT NULL,
  `eth_address` varchar(255) CHARACTER SET utf8mb4 COLLATE utf8mb4_unicode_ci DEFAULT NULL,
  `ltc_address` varchar(255) CHARACTER SET utf8mb4 COLLATE utf8mb4_unicode_ci DEFAULT NULL,
  `usdt_address` varchar(255) CHARACTER SET utf8mb4 COLLATE utf8mb4_unicode_ci DEFAULT NULL,
  `account_bal` decimal(8,2) NOT NULL DEFAULT '0.00',
  `roi` decimal(8,2) NOT NULL DEFAULT '0.00',
  `bonus` decimal(8,2) NOT NULL DEFAULT '0.00',
  `ref_bonus` decimal(8,2) NOT NULL DEFAULT '0.00',
  `received_signup_bonus` tinyint(1) NOT NULL DEFAULT '0',
  `trade_mode` tinyint(1) DEFAULT '1',
  `reffered_by` varchar(255) CHARACTER SET utf8mb4 COLLATE utf8mb4_unicode_ci DEFAULT NULL,
  `refferal_link` varchar(255) CHARACTER SET utf8mb4 COLLATE utf8mb4_unicode_ci DEFAULT NULL,
  `account_verify` varchar(255) CHARACTER SET utf8mb4 COLLATE utf8mb4_unicode_ci DEFAULT NULL,
  `status` varchar(255) CHARACTER SET utf8mb4 COLLATE utf8mb4_unicode_ci NOT NULL DEFAULT 'active',
  `withdrawal_otp` varchar(255) CHARACTER SET utf8mb4 COLLATE utf8mb4_unicode_ci DEFAULT NULL,
  `withdrawal_otp_expired_at` datetime DEFAULT NULL,
  `can_withdraw` tinyint(1) NOT NULL DEFAULT '1',
  `can_deposit` tinyint(1) NOT NULL DEFAULT '1',
  `email_preference` longtext CHARACTER SET utf8mb4 COLLATE utf8mb4_bin,
  `remember_token` varchar(100) CHARACTER SET utf8mb4 COLLATE utf8mb4_unicode_ci DEFAULT NULL,
  `current_team_id` bigint UNSIGNED DEFAULT NULL,
  `profile_photo_path` varchar(2048) CHARACTER SET utf8mb4 COLLATE utf8mb4_unicode_ci DEFAULT NULL,
  `is_admin` tinyint(1) NOT NULL DEFAULT '0',
  `admin_type` varchar(255) CHARACTER SET utf8mb4 COLLATE utf8mb4_unicode_ci DEFAULT NULL,
  `token_2fa_expiry` datetime DEFAULT NULL,
  `enable_2fa` tinyint(1) NOT NULL DEFAULT '0',
  `admin_two_factor_code` varchar(255) CHARACTER SET utf8mb4 COLLATE utf8mb4_unicode_ci DEFAULT NULL,
  `pass_two_factor` tinyint(1) NOT NULL DEFAULT '1',
  `has_seen_onboarding` tinyint NOT NULL DEFAULT '0',
  `timezone` varchar(100) CHARACTER SET utf8mb4 COLLATE utf8mb4_unicode_ci DEFAULT NULL,
  `created_at` timestamp NULL DEFAULT NULL,
  `updated_at` timestamp NULL DEFAULT NULL,
  `total_trades` int NOT NULL DEFAULT '0',
  `total_wins` int NOT NULL DEFAULT '0',
  `total_losses` int NOT NULL DEFAULT '0',
  `win_rate` decimal(5,2) NOT NULL DEFAULT '0.00',
  `trader_type` enum('regular','premium','expert','vip') COLLATE utf8mb4_general_ci DEFAULT NULL,
  `is_trader` tinyint(1) DEFAULT '0',
  `copy_trade_fee` decimal(10,2) DEFAULT NULL,
  `trader_description` text COLLATE utf8mb4_general_ci,
  `is_online` tinyint(1) DEFAULT '0',
  `last_seen` timestamp NULL DEFAULT NULL
) ENGINE=InnoDB DEFAULT CHARSET=utf8mb4 COLLATE=utf8mb4_general_ci;

--
-- Dumping data for table `users`
--

INSERT INTO `users` (`id`, `name`, `username`, `email`, `email_verified_at`, `password`, `two_factor_secret`, `two_factor_recovery_codes`, `two_factor_confirmed_at`, `customer_status`, `assigned_to`, `date_of_birth`, `address`, `country`, `phone_number`, `bank_name`, `account_name`, `account_number`, `swift_code`, `btc_address`, `eth_address`, `ltc_address`, `usdt_address`, `account_bal`, `roi`, `bonus`, `ref_bonus`, `received_signup_bonus`, `trade_mode`, `reffered_by`, `refferal_link`, `account_verify`, `status`, `withdrawal_otp`, `withdrawal_otp_expired_at`, `can_withdraw`, `can_deposit`, `email_preference`, `remember_token`, `current_team_id`, `profile_photo_path`, `is_admin`, `admin_type`, `token_2fa_expiry`, `enable_2fa`, `admin_two_factor_code`, `pass_two_factor`, `has_seen_onboarding`, `timezone`, `created_at`, `updated_at`, `total_trades`, `total_wins`, `total_losses`, `win_rate`, `trader_type`, `is_trader`, `copy_trade_fee`, `trader_description`, `is_online`, `last_seen`) VALUES
(1, 'Super Admin', 'admin', 'admin@admin.com', '2024-01-12 02:49:25', '$2y$12$ypwFAM3mWANI22iDNP4Bq.1cpllpUyOaRusJOLbUpnd7ZCuQ0N5QC', NULL, NULL, NULL, NULL, NULL, NULL, NULL, 'Dubia', '+234 916 683 7370', NULL, NULL, NULL, NULL, NULL, NULL, NULL, NULL, 0.00, 0.00, 0.00, 0.00, 0, 1, NULL, NULL, NULL, 'active', NULL, NULL, 1, 1, NULL, NULL, NULL, 'avatars/xwx2JR9tO8K0OcZDqk0tezfVJGkcqr57EiirgEc8.jpg', 1, 'Super Admin', NULL, 0, NULL, 1, 0, NULL, '2024-01-10 02:27:12', '2025-10-28 17:29:15', 0, 0, 0, 0.00, NULL, 0, NULL, NULL, 1, '2025-10-28 17:29:15'),
(105, 'Cwhite Dickson', 'cwhite', 'anothytyronb@gmail.com', '2025-05-07 11:44:24', '$2y$12$aVWM36rzQGiuiS.uJ3yc9uCKVfi7wYymaIXt/PL.ZdyNy79ziu8HS', NULL, NULL, NULL, NULL, NULL, NULL, NULL, 'Nigeria', '08085562490', NULL, NULL, NULL, NULL, NULL, NULL, NULL, NULL, 50000.00, 100200.00, 0.00, 0.00, 0, 1, NULL, 'https://6figuresearningfromhome.site/ref/cwhite', NULL, 'active', 'IRCC7', '2025-05-09 14:36:39', 1, 1, NULL, NULL, NULL, NULL, 0, NULL, NULL, 0, NULL, 1, 1, NULL, '2025-05-07 11:44:24', '2025-10-10 20:12:47', 0, 0, 0, 0.00, NULL, 0, NULL, NULL, 0, '2025-05-10 16:55:09'),
(111, 'Ifeanyi Eseka', 'ifeanyieseka', 'michael.eseka@gmail.com', '2025-06-01 09:51:00', '$2y$12$1dEUG/9ecjAmeG15E8/Xk.jDCx9DCkzZxSHQclUeFpiT6XufwW1F2', NULL, NULL, NULL, NULL, NULL, NULL, NULL, 'Nigeria', '+2348120064435', NULL, NULL, NULL, NULL, NULL, NULL, NULL, NULL, 1085.00, 985.00, 100.00, 0.00, 0, 1, NULL, 'https://6figuresearningfromhome.site/ref/ifeanyieseka', NULL, 'active', NULL, NULL, 1, 1, NULL, NULL, NULL, NULL, 0, NULL, NULL, 0, NULL, 1, 1, NULL, '2025-06-01 09:51:00', '2025-10-10 20:12:47', 0, 0, 0, 0.00, NULL, 0, NULL, NULL, 0, '2025-06-04 19:18:33'),
(112, 'Restituto Gamis', 'resty', 'restiegamis@yahoo.com', '2025-06-04 21:25:44', '$2y$12$QvWF3HvQrRAOR23QF42vsegIRCFJ9d3o3LO3zpOyiKf4b34D9hZ5a', NULL, NULL, NULL, NULL, NULL, NULL, NULL, 'Canada', '2048073548', NULL, NULL, NULL, NULL, NULL, NULL, NULL, NULL, 0.00, 0.00, 0.00, 0.00, 0, 1, NULL, 'https://6figuresearningfromhome.site/ref/resty', 'reject', 'active', NULL, NULL, 1, 1, NULL, NULL, NULL, NULL, 0, NULL, NULL, 0, NULL, 1, 1, NULL, '2025-06-04 21:25:44', '2025-10-10 20:12:47', 0, 0, 0, 0.00, NULL, 0, NULL, NULL, 0, '2025-06-04 23:04:39'),
(121, 'John paul', 'john12', 'blissfulclips01@gmail.com', '2025-10-27 10:21:25', '$2y$12$kFv.iDOPwMBOa/bMfOSkw.4roU.fFzeZtqMIXmZtaUmVIgZ1kVzSm', NULL, NULL, NULL, NULL, NULL, NULL, NULL, 'Brazil', '123456789', NULL, NULL, NULL, NULL, NULL, NULL, NULL, NULL, 140.33, 30.00, 10.33, 0.00, 0, 1, NULL, 'https://iqmenix.xyz/ref/john12', NULL, 'active', 'XEENL', '2025-10-28 20:27:57', 1, 1, NULL, 'zS7E8TyyhyITzYftyFG0TpBEtbqdOvLsixWxgrsPQoDPyQ6wxfHK90mJfCkA', NULL, NULL, 0, NULL, NULL, 0, NULL, 1, 1, NULL, '2025-10-27 10:21:25', '2025-10-28 17:31:28', 0, 0, 0, 0.00, NULL, 0, NULL, NULL, 1, '2025-10-28 17:31:28'),
(122, 'mikej2o', 'mike0', 'pmike1709@gmail.com', '2025-10-27 10:55:17', '$2y$12$6vGX6Dz/X4VXJ8PijXo1KeCCzXqgFWLp4pYWyEwi14K8H3JYem1mu', NULL, NULL, NULL, NULL, NULL, NULL, NULL, 'Austria', '14455666666666666666', NULL, NULL, NULL, NULL, NULL, NULL, NULL, NULL, 7000.00, 12184.00, 0.00, 0.00, 0, 1, NULL, 'https://diversifymarkets.com/ref/mike0', NULL, 'active', 'TS0OS', '2025-10-27 16:16:30', 1, 1, NULL, NULL, NULL, NULL, 0, NULL, NULL, 0, NULL, 1, 1, NULL, '2025-10-27 10:55:17', '2025-10-27 13:30:21', 0, 0, 0, 0.00, NULL, 0, NULL, NULL, 1, '2025-10-27 13:30:21');

-- --------------------------------------------------------

--
-- Table structure for table `user_courses`
--

CREATE TABLE `user_courses` (
  `id` bigint UNSIGNED NOT NULL,
  `user_id` bigint UNSIGNED NOT NULL,
  `course_id` bigint UNSIGNED NOT NULL,
  `created_at` timestamp NULL DEFAULT NULL,
  `updated_at` timestamp NULL DEFAULT NULL
) ENGINE=InnoDB DEFAULT CHARSET=utf8mb4 COLLATE=utf8mb4_unicode_ci;

-- --------------------------------------------------------

--
-- Table structure for table `user_plans`
--

CREATE TABLE `user_plans` (
  `id` bigint UNSIGNED NOT NULL,
  `plan_id` bigint UNSIGNED NOT NULL,
  `user_id` bigint UNSIGNED NOT NULL,
  `amount` decimal(8,2) DEFAULT NULL,
  `profit_earned` decimal(8,2) DEFAULT '0.00',
  `status` varchar(255) COLLATE utf8mb4_unicode_ci NOT NULL DEFAULT 'active',
  `inv_duration` varchar(255) COLLATE utf8mb4_unicode_ci DEFAULT NULL,
  `expire_date` datetime DEFAULT NULL,
  `activated_at` datetime DEFAULT NULL,
  `next_growth` datetime DEFAULT NULL,
  `created_at` timestamp NULL DEFAULT NULL,
  `updated_at` timestamp NULL DEFAULT NULL
) ENGINE=InnoDB DEFAULT CHARSET=utf8mb4 COLLATE=utf8mb4_unicode_ci;

--
-- Dumping data for table `user_plans`
--

INSERT INTO `user_plans` (`id`, `plan_id`, `user_id`, `amount`, `profit_earned`, `status`, `inv_duration`, `expire_date`, `activated_at`, `next_growth`, `created_at`, `updated_at`) VALUES
(28, 2, 121, 200.00, 30.00, 'active', '6 Months', '2026-04-28 20:02:42', '2025-10-28 19:57:42', '2025-10-29 19:57:42', '2025-10-28 16:57:42', '2025-10-28 17:29:15');

-- --------------------------------------------------------

--
-- Table structure for table `withdrawals`
--

CREATE TABLE `withdrawals` (
  `id` bigint UNSIGNED NOT NULL,
  `txn_id` varchar(255) COLLATE utf8mb4_unicode_ci DEFAULT NULL,
  `user_id` bigint UNSIGNED NOT NULL,
  `amount` decimal(8,2) DEFAULT NULL,
  `column` varchar(255) COLLATE utf8mb4_unicode_ci DEFAULT NULL,
  `to_deduct` decimal(8,2) DEFAULT NULL,
  `payment_mode` varchar(255) COLLATE utf8mb4_unicode_ci DEFAULT NULL,
  `paydetails` text COLLATE utf8mb4_unicode_ci,
  `status` varchar(255) COLLATE utf8mb4_unicode_ci DEFAULT NULL,
  `created_at` timestamp NULL DEFAULT NULL,
  `updated_at` timestamp NULL DEFAULT NULL
) ENGINE=InnoDB DEFAULT CHARSET=utf8mb4 COLLATE=utf8mb4_unicode_ci;

--
-- Indexes for dumped tables
--

--
-- Indexes for table `activity_log`
--
ALTER TABLE `activity_log`
  ADD PRIMARY KEY (`id`),
  ADD KEY `subject` (`subject_type`,`subject_id`),
  ADD KEY `causer` (`causer_type`,`causer_id`),
  ADD KEY `activity_log_log_name_index` (`log_name`);

--
-- Indexes for table `annual_reports`
--
ALTER TABLE `annual_reports`
  ADD PRIMARY KEY (`id`),
  ADD KEY `idx_report_year` (`report_year`),
  ADD KEY `idx_is_active` (`is_active`);

--
-- Indexes for table `binance_transactions`
--
ALTER TABLE `binance_transactions`
  ADD PRIMARY KEY (`id`),
  ADD KEY `binance_transactions_user_id_foreign` (`user_id`);

--
-- Indexes for table `cache`
--
ALTER TABLE `cache`
  ADD PRIMARY KEY (`key`);

--
-- Indexes for table `cache_locks`
--
ALTER TABLE `cache_locks`
  ADD PRIMARY KEY (`key`);

--
-- Indexes for table `categories`
--
ALTER TABLE `categories`
  ADD PRIMARY KEY (`id`);

--
-- Indexes for table `coinbases`
--
ALTER TABLE `coinbases`
  ADD PRIMARY KEY (`id`),
  ADD KEY `coinbases_user_id_foreign` (`user_id`);

--
-- Indexes for table `coin_payments`
--
ALTER TABLE `coin_payments`
  ADD PRIMARY KEY (`id`),
  ADD KEY `coin_payments_user_id_foreign` (`user_id`);

--
-- Indexes for table `contents`
--
ALTER TABLE `contents`
  ADD PRIMARY KEY (`id`);

--
-- Indexes for table `copied_trades`
--
ALTER TABLE `copied_trades`
  ADD PRIMARY KEY (`id`),
  ADD KEY `copy_trade_id` (`copy_trade_id`),
  ADD KEY `original_trade_id` (`original_trade_id`),
  ADD KEY `copied_trade_id` (`copied_trade_id`);

--
-- Indexes for table `copy_trades`
--
ALTER TABLE `copy_trades`
  ADD PRIMARY KEY (`id`),
  ADD UNIQUE KEY `unique_follower_trader` (`follower_id`,`trader_id`),
  ADD KEY `trader_id` (`trader_id`);

--
-- Indexes for table `courses`
--
ALTER TABLE `courses`
  ADD PRIMARY KEY (`id`),
  ADD KEY `category_id` (`category_id`);

--
-- Indexes for table `crypto_accounts`
--
ALTER TABLE `crypto_accounts`
  ADD PRIMARY KEY (`id`),
  ADD KEY `crypto_accounts_user_id_foreign` (`user_id`);

--
-- Indexes for table `crypto_assets`
--
ALTER TABLE `crypto_assets`
  ADD PRIMARY KEY (`id`),
  ADD UNIQUE KEY `crypto_assets_symbol_unique` (`symbol`),
  ADD UNIQUE KEY `crypto_assets_coingecko_id_unique` (`coingecko_id`),
  ADD KEY `crypto_assets_symbol_is_active_index` (`symbol`,`is_active`),
  ADD KEY `crypto_assets_market_cap_rank_index` (`market_cap_rank`);

--
-- Indexes for table `crypto_currencies`
--
ALTER TABLE `crypto_currencies`
  ADD PRIMARY KEY (`id`);

--
-- Indexes for table `crypto_records`
--
ALTER TABLE `crypto_records`
  ADD PRIMARY KEY (`id`),
  ADD KEY `crypto_records_user_id_foreign` (`user_id`);

--
-- Indexes for table `deposits`
--
ALTER TABLE `deposits`
  ADD PRIMARY KEY (`id`),
  ADD KEY `deposits_user_id_foreign` (`user_id`);

--
-- Indexes for table `email_templates`
--
ALTER TABLE `email_templates`
  ADD PRIMARY KEY (`id`);

--
-- Indexes for table `failed_jobs`
--
ALTER TABLE `failed_jobs`
  ADD PRIMARY KEY (`id`),
  ADD UNIQUE KEY `failed_jobs_uuid_unique` (`uuid`);

--
-- Indexes for table `faqs`
--
ALTER TABLE `faqs`
  ADD PRIMARY KEY (`id`);

--
-- Indexes for table `images`
--
ALTER TABLE `images`
  ADD PRIMARY KEY (`id`);

--
-- Indexes for table `i_p_addresses`
--
ALTER TABLE `i_p_addresses`
  ADD PRIMARY KEY (`id`);

--
-- Indexes for table `jobs`
--
ALTER TABLE `jobs`
  ADD PRIMARY KEY (`id`),
  ADD KEY `jobs_queue_index` (`queue`);

--
-- Indexes for table `kycs`
--
ALTER TABLE `kycs`
  ADD PRIMARY KEY (`id`),
  ADD UNIQUE KEY `kycs_email_unique` (`email`),
  ADD KEY `kycs_user_id_foreign` (`user_id`);

--
-- Indexes for table `lessons`
--
ALTER TABLE `lessons`
  ADD PRIMARY KEY (`id`),
  ADD KEY `course_id` (`course_id`);

--
-- Indexes for table `messages`
--
ALTER TABLE `messages`
  ADD PRIMARY KEY (`id`),
  ADD KEY `from_user` (`from_user`),
  ADD KEY `to_user` (`to_user`);

--
-- Indexes for table `migrations`
--
ALTER TABLE `migrations`
  ADD PRIMARY KEY (`id`);

--
-- Indexes for table `model_has_permissions`
--
ALTER TABLE `model_has_permissions`
  ADD PRIMARY KEY (`permission_id`,`model_id`,`model_type`),
  ADD KEY `model_has_permissions_model_id_model_type_index` (`model_id`,`model_type`);

--
-- Indexes for table `model_has_roles`
--
ALTER TABLE `model_has_roles`
  ADD PRIMARY KEY (`role_id`,`model_id`,`model_type`),
  ADD KEY `model_has_roles_model_id_model_type_index` (`model_id`,`model_type`);

--
-- Indexes for table `notifications`
--
ALTER TABLE `notifications`
  ADD PRIMARY KEY (`id`),
  ADD KEY `notifications_notifiable_type_notifiable_id_index` (`notifiable_type`,`notifiable_id`);

--
-- Indexes for table `pages`
--
ALTER TABLE `pages`
  ADD PRIMARY KEY (`id`);

--
-- Indexes for table `password_reset_tokens`
--
ALTER TABLE `password_reset_tokens`
  ADD PRIMARY KEY (`email`);

--
-- Indexes for table `payment_methods`
--
ALTER TABLE `payment_methods`
  ADD PRIMARY KEY (`id`);

--
-- Indexes for table `permissions`
--
ALTER TABLE `permissions`
  ADD PRIMARY KEY (`id`),
  ADD UNIQUE KEY `permissions_name_guard_name_unique` (`name`,`guard_name`);

--
-- Indexes for table `personal_access_tokens`
--
ALTER TABLE `personal_access_tokens`
  ADD PRIMARY KEY (`id`),
  ADD UNIQUE KEY `personal_access_tokens_token_unique` (`token`),
  ADD KEY `personal_access_tokens_tokenable_type_tokenable_id_index` (`tokenable_type`,`tokenable_id`);

--
-- Indexes for table `plans`
--
ALTER TABLE `plans`
  ADD PRIMARY KEY (`id`);

--
-- Indexes for table `rois`
--
ALTER TABLE `rois`
  ADD PRIMARY KEY (`id`),
  ADD KEY `rois_user_id_foreign` (`user_id`),
  ADD KEY `rois_user_plan_id_foreign` (`user_plan_id`);

--
-- Indexes for table `roles`
--
ALTER TABLE `roles`
  ADD PRIMARY KEY (`id`),
  ADD UNIQUE KEY `roles_name_guard_name_unique` (`name`,`guard_name`);

--
-- Indexes for table `role_has_permissions`
--
ALTER TABLE `role_has_permissions`
  ADD PRIMARY KEY (`permission_id`,`role_id`),
  ADD KEY `role_has_permissions_role_id_foreign` (`role_id`);

--
-- Indexes for table `sessions`
--
ALTER TABLE `sessions`
  ADD PRIMARY KEY (`id`),
  ADD KEY `sessions_user_id_index` (`user_id`),
  ADD KEY `sessions_last_activity_index` (`last_activity`);

--
-- Indexes for table `settings`
--
ALTER TABLE `settings`
  ADD PRIMARY KEY (`id`);

--
-- Indexes for table `signals`
--
ALTER TABLE `signals`
  ADD PRIMARY KEY (`id`),
  ADD KEY `idx_signals_user_id` (`user_id`),
  ADD KEY `idx_signals_symbol` (`symbol`),
  ADD KEY `idx_signals_status` (`status`),
  ADD KEY `idx_signals_created_at` (`created_at`);

--
-- Indexes for table `signal_settings`
--
ALTER TABLE `signal_settings`
  ADD PRIMARY KEY (`id`);

--
-- Indexes for table `signal_subscriptions`
--
ALTER TABLE `signal_subscriptions`
  ADD PRIMARY KEY (`id`),
  ADD KEY `idx_signal_subscriptions_user_id` (`user_id`),
  ADD KEY `idx_signal_subscriptions_signal_id` (`signal_id`),
  ADD KEY `idx_signal_subscriptions_status` (`status`);

--
-- Indexes for table `symbol_maps`
--
ALTER TABLE `symbol_maps`
  ADD PRIMARY KEY (`id`);

--
-- Indexes for table `tasks`
--
ALTER TABLE `tasks`
  ADD PRIMARY KEY (`id`),
  ADD KEY `tasks_user_id_foreign` (`user_id`);

--
-- Indexes for table `testimonies`
--
ALTER TABLE `testimonies`
  ADD PRIMARY KEY (`id`);

--
-- Indexes for table `trades`
--
ALTER TABLE `trades`
  ADD PRIMARY KEY (`id`),
  ADD KEY `trades_user_id_status_index` (`user_id`,`status`),
  ADD KEY `trades_completed_at_index` (`completed_at`);

--
-- Indexes for table `trading_accounts`
--
ALTER TABLE `trading_accounts`
  ADD PRIMARY KEY (`id`),
  ADD KEY `trading_accounts_user_id_foreign` (`user_id`);

--
-- Indexes for table `transactions`
--
ALTER TABLE `transactions`
  ADD PRIMARY KEY (`id`),
  ADD KEY `transactions_user_id_foreign` (`user_id`);

--
-- Indexes for table `users`
--
ALTER TABLE `users`
  ADD PRIMARY KEY (`id`),
  ADD UNIQUE KEY `users_email_unique` (`email`);

--
-- Indexes for table `user_courses`
--
ALTER TABLE `user_courses`
  ADD PRIMARY KEY (`id`),
  ADD KEY `user_id` (`user_id`),
  ADD KEY `course_id` (`course_id`);

--
-- Indexes for table `user_plans`
--
ALTER TABLE `user_plans`
  ADD PRIMARY KEY (`id`),
  ADD KEY `user_plans_plan_id_foreign` (`plan_id`),
  ADD KEY `user_plans_user_id_foreign` (`user_id`);

--
-- Indexes for table `withdrawals`
--
ALTER TABLE `withdrawals`
  ADD PRIMARY KEY (`id`),
  ADD KEY `withdrawals_user_id_foreign` (`user_id`);

--
-- AUTO_INCREMENT for dumped tables
--

--
-- AUTO_INCREMENT for table `activity_log`
--
ALTER TABLE `activity_log`
  MODIFY `id` bigint UNSIGNED NOT NULL AUTO_INCREMENT, AUTO_INCREMENT=86858;

--
-- AUTO_INCREMENT for table `annual_reports`
--
ALTER TABLE `annual_reports`
  MODIFY `id` bigint UNSIGNED NOT NULL AUTO_INCREMENT, AUTO_INCREMENT=5;

--
-- AUTO_INCREMENT for table `binance_transactions`
--
ALTER TABLE `binance_transactions`
  MODIFY `id` bigint UNSIGNED NOT NULL AUTO_INCREMENT;

--
-- AUTO_INCREMENT for table `categories`
--
ALTER TABLE `categories`
  MODIFY `id` bigint UNSIGNED NOT NULL AUTO_INCREMENT, AUTO_INCREMENT=5;

--
-- AUTO_INCREMENT for table `coinbases`
--
ALTER TABLE `coinbases`
  MODIFY `id` bigint UNSIGNED NOT NULL AUTO_INCREMENT;

--
-- AUTO_INCREMENT for table `coin_payments`
--
ALTER TABLE `coin_payments`
  MODIFY `id` bigint UNSIGNED NOT NULL AUTO_INCREMENT;

--
-- AUTO_INCREMENT for table `contents`
--
ALTER TABLE `contents`
  MODIFY `id` int NOT NULL AUTO_INCREMENT, AUTO_INCREMENT=61;

--
-- AUTO_INCREMENT for table `copied_trades`
--
ALTER TABLE `copied_trades`
  MODIFY `id` bigint UNSIGNED NOT NULL AUTO_INCREMENT, AUTO_INCREMENT=25;

--
-- AUTO_INCREMENT for table `copy_trades`
--
ALTER TABLE `copy_trades`
  MODIFY `id` bigint UNSIGNED NOT NULL AUTO_INCREMENT, AUTO_INCREMENT=6;

--
-- AUTO_INCREMENT for table `courses`
--
ALTER TABLE `courses`
  MODIFY `id` bigint UNSIGNED NOT NULL AUTO_INCREMENT, AUTO_INCREMENT=2;

--
-- AUTO_INCREMENT for table `crypto_accounts`
--
ALTER TABLE `crypto_accounts`
  MODIFY `id` bigint UNSIGNED NOT NULL AUTO_INCREMENT, AUTO_INCREMENT=90;

--
-- AUTO_INCREMENT for table `crypto_assets`
--
ALTER TABLE `crypto_assets`
  MODIFY `id` bigint UNSIGNED NOT NULL AUTO_INCREMENT, AUTO_INCREMENT=234;

--
-- AUTO_INCREMENT for table `crypto_currencies`
--
ALTER TABLE `crypto_currencies`
  MODIFY `id` bigint UNSIGNED NOT NULL AUTO_INCREMENT, AUTO_INCREMENT=18;

--
-- AUTO_INCREMENT for table `crypto_records`
--
ALTER TABLE `crypto_records`
  MODIFY `id` bigint UNSIGNED NOT NULL AUTO_INCREMENT, AUTO_INCREMENT=15;

--
-- AUTO_INCREMENT for table `deposits`
--
ALTER TABLE `deposits`
  MODIFY `id` bigint UNSIGNED NOT NULL AUTO_INCREMENT, AUTO_INCREMENT=60;

--
-- AUTO_INCREMENT for table `email_templates`
--
ALTER TABLE `email_templates`
  MODIFY `id` bigint UNSIGNED NOT NULL AUTO_INCREMENT, AUTO_INCREMENT=19;

--
-- AUTO_INCREMENT for table `failed_jobs`
--
ALTER TABLE `failed_jobs`
  MODIFY `id` bigint UNSIGNED NOT NULL AUTO_INCREMENT, AUTO_INCREMENT=84;

--
-- AUTO_INCREMENT for table `faqs`
--
ALTER TABLE `faqs`
  MODIFY `id` bigint UNSIGNED NOT NULL AUTO_INCREMENT, AUTO_INCREMENT=5;

--
-- AUTO_INCREMENT for table `images`
--
ALTER TABLE `images`
  MODIFY `id` bigint UNSIGNED NOT NULL AUTO_INCREMENT, AUTO_INCREMENT=31;

--
-- AUTO_INCREMENT for table `i_p_addresses`
--
ALTER TABLE `i_p_addresses`
  MODIFY `id` bigint UNSIGNED NOT NULL AUTO_INCREMENT;

--
-- AUTO_INCREMENT for table `jobs`
--
ALTER TABLE `jobs`
  MODIFY `id` bigint UNSIGNED NOT NULL AUTO_INCREMENT, AUTO_INCREMENT=20;

--
-- AUTO_INCREMENT for table `kycs`
--
ALTER TABLE `kycs`
  MODIFY `id` bigint UNSIGNED NOT NULL AUTO_INCREMENT, AUTO_INCREMENT=14;

--
-- AUTO_INCREMENT for table `lessons`
--
ALTER TABLE `lessons`
  MODIFY `id` bigint UNSIGNED NOT NULL AUTO_INCREMENT, AUTO_INCREMENT=4;

--
-- AUTO_INCREMENT for table `messages`
--
ALTER TABLE `messages`
  MODIFY `id` bigint UNSIGNED NOT NULL AUTO_INCREMENT, AUTO_INCREMENT=79;

--
-- AUTO_INCREMENT for table `migrations`
--
ALTER TABLE `migrations`
  MODIFY `id` int UNSIGNED NOT NULL AUTO_INCREMENT, AUTO_INCREMENT=79;

--
-- AUTO_INCREMENT for table `pages`
--
ALTER TABLE `pages`
  MODIFY `id` bigint UNSIGNED NOT NULL AUTO_INCREMENT, AUTO_INCREMENT=10;

--
-- AUTO_INCREMENT for table `payment_methods`
--
ALTER TABLE `payment_methods`
  MODIFY `id` bigint UNSIGNED NOT NULL AUTO_INCREMENT, AUTO_INCREMENT=23;

--
-- AUTO_INCREMENT for table `permissions`
--
ALTER TABLE `permissions`
  MODIFY `id` bigint UNSIGNED NOT NULL AUTO_INCREMENT, AUTO_INCREMENT=123;

--
-- AUTO_INCREMENT for table `personal_access_tokens`
--
ALTER TABLE `personal_access_tokens`
  MODIFY `id` bigint UNSIGNED NOT NULL AUTO_INCREMENT;

--
-- AUTO_INCREMENT for table `plans`
--
ALTER TABLE `plans`
  MODIFY `id` bigint UNSIGNED NOT NULL AUTO_INCREMENT, AUTO_INCREMENT=5;

--
-- AUTO_INCREMENT for table `rois`
--
ALTER TABLE `rois`
  MODIFY `id` bigint UNSIGNED NOT NULL AUTO_INCREMENT, AUTO_INCREMENT=46;

--
-- AUTO_INCREMENT for table `roles`
--
ALTER TABLE `roles`
  MODIFY `id` bigint UNSIGNED NOT NULL AUTO_INCREMENT, AUTO_INCREMENT=27;

--
-- AUTO_INCREMENT for table `settings`
--
ALTER TABLE `settings`
  MODIFY `id` bigint UNSIGNED NOT NULL AUTO_INCREMENT, AUTO_INCREMENT=2;

--
-- AUTO_INCREMENT for table `signals`
--
ALTER TABLE `signals`
  MODIFY `id` bigint UNSIGNED NOT NULL AUTO_INCREMENT, AUTO_INCREMENT=4;

--
-- AUTO_INCREMENT for table `signal_settings`
--
ALTER TABLE `signal_settings`
  MODIFY `id` bigint UNSIGNED NOT NULL AUTO_INCREMENT, AUTO_INCREMENT=2;

--
-- AUTO_INCREMENT for table `signal_subscriptions`
--
ALTER TABLE `signal_subscriptions`
  MODIFY `id` bigint UNSIGNED NOT NULL AUTO_INCREMENT, AUTO_INCREMENT=9;

--
-- AUTO_INCREMENT for table `symbol_maps`
--
ALTER TABLE `symbol_maps`
  MODIFY `id` bigint UNSIGNED NOT NULL AUTO_INCREMENT;

--
-- AUTO_INCREMENT for table `tasks`
--
ALTER TABLE `tasks`
  MODIFY `id` bigint UNSIGNED NOT NULL AUTO_INCREMENT;

--
-- AUTO_INCREMENT for table `testimonies`
--
ALTER TABLE `testimonies`
  MODIFY `id` bigint UNSIGNED NOT NULL AUTO_INCREMENT, AUTO_INCREMENT=3;

--
-- AUTO_INCREMENT for table `trades`
--
ALTER TABLE `trades`
  MODIFY `id` bigint UNSIGNED NOT NULL AUTO_INCREMENT, AUTO_INCREMENT=24;

--
-- AUTO_INCREMENT for table `trading_accounts`
--
ALTER TABLE `trading_accounts`
  MODIFY `id` bigint UNSIGNED NOT NULL AUTO_INCREMENT;

--
-- AUTO_INCREMENT for table `transactions`
--
ALTER TABLE `transactions`
  MODIFY `id` bigint UNSIGNED NOT NULL AUTO_INCREMENT, AUTO_INCREMENT=161;

--
-- AUTO_INCREMENT for table `users`
--
ALTER TABLE `users`
  MODIFY `id` bigint UNSIGNED NOT NULL AUTO_INCREMENT, AUTO_INCREMENT=123;

--
-- AUTO_INCREMENT for table `user_courses`
--
ALTER TABLE `user_courses`
  MODIFY `id` bigint UNSIGNED NOT NULL AUTO_INCREMENT, AUTO_INCREMENT=3;

--
-- AUTO_INCREMENT for table `user_plans`
--
ALTER TABLE `user_plans`
  MODIFY `id` bigint UNSIGNED NOT NULL AUTO_INCREMENT, AUTO_INCREMENT=29;

--
-- AUTO_INCREMENT for table `withdrawals`
--
ALTER TABLE `withdrawals`
  MODIFY `id` bigint UNSIGNED NOT NULL AUTO_INCREMENT, AUTO_INCREMENT=33;

--
-- Constraints for dumped tables
--

--
-- Constraints for table `binance_transactions`
--
ALTER TABLE `binance_transactions`
  ADD CONSTRAINT `binance_transactions_user_id_foreign` FOREIGN KEY (`user_id`) REFERENCES `users` (`id`) ON DELETE CASCADE;

--
-- Constraints for table `coinbases`
--
ALTER TABLE `coinbases`
  ADD CONSTRAINT `coinbases_user_id_foreign` FOREIGN KEY (`user_id`) REFERENCES `users` (`id`) ON DELETE CASCADE;

--
-- Constraints for table `coin_payments`
--
ALTER TABLE `coin_payments`
  ADD CONSTRAINT `coin_payments_user_id_foreign` FOREIGN KEY (`user_id`) REFERENCES `users` (`id`) ON DELETE CASCADE;

--
-- Constraints for table `copied_trades`
--
ALTER TABLE `copied_trades`
  ADD CONSTRAINT `copied_trades_ibfk_1` FOREIGN KEY (`copy_trade_id`) REFERENCES `copy_trades` (`id`) ON DELETE CASCADE,
  ADD CONSTRAINT `copied_trades_ibfk_2` FOREIGN KEY (`original_trade_id`) REFERENCES `trades` (`id`) ON DELETE CASCADE,
  ADD CONSTRAINT `copied_trades_ibfk_3` FOREIGN KEY (`copied_trade_id`) REFERENCES `trades` (`id`) ON DELETE SET NULL;

--
-- Constraints for table `copy_trades`
--
ALTER TABLE `copy_trades`
  ADD CONSTRAINT `copy_trades_ibfk_1` FOREIGN KEY (`follower_id`) REFERENCES `users` (`id`) ON DELETE CASCADE,
  ADD CONSTRAINT `copy_trades_ibfk_2` FOREIGN KEY (`trader_id`) REFERENCES `users` (`id`) ON DELETE CASCADE;

--
-- Constraints for table `courses`
--
ALTER TABLE `courses`
  ADD CONSTRAINT `courses_ibfk_1` FOREIGN KEY (`category_id`) REFERENCES `categories` (`id`) ON DELETE CASCADE;

--
-- Constraints for table `crypto_accounts`
--
ALTER TABLE `crypto_accounts`
  ADD CONSTRAINT `crypto_accounts_user_id_foreign` FOREIGN KEY (`user_id`) REFERENCES `users` (`id`) ON DELETE CASCADE;

--
-- Constraints for table `crypto_records`
--
ALTER TABLE `crypto_records`
  ADD CONSTRAINT `crypto_records_user_id_foreign` FOREIGN KEY (`user_id`) REFERENCES `users` (`id`) ON DELETE CASCADE;

--
-- Constraints for table `deposits`
--
ALTER TABLE `deposits`
  ADD CONSTRAINT `deposits_user_id_foreign` FOREIGN KEY (`user_id`) REFERENCES `users` (`id`) ON DELETE CASCADE;

--
-- Constraints for table `kycs`
--
ALTER TABLE `kycs`
  ADD CONSTRAINT `kycs_user_id_foreign` FOREIGN KEY (`user_id`) REFERENCES `users` (`id`) ON DELETE CASCADE;

--
-- Constraints for table `lessons`
--
ALTER TABLE `lessons`
  ADD CONSTRAINT `lessons_ibfk_1` FOREIGN KEY (`course_id`) REFERENCES `courses` (`id`) ON DELETE SET NULL;

--
-- Constraints for table `messages`
--
ALTER TABLE `messages`
  ADD CONSTRAINT `messages_ibfk_1` FOREIGN KEY (`from_user`) REFERENCES `users` (`id`),
  ADD CONSTRAINT `messages_ibfk_2` FOREIGN KEY (`to_user`) REFERENCES `users` (`id`);

--
-- Constraints for table `model_has_permissions`
--
ALTER TABLE `model_has_permissions`
  ADD CONSTRAINT `model_has_permissions_permission_id_foreign` FOREIGN KEY (`permission_id`) REFERENCES `permissions` (`id`) ON DELETE CASCADE;

--
-- Constraints for table `model_has_roles`
--
ALTER TABLE `model_has_roles`
  ADD CONSTRAINT `model_has_roles_role_id_foreign` FOREIGN KEY (`role_id`) REFERENCES `roles` (`id`) ON DELETE CASCADE;

--
-- Constraints for table `rois`
--
ALTER TABLE `rois`
  ADD CONSTRAINT `rois_user_id_foreign` FOREIGN KEY (`user_id`) REFERENCES `users` (`id`) ON DELETE CASCADE,
  ADD CONSTRAINT `rois_user_plan_id_foreign` FOREIGN KEY (`user_plan_id`) REFERENCES `user_plans` (`id`) ON DELETE CASCADE;

--
-- Constraints for table `role_has_permissions`
--
ALTER TABLE `role_has_permissions`
  ADD CONSTRAINT `role_has_permissions_permission_id_foreign` FOREIGN KEY (`permission_id`) REFERENCES `permissions` (`id`) ON DELETE CASCADE,
  ADD CONSTRAINT `role_has_permissions_role_id_foreign` FOREIGN KEY (`role_id`) REFERENCES `roles` (`id`) ON DELETE CASCADE;

--
-- Constraints for table `signals`
--
ALTER TABLE `signals`
  ADD CONSTRAINT `signals_ibfk_1` FOREIGN KEY (`user_id`) REFERENCES `users` (`id`) ON DELETE SET NULL;

--
-- Constraints for table `signal_subscriptions`
--
ALTER TABLE `signal_subscriptions`
  ADD CONSTRAINT `signal_subscriptions_ibfk_1` FOREIGN KEY (`user_id`) REFERENCES `users` (`id`) ON DELETE CASCADE,
  ADD CONSTRAINT `signal_subscriptions_ibfk_2` FOREIGN KEY (`signal_id`) REFERENCES `signals` (`id`) ON DELETE CASCADE;

--
-- Constraints for table `tasks`
--
ALTER TABLE `tasks`
  ADD CONSTRAINT `tasks_user_id_foreign` FOREIGN KEY (`user_id`) REFERENCES `users` (`id`) ON DELETE CASCADE;

--
-- Constraints for table `trades`
--
ALTER TABLE `trades`
  ADD CONSTRAINT `trades_user_id_foreign` FOREIGN KEY (`user_id`) REFERENCES `users` (`id`) ON DELETE CASCADE;

--
-- Constraints for table `trading_accounts`
--
ALTER TABLE `trading_accounts`
  ADD CONSTRAINT `trading_accounts_user_id_foreign` FOREIGN KEY (`user_id`) REFERENCES `users` (`id`) ON DELETE CASCADE;

--
-- Constraints for table `transactions`
--
ALTER TABLE `transactions`
  ADD CONSTRAINT `transactions_user_id_foreign` FOREIGN KEY (`user_id`) REFERENCES `users` (`id`) ON DELETE CASCADE;

--
-- Constraints for table `user_courses`
--
ALTER TABLE `user_courses`
  ADD CONSTRAINT `user_courses_ibfk_1` FOREIGN KEY (`user_id`) REFERENCES `users` (`id`) ON DELETE CASCADE,
  ADD CONSTRAINT `user_courses_ibfk_2` FOREIGN KEY (`course_id`) REFERENCES `courses` (`id`) ON DELETE CASCADE;

--
-- Constraints for table `user_plans`
--
ALTER TABLE `user_plans`
  ADD CONSTRAINT `user_plans_plan_id_foreign` FOREIGN KEY (`plan_id`) REFERENCES `plans` (`id`) ON DELETE CASCADE,
  ADD CONSTRAINT `user_plans_user_id_foreign` FOREIGN KEY (`user_id`) REFERENCES `users` (`id`) ON DELETE CASCADE;

--
-- Constraints for table `withdrawals`
--
ALTER TABLE `withdrawals`
  ADD CONSTRAINT `withdrawals_user_id_foreign` FOREIGN KEY (`user_id`) REFERENCES `users` (`id`) ON DELETE CASCADE;
COMMIT;

